{"id":1925,"date":"2024-08-06T13:18:25","date_gmt":"2024-08-06T16:18:25","guid":{"rendered":"https:\/\/techno-rc.com.ar\/tienda\/?post_type=product&#038;p=1925"},"modified":"2025-06-28T19:39:40","modified_gmt":"2025-06-28T22:39:40","slug":"escaner-epson-ds-530-ii","status":"publish","type":"product","link":"https:\/\/techno-rc.com.ar\/tienda\/producto\/escaner-epson-ds-530-ii\/","title":{"rendered":"ESCANER EPSON DS-530 II"},"content":{"rendered":"<section class=\"row\">\n<div class=\"simple-responsive-banner-component module-overview-list container-fluid container-main-content__aligned product-details\">\n<div class=\"module-content pdp-container-v3\">\n<h3 class=\"head-line\">El esc\u00e1ner a color r\u00e1pido y confiable para una gesti\u00f3n de documentos eficiente<\/h3>\n<p><span class=\"sub-desc\">El esc\u00e1ner de documentos d\u00faplex a color DS-530 II es la opci\u00f3n inteligente para la gesti\u00f3n de documentos empresariales, ya que ofrece un rendimiento r\u00e1pido y eficiente. Con velocidades de hasta 35 ppm \/ 70 ipm<sup>1<\/sup>, este potente y compacto rendimiento ofrece un ciclo de trabajo m\u00e1ximo diario de hasta 4.000 hojas<sup>2<\/sup>\u00a0e incluye controladores TWAIN e ISIS\u00ae para una integraci\u00f3n perfecta con la mayor\u00eda de los sistemas de gesti\u00f3n de documentos existentes. Las tecnolog\u00edas avanzadas de alimentaci\u00f3n de papel, como la eliminaci\u00f3n de p\u00e1ginas en blanco, la rotaci\u00f3n autom\u00e1tica, el recorte autom\u00e1tico, la detecci\u00f3n de suciedad y la protecci\u00f3n del papel, ayudan a mejorar la productividad, mientras que un alimentador autom\u00e1tico de documentos de 50 p\u00e1ginas ahorra tiempo.<\/span><\/div>\n<\/div>\n<\/section>\n<div class=\"row\">\n<div class=\"simple-responsive-banner-component module-overview-list container-fluid container-main-content__aligned \">\n<div class=\"module-content\">\n<div class=\"category-item\">\n<p><strong>Velocidades de escaneo r\u00e1pidas de un l\u00edder en tecnolog\u00eda de captura de im\u00e1genes:<\/strong>\u00a0hasta 35 ppm\/70 ipm\u00b9; escaneo a dos caras en una sola pasada.<\/p>\n<p><strong>Escaneo f\u00e1cil y r\u00e1pido de pilas de documentos:<\/strong>\u00a0dise\u00f1o robusto con alimentador autom\u00e1tico de documentos (ADF) de 50 p\u00e1ginas.<\/p>\n<p>Dise\u00f1ado para ser confiable: las caracter\u00edsticas mejoradas incluyen el modo de velocidad lenta, trabajos programables y un ciclo de trabajo m\u00e1ximo diario de hasta 4.000 hojas\u00b2.<\/p>\n<p><strong>Compatibilidad perfecta con la mayor\u00eda de los sistemas de gesti\u00f3n de documentos:<\/strong>\u00a0compatibilidad insuperable que incluye controladores TWAIN\u00ae e ISIS para una f\u00e1cil integraci\u00f3n con el software existente.<\/p>\n<p><strong>Rendimiento y productividad de clase mundial:<\/strong>\u00a0tecnolog\u00eda \u00fanica que incluye eliminaci\u00f3n de p\u00e1ginas en blanco, rotaci\u00f3n autom\u00e1tica, recorte autom\u00e1tico, correcci\u00f3n din\u00e1mica de sesgo, detecci\u00f3n de suciedad, detecci\u00f3n de doble alimentaci\u00f3n y protecci\u00f3n del papel.<\/p>\n<p><strong>F\u00e1cil para compartir y colaborar:<\/strong>\u00a0env\u00ede por correo electr\u00f3nico o cargue en servicios populares de almacenamiento en la nube como Google Drive&#x2122;, Evernote\u00ae, SharePoint\u00ae y m\u00e1s con el software Epson Document Capture Pro\u00ae.<\/p>\n<p><strong>Generaci\u00f3n de archivos PDF editables y con capacidad de b\u00fasqueda:<\/strong>\u00a0escanee a archivos Word\u00ae, PowerPoint\u00ae y Excel\u00ae editables o archivos PDF con capacidad de b\u00fasqueda con el software de reconocimiento de caracteres (OCR) incluido.<\/p>\n<p><strong>Manejo vers\u00e1til del papel:<\/strong>\u00a0escanee pilas de tarjetas comerciales y de identificaci\u00f3n, hojas sueltas, p\u00e1ginas extralargas de hasta 610 cm (240&#8243;) y p\u00e1ginas dobladas de hasta 27,9 cm x 43,2 cm (11&#8243; x 17&#8243;)3.<\/p>\n<p><strong>Automatice tareas f\u00e1cilmente:<\/strong>\u00a0incluye el robusto software Epson Document Capture Pro\u00ae para crear y administrar f\u00e1cilmente trabajos de escaneo.<\/p>\n<\/div>\n<\/div>\n<\/div>\n<\/div>\n","protected":false},"excerpt":{"rendered":"<p>El esc\u00e1ner a color r\u00e1pido y confiable para una gesti\u00f3n de documentos eficiente El esc\u00e1ner de documentos d\u00faplex a color DS-530 II es la opci\u00f3n inteligente para la gesti\u00f3n de documentos empresariales, ya que ofrece un rendimiento r\u00e1pido y eficiente. Con velocidades de hasta 35 ppm \/ 70 ipm1, este potente y compacto rendimiento ofrece &hellip;<\/p>\n<p class=\"read-more\"> <a class=\" thunk-readmore button \" href=\"https:\/\/techno-rc.com.ar\/tienda\/producto\/escaner-epson-ds-530-ii\/\"> <span class=\"screen-reader-text\">ESCANER EPSON DS-530 II<\/span>Leer m\u00e1s<\/a><\/p>\n","protected":false},"featured_media":1926,"comment_status":"closed","ping_status":"closed","template":"","meta":{"advanced_seo_description":"","jetpack_seo_html_title":"","jetpack_seo_noindex":false,"_joinchat":[]},"product_brand":[],"product_cat":[20],"product_tag":[],"class_list":{"0":"post-1925","1":"product","2":"type-product","3":"status-publish","4":"has-post-thumbnail","6":"product_cat-escaner","7":"thunk-woo-product-list","8":"opn-qv-enable","9":"open-woo-hover-none","10":"open-single-product-tab-horizontal","11":"open-shadow-","12":"open-shadow-hover-","14":"first","15":"instock","16":"taxable","17":"shipping-taxable","18":"purchasable","19":"product-type-simple"},"jetpack_sharing_enabled":true,"_links":{"self":[{"href":"https:\/\/techno-rc.com.ar\/tienda\/wp-json\/wp\/v2\/product\/1925","targetHints":{"allow":["GET"]}}],"collection":[{"href":"https:\/\/techno-rc.com.ar\/tienda\/wp-json\/wp\/v2\/product"}],"about":[{"href":"https:\/\/techno-rc.com.ar\/tienda\/wp-json\/wp\/v2\/types\/product"}],"replies":[{"embeddable":true,"href":"https:\/\/techno-rc.com.ar\/tienda\/wp-json\/wp\/v2\/comments?post=1925"}],"wp:featuredmedia":[{"embeddable":true,"href":"https:\/\/techno-rc.com.ar\/tienda\/wp-json\/wp\/v2\/media\/1926"}],"wp:attachment":[{"href":"https:\/\/techno-rc.com.ar\/tienda\/wp-json\/wp\/v2\/media?parent=1925"}],"wp:term":[{"taxonomy":"product_brand","embeddable":true,"href":"https:\/\/techno-rc.com.ar\/tienda\/wp-json\/wp\/v2\/product_brand?post=1925"},{"taxonomy":"product_cat","embeddable":true,"href":"https:\/\/techno-rc.com.ar\/tienda\/wp-json\/wp\/v2\/product_cat?post=1925"},{"taxonomy":"product_tag","embeddable":true,"href":"https:\/\/techno-rc.com.ar\/tienda\/wp-json\/wp\/v2\/product_tag?post=1925"}],"curies":[{"name":"wp","href":"https:\/\/api.w.org\/{rel}","templated":true}]}}