{"id":1950,"date":"2024-08-06T13:18:26","date_gmt":"2024-08-06T16:18:26","guid":{"rendered":"https:\/\/techno-rc.com.ar\/tienda\/?post_type=product&#038;p=1950"},"modified":"2025-06-30T16:32:38","modified_gmt":"2025-06-30T19:32:38","slug":"multifuncion-epson-ecotank-l6490-color","status":"publish","type":"product","link":"https:\/\/techno-rc.com.ar\/tienda\/producto\/multifuncion-epson-ecotank-l6490-color\/","title":{"rendered":"MULTIFUNCION EPSON ECOTANK L6490 COLOR"},"content":{"rendered":"<h2 class=\"ui-pdp-description__title\">Descripci\u00f3n<\/h2>\n<p class=\"ui-pdp-description__content\">Impresora Multifunciom COLOR EPSON ECOTANK L6490 con wifi y duplex auomatico.<\/p>\n<p>Incluye Kit De Tintas Iniciales.<\/p>\n<p>Impresora 4-en-1, con Wireless\/Ethernet: Imprime\/Copia\/Escanea\/Fax.<\/p>\n<p><!--more--><\/p>\n<p>La impresora multifuncional EcoTank L6490 tiene un dise\u00f1o compacto para impresiones r\u00e1pidas y a bajo costo con menos intervenciones y tiempo de inactividad.<\/p>\n<p>Cuenta con capacidad de hasta 250 hojas en las dos bandejas frontales con botellas de reemplazo de tinta que permiten imprimir hasta 7.500 p\u00e1ginas ISO (negro) y hasta 6.000 p\u00e1ginas ISO (color).<\/p>\n<p>La L6490 tiene un ciclo de trabajo mensual de hasta 1.500 p\u00e1ginas al mes y un ciclo de trabajo m\u00e1ximo de hasta 20.000 p\u00e1ginas al mes.<\/p>\n<p>Impresiones r\u00e1pidas: velocidad de impresi\u00f3n r\u00e1pida de 17 ppm (p\u00e1ginas por minuto) ISO en negro y sin tiempo de calentamiento para una salida r\u00e1pida de la primera p\u00e1gina gracias a PrecisionCore Heat-Free Technology\u2122.<\/p>\n<p>Ahorre y maximice la productividad: con botellas de tinta de reemplazo a bajo costo de hasta 7.500 p\u00e1ginas en negro\/6.000 en color maximice su tiempo de actividad.<\/p>\n<p>Dise\u00f1o compacto y elegante: dise\u00f1o compacto y botellas EcoFit\u2122, sistema inteligente de botellas codificadas y con llenado autom\u00e1tico para no generar derrames.<\/p>\n<p>Alta calidad de impresi\u00f3n: tintas DURABrite\u00ae Ultra ET de pigmento para obtener textos n\u00edtidos y gr\u00e1ficos vibrantes tanto en blanco y negro como en color. Impresiones sin bordes hasta tama\u00f1o legal.<\/p>\n<p>Gran versatilidad de funciones: con capacidad de fax, ADF, impresi\u00f3n autom\u00e1tica a doble cara, bandeja de papel de 250 hojas, pantalla t\u00e1ctil a color de 2,4\u201d, Ethernet y dise\u00f1o de salida boca abajo para mayor productividad y privacidad.<\/p>\n<p>Conectividad a la red segura y sencilla: funciones de seguridad integradas de Epson para proteger sus datos. Con\u00e9ctese con Wi-Fi\u00ae3, Wi-Fi Direct\u00ae e impresi\u00f3n activada por voz.<\/p>\n<p>Funciona con Apple Airprint, Ethernet y WIFI<\/p>\n<p>Tintas:<br \/>\nNegro T524120-AL rinde 7.500 paginas<br \/>\nCyan T524220-AL rinde 6.000 paginas<br \/>\nMagenta T524320-AL rinde 6.000 paginas<br \/>\nAmarillo T524420-AL rinde 6.000 paginas<\/p>\n<p>&nbsp;<\/p>\n<p><a href=\"https:\/\/techno-rc.com.ar\/tienda\/wp-content\/uploads\/2025\/06\/L6490_brochure.pdf\">Descargar Brochure<\/a><\/p>\n","protected":false},"excerpt":{"rendered":"<p>Descripci\u00f3n Impresora Multifunciom COLOR EPSON ECOTANK L6490 con wifi y duplex auomatico. Incluye Kit De Tintas Iniciales. Impresora 4-en-1, con Wireless\/Ethernet: Imprime\/Copia\/Escanea\/Fax.<\/p>\n","protected":false},"featured_media":1951,"comment_status":"closed","ping_status":"closed","template":"","meta":{"advanced_seo_description":"","jetpack_seo_html_title":"","jetpack_seo_noindex":false,"_joinchat":[]},"product_brand":[28],"product_cat":[19],"product_tag":[],"class_list":{"0":"post-1950","1":"product","2":"type-product","3":"status-publish","4":"has-post-thumbnail","6":"product_brand-epson","7":"product_cat-multifunciones-monocromaticas","8":"thunk-woo-product-list","9":"opn-qv-enable","10":"open-woo-hover-none","11":"open-single-product-tab-horizontal","12":"open-shadow-","13":"open-shadow-hover-","15":"first","16":"instock","17":"taxable","18":"shipping-taxable","19":"purchasable","20":"product-type-simple"},"jetpack_sharing_enabled":true,"_links":{"self":[{"href":"https:\/\/techno-rc.com.ar\/tienda\/wp-json\/wp\/v2\/product\/1950","targetHints":{"allow":["GET"]}}],"collection":[{"href":"https:\/\/techno-rc.com.ar\/tienda\/wp-json\/wp\/v2\/product"}],"about":[{"href":"https:\/\/techno-rc.com.ar\/tienda\/wp-json\/wp\/v2\/types\/product"}],"replies":[{"embeddable":true,"href":"https:\/\/techno-rc.com.ar\/tienda\/wp-json\/wp\/v2\/comments?post=1950"}],"wp:featuredmedia":[{"embeddable":true,"href":"https:\/\/techno-rc.com.ar\/tienda\/wp-json\/wp\/v2\/media\/1951"}],"wp:attachment":[{"href":"https:\/\/techno-rc.com.ar\/tienda\/wp-json\/wp\/v2\/media?parent=1950"}],"wp:term":[{"taxonomy":"product_brand","embeddable":true,"href":"https:\/\/techno-rc.com.ar\/tienda\/wp-json\/wp\/v2\/product_brand?post=1950"},{"taxonomy":"product_cat","embeddable":true,"href":"https:\/\/techno-rc.com.ar\/tienda\/wp-json\/wp\/v2\/product_cat?post=1950"},{"taxonomy":"product_tag","embeddable":true,"href":"https:\/\/techno-rc.com.ar\/tienda\/wp-json\/wp\/v2\/product_tag?post=1950"}],"curies":[{"name":"wp","href":"https:\/\/api.w.org\/{rel}","templated":true}]}}