{"id":2468,"date":"2025-04-25T11:12:25","date_gmt":"2025-04-25T14:12:25","guid":{"rendered":"https:\/\/techno-rc.com.ar\/tienda\/?post_type=product&#038;p=2468"},"modified":"2025-06-28T19:37:28","modified_gmt":"2025-06-28T22:37:28","slug":"jupiter-series-tws-earphones-azul-claro","status":"publish","type":"product","link":"https:\/\/techno-rc.com.ar\/tienda\/producto\/jupiter-series-tws-earphones-azul-claro\/","title":{"rendered":"Jupiter Series TWS Earphones \u2013 Azul Claro"},"content":{"rendered":"<div class=\" elementor-element elementor-element-0e4e5b0 elementor-widget elementor-widget-riode_sproduct_data_tab\" data-id=\"0e4e5b0\" data-element_type=\"widget\" data-widget_type=\"riode_sproduct_data_tab.default\">\n<div class=\"elementor-widget-container\">\n<div class=\"woocommerce-tabs wc-tabs-wrapper tab tab-nav-simple tab-nav-center\">\n<div id=\"tab-description\" class=\"woocommerce-Tabs-panel woocommerce-Tabs-panel--description panel entry-content wc-tab tab-pane\" role=\"tabpanel\" aria-labelledby=\"tab-title-description\">\n<div class=\"row mt-6\">\n<div class=\"col-md-6\">\n<h5 class=\"mb-4\">Caracter\u00edsticas<\/h5>\n<p class=\"mb-2\">Los Jupiter Series TWS Earphones ofrecen una experiencia de audio de alta calidad con conectividad TWS, permitiendo hasta 16 horas de reproducci\u00f3n continua. Con una funda de carga compacta y conexi\u00f3n Bluetooth 5.3, estos auriculares son perfectos para el uso diario. Adem\u00e1s, incluyen diferentes tama\u00f1os de tapas de o\u00eddo para un ajuste perfecto y c\u00f3modo durante todo el d\u00eda.<\/p>\n<ul>\n<li>Est\u00e9reo inal\u00e1mbrico verdadero (TWS)<\/li>\n<li>Hasta 16 horas de reproducci\u00f3n<\/li>\n<li>Llamadas manos libres<\/li>\n<\/ul>\n<h5 class=\"mb-3\">Specifications<\/h5>\n<ul>\n<li>\n<h5>Bluetooth:<\/h5>\n<table class=\"table spec-table\">\n<tbody>\n<tr>\n<th>Versi\u00f3n<\/th>\n<td>V5.3<\/td>\n<\/tr>\n<tr>\n<th>Chipset<\/th>\n<td>JL 7023<\/td>\n<\/tr>\n<tr>\n<th>Perfiles<\/th>\n<td>A2DP, HFP, HSP, AVRCP<\/td>\n<\/tr>\n<tr>\n<th>Distancia<\/th>\n<td>Hasta 10 m<\/td>\n<\/tr>\n<\/tbody>\n<\/table>\n<\/li>\n<li>\n<h5>Funda de Carga:<\/h5>\n<table class=\"table spec-table\">\n<tbody>\n<tr>\n<th>Bater\u00eda<\/th>\n<td>300 mAh<\/td>\n<\/tr>\n<tr>\n<th>N\u00famero de Cargas<\/th>\n<td>3<\/td>\n<\/tr>\n<tr>\n<th>Tiempo de Carga<\/th>\n<td>1.5 Horas<\/td>\n<\/tr>\n<tr>\n<th>Entrada de Carga<\/th>\n<td>DC 5 V \/ 500 mA<\/td>\n<\/tr>\n<tr>\n<th>Tipo de Puerto de Carga<\/th>\n<td>Tipo-C<\/td>\n<\/tr>\n<\/tbody>\n<\/table>\n<\/li>\n<\/ul>\n<\/div>\n<div class=\"col-md-6 pl-md-6\">\n<div class=\"d-flex flex-wrap\">\n<div class=\"icon-box icon-box-side icon-border mb-4 mr-5\">\n<div class=\"icon-box-icon mr-4\">\n<p>&nbsp;<\/p>\n<p>&nbsp;<\/p>\n<p>&nbsp;<\/p>\n<\/div>\n<div class=\"icon-box-content\">\n<h4 class=\"icon-box-title text-normal lh-1 pt-3 ls-s\">1 a\u00f1o de garantia<\/h4>\n<p class=\"icon-box-desc mb-0\">Garantia de verdad<\/p>\n<p>&nbsp;<\/p>\n<\/div>\n<p>&nbsp;<\/p>\n<\/div>\n<p>&nbsp;<\/p>\n<\/div>\n<p>&nbsp;<\/p>\n<\/div>\n<\/div>\n<\/div>\n<\/div>\n<\/div>\n<\/div>\n<div class=\" elementor-element elementor-element-5a055d3 elementor-widget elementor-widget-riode_widget_heading\" data-id=\"5a055d3\" data-element_type=\"widget\" data-widget_type=\"riode_widget_heading.default\">\n<div class=\"elementor-widget-container\">\n<div class=\"title-wrapper title-cross title-center\"><\/div>\n<\/div>\n<\/div>\n","protected":false},"excerpt":{"rendered":"<p>Caracter\u00edsticas Los Jupiter Series TWS Earphones ofrecen una experiencia de audio de alta calidad con conectividad TWS, permitiendo hasta 16 horas de reproducci\u00f3n continua. Con una funda de carga compacta y conexi\u00f3n Bluetooth 5.3, estos auriculares son perfectos para el uso diario. Adem\u00e1s, incluyen diferentes tama\u00f1os de tapas de o\u00eddo para un ajuste perfecto y [&hellip;]<\/p>\n","protected":false},"featured_media":2469,"comment_status":"open","ping_status":"closed","template":"","meta":{"advanced_seo_description":"","jetpack_seo_html_title":"","jetpack_seo_noindex":false,"_joinchat":[]},"product_brand":[],"product_cat":[106,33,36],"product_tag":[],"class_list":{"0":"post-2468","1":"product","2":"type-product","3":"status-publish","4":"has-post-thumbnail","6":"product_cat-earphones","7":"product_cat-insformatica","8":"product_cat-linea-volkano","10":"first","11":"instock","12":"taxable","13":"shipping-taxable","14":"purchasable","15":"product-type-simple"},"jetpack_sharing_enabled":true,"_links":{"self":[{"href":"https:\/\/techno-rc.com.ar\/tienda\/wp-json\/wp\/v2\/product\/2468","targetHints":{"allow":["GET"]}}],"collection":[{"href":"https:\/\/techno-rc.com.ar\/tienda\/wp-json\/wp\/v2\/product"}],"about":[{"href":"https:\/\/techno-rc.com.ar\/tienda\/wp-json\/wp\/v2\/types\/product"}],"replies":[{"embeddable":true,"href":"https:\/\/techno-rc.com.ar\/tienda\/wp-json\/wp\/v2\/comments?post=2468"}],"wp:featuredmedia":[{"embeddable":true,"href":"https:\/\/techno-rc.com.ar\/tienda\/wp-json\/wp\/v2\/media\/2469"}],"wp:attachment":[{"href":"https:\/\/techno-rc.com.ar\/tienda\/wp-json\/wp\/v2\/media?parent=2468"}],"wp:term":[{"taxonomy":"product_brand","embeddable":true,"href":"https:\/\/techno-rc.com.ar\/tienda\/wp-json\/wp\/v2\/product_brand?post=2468"},{"taxonomy":"product_cat","embeddable":true,"href":"https:\/\/techno-rc.com.ar\/tienda\/wp-json\/wp\/v2\/product_cat?post=2468"},{"taxonomy":"product_tag","embeddable":true,"href":"https:\/\/techno-rc.com.ar\/tienda\/wp-json\/wp\/v2\/product_tag?post=2468"}],"curies":[{"name":"wp","href":"https:\/\/api.w.org\/{rel}","templated":true}]}}