{"id":2584,"date":"2025-04-29T16:32:48","date_gmt":"2025-04-29T19:32:48","guid":{"rendered":"https:\/\/techno-rc.com.ar\/tienda\/?post_type=product&#038;p=2584"},"modified":"2025-06-28T19:35:56","modified_gmt":"2025-06-28T22:35:56","slug":"volkano-x-vxt200s-true-wireless-earphones-con-anc-negro","status":"publish","type":"product","link":"https:\/\/techno-rc.com.ar\/tienda\/producto\/volkano-x-vxt200s-true-wireless-earphones-con-anc-negro\/","title":{"rendered":"Volkano X VXT200S True Wireless Earphones con ANC &#8211; Negro"},"content":{"rendered":"<div class=\" elementor-element elementor-element-0e4e5b0 elementor-widget elementor-widget-riode_sproduct_data_tab\" data-id=\"0e4e5b0\" data-element_type=\"widget\" data-widget_type=\"riode_sproduct_data_tab.default\">\n<div class=\"elementor-widget-container\">\n<div class=\"woocommerce-tabs wc-tabs-wrapper tab tab-nav-simple tab-nav-center\">\n<div id=\"tab-description\" class=\"woocommerce-Tabs-panel woocommerce-Tabs-panel--description panel entry-content wc-tab tab-pane\" role=\"tabpanel\" aria-labelledby=\"tab-title-description\">\n<div class=\"row mt-6\">\n<div class=\"col-md-6\">\n<h5 class=\"mb-4\">Caracter\u00edsticas<\/h5>\n<p class=\"mb-2\">Disfruta de un sonido premium con los VolkanoX VXT200S True Wireless Earphones, dise\u00f1ados con tecnolog\u00eda avanzada de Bluetooth y Cancelaci\u00f3n de Ruido H\u00edbrida. Equipados con 6 micr\u00f3fonos integrados, ofrecen llamadas claras y un rendimiento superior en ambientes ruidosos. Su dise\u00f1o compacto y elegante, disponible en blanco y negro, incluye un estuche de carga con bater\u00eda de larga duraci\u00f3n, proporcionando hasta 30 horas de uso continuo. Ideales para quienes buscan comodidad, estilo y una experiencia auditiva envolvente.<\/p>\n<ul class=\"list-type-none list-type-check mt-0 mb-8\">\n<li>Cancelaci\u00f3n de Ruido H\u00edbrida<\/li>\n<li>Cancelaci\u00f3n de Ruido Ambiental<\/li>\n<li>6 Micr\u00f3fonos Integrados<\/li>\n<li>Hasta 30 horas de reproducci\u00f3n<\/li>\n<\/ul>\n<h5 class=\"mb-3\">Contenido del paquete<\/h5>\n<ul class=\"list-type-none list-type-check mt-0 mb-8\">\n<li>Aud\u00edfonos inal\u00e1mbricos VolkanoX VXT200S con cancelaci\u00f3n de ruido h\u00edbrida<\/li>\n<li>Almohadillas de repuesto<\/li>\n<li>Cable de carga USB-C<\/li>\n<li>Manual de usuario<\/li>\n<\/ul>\n<h5 class=\"mb-3\">Especificaciones<\/h5>\n<table class=\"table\">\n<tbody>\n<tr>\n<th class=\"font-primary font-weight-semi-bold text-dark pl-0\" scope=\"row\">Versi\u00f3n Bluetooth<\/th>\n<td class=\"pl-4\">V5.4<\/td>\n<\/tr>\n<tr>\n<th class=\"font-primary font-weight-semi-bold text-dark pl-0\" scope=\"row\">Chipset<\/th>\n<td class=\"pl-4\">JL7016<\/td>\n<\/tr>\n<tr>\n<th class=\"font-primary font-weight-semi-bold text-dark pl-0\" scope=\"row\">Perfiles<\/th>\n<td class=\"pl-4\">HSP, HFP, A2DP, AVRCP<\/td>\n<\/tr>\n<tr>\n<th class=\"font-primary font-weight-semi-bold text-dark pl-0\" scope=\"row\">Distancia<\/th>\n<td class=\"pl-4\">Hasta 15 m<\/td>\n<\/tr>\n<tr>\n<th class=\"font-primary font-weight-semi-bold text-dark pl-0\" scope=\"row\">Bater\u00eda del estuche<\/th>\n<td class=\"pl-4\">ST 701245, 380 mAh, 3.7V, 1.41Wh<\/td>\n<\/tr>\n<tr>\n<th class=\"font-primary font-weight-semi-bold text-dark pl-0\" scope=\"row\">Cantidad de recargas<\/th>\n<td class=\"pl-4\">3.5 veces<\/td>\n<\/tr>\n<tr>\n<th class=\"font-primary font-weight-semi-bold text-dark pl-0\" scope=\"row\">Tiempo de carga<\/th>\n<td class=\"pl-4\">50 minutos<\/td>\n<\/tr>\n<tr>\n<th class=\"font-primary font-weight-semi-bold text-dark pl-0\" scope=\"row\">Entrada de carga<\/th>\n<td class=\"pl-4\">DC 5 V, 380 mA<\/td>\n<\/tr>\n<tr>\n<th class=\"font-primary font-weight-semi-bold text-dark pl-0\" scope=\"row\">Puerto de carga<\/th>\n<td class=\"pl-4\">USB-C<\/td>\n<\/tr>\n<tr>\n<th class=\"font-primary font-weight-semi-bold text-dark pl-0\" scope=\"row\">Bater\u00eda de los aud\u00edfonos<\/th>\n<td class=\"pl-4\">ST 501010, 3.7V, 0.15Wh, 40 mAh<\/td>\n<\/tr>\n<tr>\n<th class=\"font-primary font-weight-semi-bold text-dark pl-0\" scope=\"row\">Tiempo de reproducci\u00f3n<\/th>\n<td class=\"pl-4\">6 horas (50% volumen, ANC activado)<br \/>\n6.5 horas (50% volumen, ANC desactivado)<br \/>\n5 \u2013 5.5 horas (100% volumen, ANC activado)<br \/>\n6 \u2013 6.5 horas (100% volumen, ANC desactivado)<\/td>\n<\/tr>\n<tr>\n<th class=\"font-primary font-weight-semi-bold text-dark pl-0\" scope=\"row\">Sensibilidad<\/th>\n<td class=\"pl-4\">98 dB<\/td>\n<\/tr>\n<tr>\n<th class=\"font-primary font-weight-semi-bold text-dark pl-0\" scope=\"row\">Tama\u00f1o del driver<\/th>\n<td class=\"pl-4\">10 mm<\/td>\n<\/tr>\n<tr>\n<th class=\"font-primary font-weight-semi-bold text-dark pl-0\" scope=\"row\">Impedancia<\/th>\n<td class=\"pl-4\">32 \u03a9<\/td>\n<\/tr>\n<tr>\n<th class=\"font-primary font-weight-semi-bold text-dark pl-0\" scope=\"row\">Respuesta de frecuencia<\/th>\n<td class=\"pl-4\">20 Hz \u2013 20 kHz<\/td>\n<\/tr>\n<tr>\n<th class=\"font-primary font-weight-semi-bold text-dark pl-0\" scope=\"row\">Clasificaci\u00f3n IP<\/th>\n<td class=\"pl-4\">IPX4<\/td>\n<\/tr>\n<\/tbody>\n<\/table>\n<\/div>\n<div class=\"col-md-6 pl-md-6\">\n<div class=\"d-flex flex-wrap\">\n<div class=\"icon-box icon-box-side icon-border mb-4 mr-5\">\n<div class=\"icon-box-icon mr-4\"><\/div>\n<div class=\"icon-box-content\">\n<h4 class=\"icon-box-title text-normal lh-1 pt-3 ls-s\">1 a\u00f1o de garant\u00eda<\/h4>\n<p class=\"icon-box-desc mb-0\">Garant\u00eda de calidad<\/p>\n<p>&nbsp;<\/p>\n<\/div>\n<p>&nbsp;<\/p>\n<\/div>\n<p>&nbsp;<\/p>\n<\/div>\n<p>&nbsp;<\/p>\n<\/div>\n<\/div>\n<\/div>\n<\/div>\n<\/div>\n<\/div>\n<div class=\" elementor-element elementor-element-5a055d3 elementor-widget elementor-widget-riode_widget_heading\" data-id=\"5a055d3\" data-element_type=\"widget\" data-widget_type=\"riode_widget_heading.default\">\n<div class=\"elementor-widget-container\">\n<div class=\"title-wrapper title-cross title-center\"><\/div>\n<\/div>\n<\/div>\n","protected":false},"excerpt":{"rendered":"<p>Caracter\u00edsticas Disfruta de un sonido premium con los VolkanoX VXT200S True Wireless Earphones, dise\u00f1ados con tecnolog\u00eda avanzada de Bluetooth y Cancelaci\u00f3n de Ruido H\u00edbrida. Equipados con 6 micr\u00f3fonos integrados, ofrecen llamadas claras y un rendimiento superior en ambientes ruidosos. Su dise\u00f1o compacto y elegante, disponible en blanco y negro, incluye un estuche de carga con [&hellip;]<\/p>\n","protected":false},"featured_media":2589,"comment_status":"open","ping_status":"closed","template":"","meta":{"advanced_seo_description":"","jetpack_seo_html_title":"","jetpack_seo_noindex":false,"_joinchat":[]},"product_brand":[],"product_cat":[38,106,33,36],"product_tag":[],"class_list":{"0":"post-2584","1":"product","2":"type-product","3":"status-publish","4":"has-post-thumbnail","6":"product_cat-auriculares","7":"product_cat-earphones","8":"product_cat-insformatica","9":"product_cat-linea-volkano","11":"first","12":"instock","13":"taxable","14":"shipping-taxable","15":"purchasable","16":"product-type-simple"},"jetpack_sharing_enabled":true,"_links":{"self":[{"href":"https:\/\/techno-rc.com.ar\/tienda\/wp-json\/wp\/v2\/product\/2584","targetHints":{"allow":["GET"]}}],"collection":[{"href":"https:\/\/techno-rc.com.ar\/tienda\/wp-json\/wp\/v2\/product"}],"about":[{"href":"https:\/\/techno-rc.com.ar\/tienda\/wp-json\/wp\/v2\/types\/product"}],"replies":[{"embeddable":true,"href":"https:\/\/techno-rc.com.ar\/tienda\/wp-json\/wp\/v2\/comments?post=2584"}],"wp:featuredmedia":[{"embeddable":true,"href":"https:\/\/techno-rc.com.ar\/tienda\/wp-json\/wp\/v2\/media\/2589"}],"wp:attachment":[{"href":"https:\/\/techno-rc.com.ar\/tienda\/wp-json\/wp\/v2\/media?parent=2584"}],"wp:term":[{"taxonomy":"product_brand","embeddable":true,"href":"https:\/\/techno-rc.com.ar\/tienda\/wp-json\/wp\/v2\/product_brand?post=2584"},{"taxonomy":"product_cat","embeddable":true,"href":"https:\/\/techno-rc.com.ar\/tienda\/wp-json\/wp\/v2\/product_cat?post=2584"},{"taxonomy":"product_tag","embeddable":true,"href":"https:\/\/techno-rc.com.ar\/tienda\/wp-json\/wp\/v2\/product_tag?post=2584"}],"curies":[{"name":"wp","href":"https:\/\/api.w.org\/{rel}","templated":true}]}}