{"id":2627,"date":"2025-04-29T16:06:48","date_gmt":"2025-04-29T19:06:48","guid":{"rendered":"https:\/\/techno-rc.com.ar\/tienda\/?post_type=product&#038;p=2627"},"modified":"2025-06-28T19:35:58","modified_gmt":"2025-06-28T22:35:58","slug":"sidekick-series-auriculares-con-cable-para-ninos-con-puerto-compartido-rosa-y-celeste","status":"publish","type":"product","link":"https:\/\/techno-rc.com.ar\/tienda\/producto\/sidekick-series-auriculares-con-cable-para-ninos-con-puerto-compartido-rosa-y-celeste\/","title":{"rendered":"Sidekick Series Auriculares con cable para ni\u00f1os con puerto compartido. Rosa y Celeste"},"content":{"rendered":"<div class=\"col-md-6\">\n<h5 class=\"mb-4\">Caracter\u00edsticas<\/h5>\n<p class=\"mb-2\">Los Sidekick Series Auriculares con cable para ni\u00f1os con puerto compartido son la elecci\u00f3n perfecta para los m\u00e1s peque\u00f1os. Con un dise\u00f1o personalizado y materiales duraderos, estos auriculares ofrecen un ajuste c\u00f3modo y seguro. Incluyen un puerto para compartir m\u00fasica, permitiendo a los ni\u00f1os disfrutar de sus canciones favoritas junto a sus amigos. Adem\u00e1s, cuentan con un limitador de volumen para proteger la audici\u00f3n.<\/p>\n<ul class=\"list-type-none list-type-check mt-0 mb-8\">\n<li>Compartir m\u00fasica<\/li>\n<li>Limitador de volumen<\/li>\n<li>Dise\u00f1o personalizado<\/li>\n<li>Ajuste c\u00f3modo<\/li>\n<li>Material duradero<\/li>\n<\/ul>\n<h5 class=\"mb-3\">Especificaciones<\/h5>\n<ul>\n<li style=\"list-style-type: none\">\n<ul>\n<li>\n<h5>Especificaciones<\/h5>\n<\/li>\n<\/ul>\n<\/li>\n<\/ul>\n<table class=\"table spec-table\">\n<tbody>\n<tr>\n<th>Impedancia<\/th>\n<td>32 \u03a9<\/td>\n<\/tr>\n<tr>\n<th>Rango de Frecuencia<\/th>\n<td>20 Hz \u2013 20 kHz<\/td>\n<\/tr>\n<tr>\n<th>Sensibilidad<\/th>\n<td>85 \u00b1 3 dB<\/td>\n<\/tr>\n<tr>\n<th>Tama\u00f1o del Driver<\/th>\n<td>30 mm \/ 1.18 in<\/td>\n<\/tr>\n<tr>\n<th>Longitud del Cable<\/th>\n<td>1.2 m \/ 4 ft<\/td>\n<\/tr>\n<tr>\n<th>Tama\u00f1o del Producto<\/th>\n<td>146 x 158 x 60 mm \/ 5.75 x 6.22 x 2.36 in<\/td>\n<\/tr>\n<\/tbody>\n<\/table>\n<\/div>\n<div class=\"col-md-6 pl-md-6\">\n<div class=\"d-flex flex-wrap\">\n<div class=\"icon-box icon-box-side icon-border mb-4 mr-5\">\n<div class=\"icon-box-icon mr-4\">\n<p>&nbsp;<\/p>\n<p>&nbsp;<\/p>\n<p>&nbsp;<\/p>\n<\/div>\n<div class=\"icon-box-content\">\n<h4 class=\"icon-box-title text-normal lh-1 pt-3 ls-s\">1 a\u00f1o de garantia<\/h4>\n<p class=\"icon-box-desc mb-0\">Garantia de verdad<\/p>\n<p>&nbsp;<\/p>\n<\/div>\n<p>&nbsp;<\/p>\n<\/div>\n<\/div>\n<\/div>\n","protected":false},"excerpt":{"rendered":"<p>Caracter\u00edsticas Los Sidekick Series Auriculares con cable para ni\u00f1os con puerto compartido son la elecci\u00f3n perfecta para los m\u00e1s peque\u00f1os. Con un dise\u00f1o personalizado y materiales duraderos, estos auriculares ofrecen un ajuste c\u00f3modo y seguro. Incluyen un puerto para compartir m\u00fasica, permitiendo a los ni\u00f1os disfrutar de sus canciones favoritas junto a sus amigos. Adem\u00e1s, [&hellip;]<\/p>\n","protected":false},"featured_media":2628,"comment_status":"open","ping_status":"closed","template":"","meta":{"advanced_seo_description":"","jetpack_seo_html_title":"","jetpack_seo_noindex":false,"_joinchat":[]},"product_brand":[],"product_cat":[38,33,36],"product_tag":[],"class_list":{"0":"post-2627","1":"product","2":"type-product","3":"status-publish","4":"has-post-thumbnail","6":"product_cat-auriculares","7":"product_cat-insformatica","8":"product_cat-linea-volkano","10":"first","11":"instock","12":"taxable","13":"shipping-taxable","14":"purchasable","15":"product-type-simple"},"jetpack_sharing_enabled":true,"_links":{"self":[{"href":"https:\/\/techno-rc.com.ar\/tienda\/wp-json\/wp\/v2\/product\/2627","targetHints":{"allow":["GET"]}}],"collection":[{"href":"https:\/\/techno-rc.com.ar\/tienda\/wp-json\/wp\/v2\/product"}],"about":[{"href":"https:\/\/techno-rc.com.ar\/tienda\/wp-json\/wp\/v2\/types\/product"}],"replies":[{"embeddable":true,"href":"https:\/\/techno-rc.com.ar\/tienda\/wp-json\/wp\/v2\/comments?post=2627"}],"wp:featuredmedia":[{"embeddable":true,"href":"https:\/\/techno-rc.com.ar\/tienda\/wp-json\/wp\/v2\/media\/2628"}],"wp:attachment":[{"href":"https:\/\/techno-rc.com.ar\/tienda\/wp-json\/wp\/v2\/media?parent=2627"}],"wp:term":[{"taxonomy":"product_brand","embeddable":true,"href":"https:\/\/techno-rc.com.ar\/tienda\/wp-json\/wp\/v2\/product_brand?post=2627"},{"taxonomy":"product_cat","embeddable":true,"href":"https:\/\/techno-rc.com.ar\/tienda\/wp-json\/wp\/v2\/product_cat?post=2627"},{"taxonomy":"product_tag","embeddable":true,"href":"https:\/\/techno-rc.com.ar\/tienda\/wp-json\/wp\/v2\/product_tag?post=2627"}],"curies":[{"name":"wp","href":"https:\/\/api.w.org\/{rel}","templated":true}]}}