{"id":2812,"date":"2025-04-29T16:29:39","date_gmt":"2025-04-29T19:29:39","guid":{"rendered":"https:\/\/techno-rc.com.ar\/tienda\/?post_type=product&#038;p=2812"},"modified":"2025-06-28T19:35:56","modified_gmt":"2025-06-28T22:35:56","slug":"x-vxo200-open-wearbale-stereo-earphones","status":"publish","type":"product","link":"https:\/\/techno-rc.com.ar\/tienda\/producto\/x-vxo200-open-wearbale-stereo-earphones\/","title":{"rendered":"X VXO200 Open Wearbale Stereo Earphones"},"content":{"rendered":"<div class=\"col-md-6\">\n<h5 class=\"mb-4\">Features<\/h5>\n<p class=\"mb-2\">Disfruta de la m\u00e1xima comodidad y funcionalidad con los X VXO200 Open Wearable Stereo Earphones. Dise\u00f1ados para soportar los asistentes de voz Google y Siri, estos auriculares te permiten controlar tu m\u00fasica y realizar llamadas sin manos. Con hasta 36 horas de reproducci\u00f3n continua, te ofrecen una duraci\u00f3n prolongada para disfrutar de tu m\u00fasica durante todo el d\u00eda. Ideal para quienes buscan una combinaci\u00f3n de tecnolog\u00eda avanzada y comodidad en sus auriculares.<\/p>\n<ul class=\"list-type-none list-type-check mt-0 mb-8\">\n<li>Supports Google and Siri Voice Assistant<\/li>\n<li>Hands-Free Calling<\/li>\n<li>Up To 36 Hours of Playtime<\/li>\n<\/ul>\n<h5 class=\"mb-3\">Specifications<\/h5>\n<table class=\"table\">\n<tbody>\n<tr>\n<th class=\"font-primary font-weight-semi-bold text-dark pl-0\" scope=\"row\">Bluetooth Version<\/th>\n<td class=\"pl-4\">V5.4<\/td>\n<\/tr>\n<tr>\n<th class=\"font-primary font-weight-semi-bold text-dark pl-0\" scope=\"row\">Chipset<\/th>\n<td class=\"pl-4\">BT8926B2<\/td>\n<\/tr>\n<tr>\n<th class=\"font-primary font-weight-semi-bold text-dark pl-0\" scope=\"row\">Profiles<\/th>\n<td class=\"pl-4\">HSP, HFP, A2DP<\/td>\n<\/tr>\n<tr>\n<th class=\"font-primary font-weight-semi-bold text-dark pl-0\" scope=\"row\">Distance<\/th>\n<td class=\"pl-4\">Up to 10 m<\/td>\n<\/tr>\n<tr>\n<th class=\"font-primary font-weight-semi-bold text-dark pl-0\" scope=\"row\">Charging Case Battery<\/th>\n<td class=\"pl-4\">600 mAh<\/td>\n<\/tr>\n<tr>\n<th class=\"font-primary font-weight-semi-bold text-dark pl-0\" scope=\"row\">Number of Charges<\/th>\n<td class=\"pl-4\">3 Times<\/td>\n<\/tr>\n<tr>\n<th class=\"font-primary font-weight-semi-bold text-dark pl-0\" scope=\"row\">Charge Input<\/th>\n<td class=\"pl-4\">DC 5 V, 1 A<\/td>\n<\/tr>\n<tr>\n<th class=\"font-primary font-weight-semi-bold text-dark pl-0\" scope=\"row\">Charging Port Type<\/th>\n<td class=\"pl-4\">USB-C<\/td>\n<\/tr>\n<tr>\n<th class=\"font-primary font-weight-semi-bold text-dark pl-0\" scope=\"row\">Earphones Battery<\/th>\n<td class=\"pl-4\">50 mAh x2<\/td>\n<\/tr>\n<tr>\n<th class=\"font-primary font-weight-semi-bold text-dark pl-0\" scope=\"row\">Charging Time<\/th>\n<td class=\"pl-4\">2.5 Hours<\/td>\n<\/tr>\n<tr>\n<th class=\"font-primary font-weight-semi-bold text-dark pl-0\" scope=\"row\">Playback Time<\/th>\n<td class=\"pl-4\">9 Hours at 50%, 8 Hours at 100%<\/td>\n<\/tr>\n<tr>\n<th class=\"font-primary font-weight-semi-bold text-dark pl-0\" scope=\"row\">Sensitivity<\/th>\n<td class=\"pl-4\">117 \u00b1 3 dB<\/td>\n<\/tr>\n<tr>\n<th class=\"font-primary font-weight-semi-bold text-dark pl-0\" scope=\"row\">Impedance<\/th>\n<td class=\"pl-4\">32 \u03a9 \u00b1 10%<\/td>\n<\/tr>\n<tr>\n<th class=\"font-primary font-weight-semi-bold text-dark pl-0\" scope=\"row\">Frequency Response<\/th>\n<td class=\"pl-4\">20 Hz \u2013 20 kHz<\/td>\n<\/tr>\n<tr>\n<th class=\"font-primary font-weight-semi-bold text-dark pl-0\" scope=\"row\">IPX Rating<\/th>\n<td class=\"pl-4\">IPX4<\/td>\n<\/tr>\n<\/tbody>\n<\/table>\n<\/div>\n<div class=\"col-md-6 pl-md-6\">\n<div class=\"d-flex flex-wrap\">\n<div class=\"icon-box icon-box-side icon-border mb-4 mr-5\">\n<div class=\"icon-box-icon mr-4\">\n<p>&nbsp;<\/p>\n<p>&nbsp;<\/p>\n<p>&nbsp;<\/p>\n<\/div>\n<div class=\"icon-box-content\">\n<h4 class=\"icon-box-title text-normal lh-1 pt-3 ls-s\">1 year warranty<\/h4>\n<\/div>\n<\/div>\n<\/div>\n<\/div>\n","protected":false},"excerpt":{"rendered":"<p>Features Disfruta de la m\u00e1xima comodidad y funcionalidad con los X VXO200 Open Wearable Stereo Earphones. Dise\u00f1ados para soportar los asistentes de voz Google y Siri, estos auriculares te permiten controlar tu m\u00fasica y realizar llamadas sin manos. Con hasta 36 horas de reproducci\u00f3n continua, te ofrecen una duraci\u00f3n prolongada para disfrutar de tu m\u00fasica [&hellip;]<\/p>\n","protected":false},"featured_media":2813,"comment_status":"open","ping_status":"closed","template":"","meta":{"advanced_seo_description":"","jetpack_seo_html_title":"","jetpack_seo_noindex":false,"_joinchat":[]},"product_brand":[],"product_cat":[38,106,33,36],"product_tag":[],"class_list":{"0":"post-2812","1":"product","2":"type-product","3":"status-publish","4":"has-post-thumbnail","6":"product_cat-auriculares","7":"product_cat-earphones","8":"product_cat-insformatica","9":"product_cat-linea-volkano","11":"first","12":"instock","13":"taxable","14":"shipping-taxable","15":"purchasable","16":"product-type-simple"},"jetpack_sharing_enabled":true,"_links":{"self":[{"href":"https:\/\/techno-rc.com.ar\/tienda\/wp-json\/wp\/v2\/product\/2812","targetHints":{"allow":["GET"]}}],"collection":[{"href":"https:\/\/techno-rc.com.ar\/tienda\/wp-json\/wp\/v2\/product"}],"about":[{"href":"https:\/\/techno-rc.com.ar\/tienda\/wp-json\/wp\/v2\/types\/product"}],"replies":[{"embeddable":true,"href":"https:\/\/techno-rc.com.ar\/tienda\/wp-json\/wp\/v2\/comments?post=2812"}],"wp:featuredmedia":[{"embeddable":true,"href":"https:\/\/techno-rc.com.ar\/tienda\/wp-json\/wp\/v2\/media\/2813"}],"wp:attachment":[{"href":"https:\/\/techno-rc.com.ar\/tienda\/wp-json\/wp\/v2\/media?parent=2812"}],"wp:term":[{"taxonomy":"product_brand","embeddable":true,"href":"https:\/\/techno-rc.com.ar\/tienda\/wp-json\/wp\/v2\/product_brand?post=2812"},{"taxonomy":"product_cat","embeddable":true,"href":"https:\/\/techno-rc.com.ar\/tienda\/wp-json\/wp\/v2\/product_cat?post=2812"},{"taxonomy":"product_tag","embeddable":true,"href":"https:\/\/techno-rc.com.ar\/tienda\/wp-json\/wp\/v2\/product_tag?post=2812"}],"curies":[{"name":"wp","href":"https:\/\/api.w.org\/{rel}","templated":true}]}}