{"id":2895,"date":"2025-04-29T13:35:23","date_gmt":"2025-04-29T16:35:23","guid":{"rendered":"https:\/\/techno-rc.com.ar\/tienda\/?post_type=product&#038;p=2895"},"modified":"2025-06-28T19:36:37","modified_gmt":"2025-06-28T22:36:37","slug":"volkano-earth-series-mouse-con-cable","status":"publish","type":"product","link":"https:\/\/techno-rc.com.ar\/tienda\/producto\/volkano-earth-series-mouse-con-cable\/","title":{"rendered":"Volkano Earth Series Mouse con cable"},"content":{"rendered":"<div class=\"col-md-6\">\n<h5 class=\"mb-4\">Caracter\u00edsticas<\/h5>\n<p class=\"mb-2\">El **Volkano Earth Series Wired Mouse** es un mouse \u00f3ptico de alta precisi\u00f3n dise\u00f1ado para brindar un rendimiento excepcional con una resoluci\u00f3n de **1600 DPI** y una tasa de muestreo de **6400 fps**. Su dise\u00f1o de 3 botones con rueda de desplazamiento asegura comodidad y funcionalidad, ideal para el uso diario en cualquier entorno.<\/p>\n<ul class=\"list-type-none list-type-check mt-0 mb-8\">\n<li>Mouse \u00f3ptico de alta precisi\u00f3n<\/li>\n<li>Resoluci\u00f3n de 1600 DPI y 6400 fps<\/li>\n<li>Cable USB de 1.5 m \/ 5 ft<\/li>\n<li>Dise\u00f1o con 3 botones y rueda de desplazamiento<\/li>\n<\/ul>\n<h5 class=\"mb-3\">Contenido del paquete<\/h5>\n<ul class=\"list-type-none list-type-check mt-0 mb-8\">\n<li>Mouse al\u00e1mbrico Volkano Earth Series<\/li>\n<\/ul>\n<h5 class=\"mb-3\">Especificaciones<\/h5>\n<table class=\"table\">\n<tbody>\n<tr>\n<th class=\"font-primary font-weight-semi-bold text-dark pl-0\" scope=\"row\">C\u00f3digo del producto<\/th>\n<td class=\"pl-4\">VB-VS603A<\/td>\n<\/tr>\n<tr>\n<th class=\"font-primary font-weight-semi-bold text-dark pl-0\" scope=\"row\">Tasa de muestreo<\/th>\n<td class=\"pl-4\">6400 fps<\/td>\n<\/tr>\n<tr>\n<th class=\"font-primary font-weight-semi-bold text-dark pl-0\" scope=\"row\">Resoluci\u00f3n<\/th>\n<td class=\"pl-4\">1600 DPI<\/td>\n<\/tr>\n<tr>\n<th class=\"font-primary font-weight-semi-bold text-dark pl-0\" scope=\"row\">Longitud del cable<\/th>\n<td class=\"pl-4\">1.5 m \/ 5 ft<\/td>\n<\/tr>\n<\/tbody>\n<\/table>\n<\/div>\n<div class=\"col-md-6 pl-md-6\">\n<div class=\"d-flex flex-wrap\">\n<div class=\"icon-box icon-box-side icon-border mb-4 mr-5\">\n<div class=\"icon-box-icon mr-4\"><\/div>\n<div class=\"icon-box-content\">\n<h4 class=\"icon-box-title text-normal lh-1 pt-3 ls-s\">1 a\u00f1o de garant\u00eda<\/h4>\n<p class=\"icon-box-desc mb-0\">Garant\u00eda de calidad<\/p>\n<p>&nbsp;<\/p>\n<\/div>\n<p>&nbsp;<\/p>\n<\/div>\n<\/div>\n<\/div>\n","protected":false},"excerpt":{"rendered":"<p>Caracter\u00edsticas El **Volkano Earth Series Wired Mouse** es un mouse \u00f3ptico de alta precisi\u00f3n dise\u00f1ado para brindar un rendimiento excepcional con una resoluci\u00f3n de **1600 DPI** y una tasa de muestreo de **6400 fps**. Su dise\u00f1o de 3 botones con rueda de desplazamiento asegura comodidad y funcionalidad, ideal para el uso diario en cualquier entorno. &hellip;<\/p>\n<p class=\"read-more\"> <a class=\" thunk-readmore button \" href=\"https:\/\/techno-rc.com.ar\/tienda\/producto\/volkano-earth-series-mouse-con-cable\/\"> <span class=\"screen-reader-text\">Volkano Earth Series Mouse con cable<\/span>Leer m\u00e1s<\/a><\/p>\n","protected":false},"featured_media":2896,"comment_status":"open","ping_status":"closed","template":"","meta":{"advanced_seo_description":"","jetpack_seo_html_title":"","jetpack_seo_noindex":false,"_joinchat":[]},"product_brand":[],"product_cat":[33,36,40],"product_tag":[],"class_list":{"0":"post-2895","1":"product","2":"type-product","3":"status-publish","4":"has-post-thumbnail","6":"product_cat-insformatica","7":"product_cat-linea-volkano","8":"product_cat-mouse-y-mouse-gamer","9":"thunk-woo-product-list","10":"opn-qv-enable","11":"open-woo-hover-none","12":"open-single-product-tab-horizontal","13":"open-shadow-","14":"open-shadow-hover-","16":"first","17":"instock","18":"taxable","19":"shipping-taxable","20":"purchasable","21":"product-type-simple"},"jetpack_sharing_enabled":true,"_links":{"self":[{"href":"https:\/\/techno-rc.com.ar\/tienda\/wp-json\/wp\/v2\/product\/2895","targetHints":{"allow":["GET"]}}],"collection":[{"href":"https:\/\/techno-rc.com.ar\/tienda\/wp-json\/wp\/v2\/product"}],"about":[{"href":"https:\/\/techno-rc.com.ar\/tienda\/wp-json\/wp\/v2\/types\/product"}],"replies":[{"embeddable":true,"href":"https:\/\/techno-rc.com.ar\/tienda\/wp-json\/wp\/v2\/comments?post=2895"}],"wp:featuredmedia":[{"embeddable":true,"href":"https:\/\/techno-rc.com.ar\/tienda\/wp-json\/wp\/v2\/media\/2896"}],"wp:attachment":[{"href":"https:\/\/techno-rc.com.ar\/tienda\/wp-json\/wp\/v2\/media?parent=2895"}],"wp:term":[{"taxonomy":"product_brand","embeddable":true,"href":"https:\/\/techno-rc.com.ar\/tienda\/wp-json\/wp\/v2\/product_brand?post=2895"},{"taxonomy":"product_cat","embeddable":true,"href":"https:\/\/techno-rc.com.ar\/tienda\/wp-json\/wp\/v2\/product_cat?post=2895"},{"taxonomy":"product_tag","embeddable":true,"href":"https:\/\/techno-rc.com.ar\/tienda\/wp-json\/wp\/v2\/product_tag?post=2895"}],"curies":[{"name":"wp","href":"https:\/\/api.w.org\/{rel}","templated":true}]}}