{"id":2904,"date":"2025-04-29T13:45:29","date_gmt":"2025-04-29T16:45:29","guid":{"rendered":"https:\/\/techno-rc.com.ar\/tienda\/?post_type=product&#038;p=2904"},"modified":"2025-06-28T19:36:03","modified_gmt":"2025-06-28T22:36:03","slug":"x-amber-series-bt-tri-mode-mouse-recargable","status":"publish","type":"product","link":"https:\/\/techno-rc.com.ar\/tienda\/producto\/x-amber-series-bt-tri-mode-mouse-recargable\/","title":{"rendered":"X Amber series BT Tri-Mode Mouse recargable."},"content":{"rendered":"<div class=\"col-md-6\">\n<h5 class=\"mb-4\">Features<\/h5>\n<p class=\"mb-2\">Descubre el X Amber Series BT Tri-Mode Mouse recargable, un dispositivo que combina tecnolog\u00eda avanzada con un dise\u00f1o elegante. Este mouse ofrece conectividad en tres modos, lo que te permite usarlo con diferentes dispositivos sin complicaciones. Su bater\u00eda recargable asegura un uso continuo sin preocuparte por reemplazar pilas. La rueda de desplazamiento cuenta con una pintura especial que mejora la sensaci\u00f3n y el control durante el uso. Adem\u00e1s, el DPI ajustable te permite personalizar la sensibilidad del rat\u00f3n, adapt\u00e1ndose a tus necesidades espec\u00edficas, ya sea para trabajar o para disfrutar de tus juegos favoritos.<\/p>\n<ul class=\"list-type-none list-type-check mt-0 mb-8\">\n<li>Bater\u00eda recargable para uso prolongado sin interrupciones.<\/li>\n<li>Rueda de desplazamiento con pintura especial para un control superior.<\/li>\n<li>DPI ajustable para una experiencia personalizada.<\/li>\n<\/ul>\n<h5 class=\"mb-3\">Specifications<\/h5>\n<table class=\"table\">\n<tbody>\n<tr>\n<th class=\"font-primary font-weight-semi-bold text-dark pl-0\" scope=\"row\">Bluetooth Version<\/th>\n<td class=\"pl-4\">5.2 &amp; 3.0 GHz<\/td>\n<\/tr>\n<tr>\n<th class=\"font-primary font-weight-semi-bold text-dark pl-0\" scope=\"row\">Type-C USB rechargeable Port<\/th>\n<td class=\"pl-4\">14500 \/ 400 mAh<\/td>\n<\/tr>\n<tr>\n<th class=\"font-primary font-weight-semi-bold text-dark pl-0\" scope=\"row\">DPI Resolutions<\/th>\n<td class=\"pl-4\">800 \/ 1200 \/ 1600 \/ 2400<\/td>\n<\/tr>\n<tr>\n<th class=\"font-primary font-weight-semi-bold text-dark pl-0\" scope=\"row\">Range<\/th>\n<td class=\"pl-4\">Up to 10m<\/td>\n<\/tr>\n<tr>\n<th class=\"font-primary font-weight-semi-bold text-dark pl-0\" scope=\"row\">Receiver<\/th>\n<td class=\"pl-4\">Nano Receiver<\/td>\n<\/tr>\n<tr>\n<th class=\"font-primary font-weight-semi-bold text-dark pl-0\" scope=\"row\">Operating Systems<\/th>\n<td class=\"pl-4\">Windows XP \/ Vista \/ 7 \/ 8 \/ 10 \/ 11 \/ &amp; Mac<\/td>\n<\/tr>\n<tr>\n<th class=\"font-primary font-weight-semi-bold text-dark pl-0\" scope=\"row\">Charge<\/th>\n<td class=\"pl-4\">Type-C Port<\/td>\n<\/tr>\n<\/tbody>\n<\/table>\n<\/div>\n<div class=\"col-md-6 pl-md-6\">\n<div class=\"d-flex flex-wrap\">\n<div class=\"icon-box icon-box-side icon-border mb-4 mr-5\">\n<div class=\"icon-box-icon mr-4\">\n<p>&nbsp;<\/p>\n<p>&nbsp;<\/p>\n<p>&nbsp;<\/p>\n<\/div>\n<div class=\"icon-box-content\">\n<h4 class=\"icon-box-title text-normal lh-1 pt-3 ls-s\">1 a\u00f1o de garantia<\/h4>\n<p class=\"icon-box-desc mb-0\">Grantia de verdad<\/p>\n<p>&nbsp;<\/p>\n<\/div>\n<p>&nbsp;<\/p>\n<\/div>\n<\/div>\n<\/div>\n","protected":false},"excerpt":{"rendered":"<p>Features Descubre el X Amber Series BT Tri-Mode Mouse recargable, un dispositivo que combina tecnolog\u00eda avanzada con un dise\u00f1o elegante. Este mouse ofrece conectividad en tres modos, lo que te permite usarlo con diferentes dispositivos sin complicaciones. Su bater\u00eda recargable asegura un uso continuo sin preocuparte por reemplazar pilas. La rueda de desplazamiento cuenta con &hellip;<\/p>\n<p class=\"read-more\"> <a class=\" thunk-readmore button \" href=\"https:\/\/techno-rc.com.ar\/tienda\/producto\/x-amber-series-bt-tri-mode-mouse-recargable\/\"> <span class=\"screen-reader-text\">X Amber series BT Tri-Mode Mouse recargable.<\/span>Leer m\u00e1s<\/a><\/p>\n","protected":false},"featured_media":2905,"comment_status":"open","ping_status":"closed","template":"","meta":{"advanced_seo_description":"","jetpack_seo_html_title":"","jetpack_seo_noindex":false,"_joinchat":[]},"product_brand":[],"product_cat":[33,36,40],"product_tag":[],"class_list":{"0":"post-2904","1":"product","2":"type-product","3":"status-publish","4":"has-post-thumbnail","6":"product_cat-insformatica","7":"product_cat-linea-volkano","8":"product_cat-mouse-y-mouse-gamer","9":"thunk-woo-product-list","10":"opn-qv-enable","11":"open-woo-hover-none","12":"open-single-product-tab-horizontal","13":"open-shadow-","14":"open-shadow-hover-","16":"first","17":"instock","18":"taxable","19":"shipping-taxable","20":"purchasable","21":"product-type-simple"},"jetpack_sharing_enabled":true,"_links":{"self":[{"href":"https:\/\/techno-rc.com.ar\/tienda\/wp-json\/wp\/v2\/product\/2904","targetHints":{"allow":["GET"]}}],"collection":[{"href":"https:\/\/techno-rc.com.ar\/tienda\/wp-json\/wp\/v2\/product"}],"about":[{"href":"https:\/\/techno-rc.com.ar\/tienda\/wp-json\/wp\/v2\/types\/product"}],"replies":[{"embeddable":true,"href":"https:\/\/techno-rc.com.ar\/tienda\/wp-json\/wp\/v2\/comments?post=2904"}],"wp:featuredmedia":[{"embeddable":true,"href":"https:\/\/techno-rc.com.ar\/tienda\/wp-json\/wp\/v2\/media\/2905"}],"wp:attachment":[{"href":"https:\/\/techno-rc.com.ar\/tienda\/wp-json\/wp\/v2\/media?parent=2904"}],"wp:term":[{"taxonomy":"product_brand","embeddable":true,"href":"https:\/\/techno-rc.com.ar\/tienda\/wp-json\/wp\/v2\/product_brand?post=2904"},{"taxonomy":"product_cat","embeddable":true,"href":"https:\/\/techno-rc.com.ar\/tienda\/wp-json\/wp\/v2\/product_cat?post=2904"},{"taxonomy":"product_tag","embeddable":true,"href":"https:\/\/techno-rc.com.ar\/tienda\/wp-json\/wp\/v2\/product_tag?post=2904"}],"curies":[{"name":"wp","href":"https:\/\/api.w.org\/{rel}","templated":true}]}}