{"id":2913,"date":"2025-04-29T13:47:07","date_gmt":"2025-04-29T16:47:07","guid":{"rendered":"https:\/\/techno-rc.com.ar\/tienda\/?post_type=product&#038;p=2913"},"modified":"2025-06-28T19:36:03","modified_gmt":"2025-06-28T22:36:03","slug":"krypton-wireless-teclado-mouse-combo","status":"publish","type":"product","link":"https:\/\/techno-rc.com.ar\/tienda\/producto\/krypton-wireless-teclado-mouse-combo\/","title":{"rendered":"Krypton Wireless Teclado &amp; Mouse Combo"},"content":{"rendered":"<div class=\"col-md-6\">\n<h5 class=\"mb-4\">Caracter\u00edsticas<\/h5>\n<p class=\"mb-2\">El combo inal\u00e1mbrico Krypton es la soluci\u00f3n perfecta para quienes buscan eficiencia y comodidad en su espacio de trabajo. Con un teclado de dise\u00f1o est\u00e1ndar en disposici\u00f3n US y un mouse \u00f3ptico de 1200 DPI, este combo garantiza una experiencia fluida y precisa. La transmisi\u00f3n inal\u00e1mbrica a 2.4 GHz ofrece un rango de hasta 8 metros, permitiendo libertad de movimiento y una conexi\u00f3n estable. El teclado de membrana est\u00e1 dise\u00f1ado para soportar hasta 5 millones de pulsaciones, asegurando durabilidad y rendimiento a largo plazo.<\/p>\n<ul class=\"list-type-none list-type-check mt-0 mb-8\">\n<li>Teclado y mouse inal\u00e1mbricos<\/li>\n<li>1200 DPI<\/li>\n<li>Transmisi\u00f3n inal\u00e1mbrica de 2.4 GHz<\/li>\n<\/ul>\n<h5 class=\"mb-3\">Especificaciones<\/h5>\n<h5>Mouse Especificaciones<\/h5>\n<table class=\"table\">\n<tbody>\n<tr>\n<th class=\"font-primary font-weight-semi-bold text-dark pl-0\" scope=\"row\">Tipo Inal\u00e1mbrico<\/th>\n<td class=\"pl-4\">2.4 GHz<\/td>\n<\/tr>\n<tr>\n<th class=\"font-primary font-weight-semi-bold text-dark pl-0\" scope=\"row\">Rango Inal\u00e1mbrico<\/th>\n<td class=\"pl-4\">8 m \/ 26.24 ft<\/td>\n<\/tr>\n<tr>\n<th class=\"font-primary font-weight-semi-bold text-dark pl-0\" scope=\"row\">Botones<\/th>\n<td class=\"pl-4\">3<\/td>\n<\/tr>\n<tr>\n<th class=\"font-primary font-weight-semi-bold text-dark pl-0\" scope=\"row\">Tipo de Sensor<\/th>\n<td class=\"pl-4\">\u00d3ptico<\/td>\n<\/tr>\n<tr>\n<th class=\"font-primary font-weight-semi-bold text-dark pl-0\" scope=\"row\">Resoluci\u00f3n<\/th>\n<td class=\"pl-4\">1200 DPI<\/td>\n<\/tr>\n<tr>\n<th class=\"font-primary font-weight-semi-bold text-dark pl-0\" scope=\"row\">Bater\u00eda Requerida<\/th>\n<td class=\"pl-4\">1x Bater\u00eda AA (No Incluida)<\/td>\n<\/tr>\n<\/tbody>\n<\/table>\n<h5>Teclado Especificaciones<\/h5>\n<table class=\"table\">\n<tbody>\n<tr>\n<th class=\"font-primary font-weight-semi-bold text-dark pl-0\" scope=\"row\">Tipo de Tecla<\/th>\n<td class=\"pl-4\">Distribuci\u00f3n Est\u00e1ndar US<\/td>\n<\/tr>\n<tr>\n<th class=\"font-primary font-weight-semi-bold text-dark pl-0\" scope=\"row\">Sistema de Teclas<\/th>\n<td class=\"pl-4\">Membrana<\/td>\n<\/tr>\n<tr>\n<th class=\"font-primary font-weight-semi-bold text-dark pl-0\" scope=\"row\">Funciones de Tecla<\/th>\n<td class=\"pl-4\">12<\/td>\n<\/tr>\n<tr>\n<th class=\"font-primary font-weight-semi-bold text-dark pl-0\" scope=\"row\">Bater\u00eda Requerida<\/th>\n<td class=\"pl-4\">1x Bater\u00eda AAA (Requerida)<\/td>\n<\/tr>\n<tr>\n<th class=\"font-primary font-weight-semi-bold text-dark pl-0\" scope=\"row\">Voltaje de Funcionamiento<\/th>\n<td class=\"pl-4\">DC 1.5 V<\/td>\n<\/tr>\n<tr>\n<th class=\"font-primary font-weight-semi-bold text-dark pl-0\" scope=\"row\">Rango Inal\u00e1mbrico<\/th>\n<td class=\"pl-4\">8 m \/ 26.24 ft<\/td>\n<\/tr>\n<tr>\n<th class=\"font-primary font-weight-semi-bold text-dark pl-0\" scope=\"row\">Vida Mec\u00e1nica<\/th>\n<td class=\"pl-4\">5 Millones de Pulsaciones<\/td>\n<\/tr>\n<tr>\n<th class=\"font-primary font-weight-semi-bold text-dark pl-0\" scope=\"row\">Dimensiones<\/th>\n<td class=\"pl-4\">435.4 x 138.58 x 20.88 mm \/ 17.14\u201d x 5.45\u201d x 0.82\u201d<\/td>\n<\/tr>\n<\/tbody>\n<\/table>\n<\/div>\n<div class=\"col-md-6 pl-md-6\">\n<div class=\"d-flex flex-wrap\">\n<div class=\"icon-box icon-box-side icon-border mb-4 mr-5\">\n<div class=\"icon-box-icon mr-4\">\n<p>&nbsp;<\/p>\n<p>&nbsp;<\/p>\n<p>&nbsp;<\/p>\n<\/div>\n<div class=\"icon-box-content\">\n<h4 class=\"icon-box-title text-normal lh-1 pt-3 ls-s\">1 a\u00f1o de garantia<\/h4>\n<p class=\"icon-box-desc mb-0\">Grantia de verdad<\/p>\n<p>&nbsp;<\/p>\n<\/div>\n<p>&nbsp;<\/p>\n<\/div>\n<\/div>\n<\/div>\n","protected":false},"excerpt":{"rendered":"<p>Caracter\u00edsticas El combo inal\u00e1mbrico Krypton es la soluci\u00f3n perfecta para quienes buscan eficiencia y comodidad en su espacio de trabajo. Con un teclado de dise\u00f1o est\u00e1ndar en disposici\u00f3n US y un mouse \u00f3ptico de 1200 DPI, este combo garantiza una experiencia fluida y precisa. La transmisi\u00f3n inal\u00e1mbrica a 2.4 GHz ofrece un rango de hasta &hellip;<\/p>\n<p class=\"read-more\"> <a class=\" thunk-readmore button \" href=\"https:\/\/techno-rc.com.ar\/tienda\/producto\/krypton-wireless-teclado-mouse-combo\/\"> <span class=\"screen-reader-text\">Krypton Wireless Teclado &amp; Mouse Combo<\/span>Leer m\u00e1s<\/a><\/p>\n","protected":false},"featured_media":2914,"comment_status":"open","ping_status":"closed","template":"","meta":{"advanced_seo_description":"","jetpack_seo_html_title":"","jetpack_seo_noindex":false,"_joinchat":[]},"product_brand":[],"product_cat":[53,33,36],"product_tag":[],"class_list":{"0":"post-2913","1":"product","2":"type-product","3":"status-publish","4":"has-post-thumbnail","6":"product_cat-combo-teclado-y-mouse","7":"product_cat-insformatica","8":"product_cat-linea-volkano","9":"thunk-woo-product-list","10":"opn-qv-enable","11":"open-woo-hover-none","12":"open-single-product-tab-horizontal","13":"open-shadow-","14":"open-shadow-hover-","16":"first","17":"instock","18":"taxable","19":"shipping-taxable","20":"purchasable","21":"product-type-simple"},"jetpack_sharing_enabled":true,"_links":{"self":[{"href":"https:\/\/techno-rc.com.ar\/tienda\/wp-json\/wp\/v2\/product\/2913","targetHints":{"allow":["GET"]}}],"collection":[{"href":"https:\/\/techno-rc.com.ar\/tienda\/wp-json\/wp\/v2\/product"}],"about":[{"href":"https:\/\/techno-rc.com.ar\/tienda\/wp-json\/wp\/v2\/types\/product"}],"replies":[{"embeddable":true,"href":"https:\/\/techno-rc.com.ar\/tienda\/wp-json\/wp\/v2\/comments?post=2913"}],"wp:featuredmedia":[{"embeddable":true,"href":"https:\/\/techno-rc.com.ar\/tienda\/wp-json\/wp\/v2\/media\/2914"}],"wp:attachment":[{"href":"https:\/\/techno-rc.com.ar\/tienda\/wp-json\/wp\/v2\/media?parent=2913"}],"wp:term":[{"taxonomy":"product_brand","embeddable":true,"href":"https:\/\/techno-rc.com.ar\/tienda\/wp-json\/wp\/v2\/product_brand?post=2913"},{"taxonomy":"product_cat","embeddable":true,"href":"https:\/\/techno-rc.com.ar\/tienda\/wp-json\/wp\/v2\/product_cat?post=2913"},{"taxonomy":"product_tag","embeddable":true,"href":"https:\/\/techno-rc.com.ar\/tienda\/wp-json\/wp\/v2\/product_tag?post=2913"}],"curies":[{"name":"wp","href":"https:\/\/api.w.org\/{rel}","templated":true}]}}