{"id":2922,"date":"2025-04-29T13:50:19","date_gmt":"2025-04-29T16:50:19","guid":{"rendered":"https:\/\/techno-rc.com.ar\/tienda\/?post_type=product&#038;p=2922"},"modified":"2025-06-28T19:36:03","modified_gmt":"2025-06-28T22:36:03","slug":"paradigm-series-mouse-and-keyboard-combo-rosa","status":"publish","type":"product","link":"https:\/\/techno-rc.com.ar\/tienda\/producto\/paradigm-series-mouse-and-keyboard-combo-rosa\/","title":{"rendered":"Paradigm Series Mouse and Keyboard combo &#8211; Rosa"},"content":{"rendered":"<div class=\"col-md-6\">\n<h5 class=\"mb-4\">Caracter\u00edsticas<\/h5>\n<p class=\"mb-2\">El Paradigm Series Mouse and Keyboard Combo es la opci\u00f3n ideal para quienes buscan un set de teclado y mouse con un dise\u00f1o retro y funcionalidad moderna. Con una conexi\u00f3n inal\u00e1mbrica estable de 2.4 GHz y un alcance de hasta 10 metros, este combo ofrece una experiencia de usuario fluida y sin cables. Compatible con Windows XP\/7\/8\/10\/11 y Mac, este conjunto es perfecto para cualquier entorno de trabajo o uso dom\u00e9stico.<\/p>\n<ul class=\"list-type-none list-type-check mt-0 mb-8\">\n<li>Sistemas compatibles: Windows XP\/Win 7\/8\/10\/11, Mac<\/li>\n<li>Operaci\u00f3n inal\u00e1mbrica hasta 10 m<\/li>\n<li>Estilo retro<\/li>\n<\/ul>\n<h5 class=\"mb-3\">Especificaciones<\/h5>\n<h5>Especificaciones del Teclado<\/h5>\n<table class=\"table\">\n<tbody>\n<tr>\n<th class=\"font-primary font-weight-semi-bold text-dark pl-0\" scope=\"row\">Marca de Frecuencia<\/th>\n<td class=\"pl-4\">2.4GHz<\/td>\n<\/tr>\n<tr>\n<th class=\"font-primary font-weight-semi-bold text-dark pl-0\" scope=\"row\">Distancia<\/th>\n<td class=\"pl-4\">Hasta 10m<\/td>\n<\/tr>\n<tr>\n<th class=\"font-primary font-weight-semi-bold text-dark pl-0\" scope=\"row\">Cantidad de Teclas<\/th>\n<td class=\"pl-4\">86 Teclas<\/td>\n<\/tr>\n<tr>\n<th class=\"font-primary font-weight-semi-bold text-dark pl-0\" scope=\"row\">Tipo de Bater\u00eda<\/th>\n<td class=\"pl-4\">1x AA (No Incluida)<\/td>\n<\/tr>\n<tr>\n<th class=\"font-primary font-weight-semi-bold text-dark pl-0\" scope=\"row\">Tama\u00f1o del Teclado<\/th>\n<td class=\"pl-4\">313 x 141 x 33 mm \/ 12.32\u2033 x 5.6\u2033 x 1.3\u2033<\/td>\n<\/tr>\n<tr>\n<th class=\"font-primary font-weight-semi-bold text-dark pl-0\" scope=\"row\">Peso del Teclado<\/th>\n<td class=\"pl-4\">530g \/ 18.7oz<\/td>\n<\/tr>\n<\/tbody>\n<\/table>\n<h5>Especificaciones del Mouse<\/h5>\n<table class=\"table\">\n<tbody>\n<tr>\n<th class=\"font-primary font-weight-semi-bold text-dark pl-0\" scope=\"row\">Marca de Frecuencia<\/th>\n<td class=\"pl-4\">2.4GHz<\/td>\n<\/tr>\n<tr>\n<th class=\"font-primary font-weight-semi-bold text-dark pl-0\" scope=\"row\">Distancia<\/th>\n<td class=\"pl-4\">Hasta 10m<\/td>\n<\/tr>\n<tr>\n<th class=\"font-primary font-weight-semi-bold text-dark pl-0\" scope=\"row\">Resoluci\u00f3n<\/th>\n<td class=\"pl-4\">1200 DPI<\/td>\n<\/tr>\n<tr>\n<th class=\"font-primary font-weight-semi-bold text-dark pl-0\" scope=\"row\">Tipo de Bater\u00eda<\/th>\n<td class=\"pl-4\">1x AA (No Incluida)<\/td>\n<\/tr>\n<tr>\n<th class=\"font-primary font-weight-semi-bold text-dark pl-0\" scope=\"row\">Tama\u00f1o del Mouse<\/th>\n<td class=\"pl-4\">111 x 59.25 x 27.55 mm \/ 4.4\u2033 x 2.33\u2033 x 1.08\u2033<\/td>\n<\/tr>\n<tr>\n<th class=\"font-primary font-weight-semi-bold text-dark pl-0\" scope=\"row\">Peso del Mouse<\/th>\n<td class=\"pl-4\">50g \/ 1.8oz<\/td>\n<\/tr>\n<\/tbody>\n<\/table>\n<\/div>\n<div class=\"col-md-6 pl-md-6\">\n<div class=\"d-flex flex-wrap\">\n<div class=\"icon-box icon-box-side icon-border mb-4 mr-5\">\n<div class=\"icon-box-icon mr-4\">\n<p>&nbsp;<\/p>\n<p>&nbsp;<\/p>\n<p>&nbsp;<\/p>\n<\/div>\n<div class=\"icon-box-content\">\n<h4 class=\"icon-box-title text-normal lh-1 pt-3 ls-s\">1 a\u00f1o de garantia<\/h4>\n<p class=\"icon-box-desc mb-0\">Grantia de verdad<\/p>\n<p>&nbsp;<\/p>\n<\/div>\n<p>&nbsp;<\/p>\n<\/div>\n<\/div>\n<\/div>\n","protected":false},"excerpt":{"rendered":"<p>Caracter\u00edsticas El Paradigm Series Mouse and Keyboard Combo es la opci\u00f3n ideal para quienes buscan un set de teclado y mouse con un dise\u00f1o retro y funcionalidad moderna. Con una conexi\u00f3n inal\u00e1mbrica estable de 2.4 GHz y un alcance de hasta 10 metros, este combo ofrece una experiencia de usuario fluida y sin cables. Compatible &hellip;<\/p>\n<p class=\"read-more\"> <a class=\" thunk-readmore button \" href=\"https:\/\/techno-rc.com.ar\/tienda\/producto\/paradigm-series-mouse-and-keyboard-combo-rosa\/\"> <span class=\"screen-reader-text\">Paradigm Series Mouse and Keyboard combo &#8211; Rosa<\/span>Leer m\u00e1s<\/a><\/p>\n","protected":false},"featured_media":2923,"comment_status":"closed","ping_status":"closed","template":"","meta":{"advanced_seo_description":"","jetpack_seo_html_title":"","jetpack_seo_noindex":false,"_joinchat":[]},"product_brand":[],"product_cat":[53,33,36],"product_tag":[],"class_list":{"0":"post-2922","1":"product","2":"type-product","3":"status-publish","4":"has-post-thumbnail","6":"product_cat-combo-teclado-y-mouse","7":"product_cat-insformatica","8":"product_cat-linea-volkano","9":"thunk-woo-product-list","10":"opn-qv-enable","11":"open-woo-hover-none","12":"open-single-product-tab-horizontal","13":"open-shadow-","14":"open-shadow-hover-","16":"first","17":"instock","18":"taxable","19":"shipping-taxable","20":"purchasable","21":"product-type-simple"},"jetpack_sharing_enabled":true,"_links":{"self":[{"href":"https:\/\/techno-rc.com.ar\/tienda\/wp-json\/wp\/v2\/product\/2922","targetHints":{"allow":["GET"]}}],"collection":[{"href":"https:\/\/techno-rc.com.ar\/tienda\/wp-json\/wp\/v2\/product"}],"about":[{"href":"https:\/\/techno-rc.com.ar\/tienda\/wp-json\/wp\/v2\/types\/product"}],"replies":[{"embeddable":true,"href":"https:\/\/techno-rc.com.ar\/tienda\/wp-json\/wp\/v2\/comments?post=2922"}],"wp:featuredmedia":[{"embeddable":true,"href":"https:\/\/techno-rc.com.ar\/tienda\/wp-json\/wp\/v2\/media\/2923"}],"wp:attachment":[{"href":"https:\/\/techno-rc.com.ar\/tienda\/wp-json\/wp\/v2\/media?parent=2922"}],"wp:term":[{"taxonomy":"product_brand","embeddable":true,"href":"https:\/\/techno-rc.com.ar\/tienda\/wp-json\/wp\/v2\/product_brand?post=2922"},{"taxonomy":"product_cat","embeddable":true,"href":"https:\/\/techno-rc.com.ar\/tienda\/wp-json\/wp\/v2\/product_cat?post=2922"},{"taxonomy":"product_tag","embeddable":true,"href":"https:\/\/techno-rc.com.ar\/tienda\/wp-json\/wp\/v2\/product_tag?post=2922"}],"curies":[{"name":"wp","href":"https:\/\/api.w.org\/{rel}","templated":true}]}}