{"id":2935,"date":"2025-04-29T14:17:04","date_gmt":"2025-04-29T17:17:04","guid":{"rendered":"https:\/\/techno-rc.com.ar\/tienda\/?post_type=product&#038;p=2935"},"modified":"2025-06-28T19:36:02","modified_gmt":"2025-06-28T22:36:02","slug":"volkano-krypton-combo-teclado-y-mouse-cableado","status":"publish","type":"product","link":"https:\/\/techno-rc.com.ar\/tienda\/producto\/volkano-krypton-combo-teclado-y-mouse-cableado\/","title":{"rendered":"Volkano Krypton Combo teclado y mouse cableado"},"content":{"rendered":"<div class=\" elementor-element elementor-element-0e4e5b0 elementor-widget elementor-widget-riode_sproduct_data_tab\" data-id=\"0e4e5b0\" data-element_type=\"widget\" data-widget_type=\"riode_sproduct_data_tab.default\">\n<div class=\"elementor-widget-container\">\n<div class=\"woocommerce-tabs wc-tabs-wrapper tab tab-nav-simple tab-nav-center\">\n<div id=\"tab-description\" class=\"woocommerce-Tabs-panel woocommerce-Tabs-panel--description panel entry-content wc-tab tab-pane\" role=\"tabpanel\" aria-labelledby=\"tab-title-description\">\n<div class=\"row mt-6\">\n<div class=\"col-md-6\">\n<h5 class=\"mb-4\">Caracter\u00edsticas<\/h5>\n<p class=\"mb-2\">El **Volkano Krypton Series Wired Keyboard &amp; Mouse Combo** combina un teclado resistente a derrames y un mouse \u00f3ptico ergon\u00f3mico, dise\u00f1ados para una experiencia de uso c\u00f3moda y eficiente. Este combo es ideal para usuarios de Windows, MacOS, Linux y Android, ofreciendo funcionalidad y compatibilidad universal.<\/p>\n<ul class=\"list-type-none list-type-check mt-0 mb-8\">\n<li>Teclado resistente a derrames<\/li>\n<li>Dise\u00f1o ergon\u00f3mico para un uso c\u00f3modo<\/li>\n<li>Plug &amp; Play para instalaci\u00f3n sencilla<\/li>\n<li>Compatibilidad con Windows, MacOS, Linux y Android<\/li>\n<\/ul>\n<h5 class=\"mb-3\">Contenido del paquete<\/h5>\n<ul class=\"list-type-none list-type-check mt-0 mb-8\">\n<li>Teclado al\u00e1mbrico Volkano Krypton<\/li>\n<li>Mouse al\u00e1mbrico Volkano Krypton<\/li>\n<li>Manual de usuario<\/li>\n<\/ul>\n<h5 class=\"mb-3\">Especificaciones t\u00e9cnicas<\/h5>\n<table class=\"table\">\n<tbody>\n<tr>\n<th class=\"font-primary font-weight-semi-bold text-dark pl-0\" scope=\"row\">Peso del paquete<\/th>\n<td class=\"pl-4\">1.1 lbs \/ 0.5 kg<\/td>\n<\/tr>\n<tr>\n<th class=\"font-primary font-weight-semi-bold text-dark pl-0\" scope=\"row\">Dimensiones del paquete<\/th>\n<td class=\"pl-4\">6.3\u2033 x 20.47\u2033 x 1.57\u2033 \/ 160 x 520 x 40 mm<\/td>\n<\/tr>\n<tr>\n<th class=\"font-primary font-weight-semi-bold text-dark pl-0\" scope=\"row\">Tipo de teclado<\/th>\n<td class=\"pl-4\">Dise\u00f1o est\u00e1ndar US<\/td>\n<\/tr>\n<tr>\n<th class=\"font-primary font-weight-semi-bold text-dark pl-0\" scope=\"row\">Sistema de teclas<\/th>\n<td class=\"pl-4\">Membrana<\/td>\n<\/tr>\n<tr>\n<th class=\"font-primary font-weight-semi-bold text-dark pl-0\" scope=\"row\">Longitud del cable<\/th>\n<td class=\"pl-4\">4 ft \/ 1.4 m<\/td>\n<\/tr>\n<tr>\n<th class=\"font-primary font-weight-semi-bold text-dark pl-0\" scope=\"row\">Teclas de funci\u00f3n<\/th>\n<td class=\"pl-4\">12<\/td>\n<\/tr>\n<tr>\n<th class=\"font-primary font-weight-semi-bold text-dark pl-0\" scope=\"row\">Voltaje de operaci\u00f3n<\/th>\n<td class=\"pl-4\">4.75 \u2013 5.25 VDC<\/td>\n<\/tr>\n<tr>\n<th class=\"font-primary font-weight-semi-bold text-dark pl-0\" scope=\"row\">Botones del mouse<\/th>\n<td class=\"pl-4\">3<\/td>\n<\/tr>\n<tr>\n<th class=\"font-primary font-weight-semi-bold text-dark pl-0\" scope=\"row\">Tipo de sensor<\/th>\n<td class=\"pl-4\">\u00d3ptico<\/td>\n<\/tr>\n<tr>\n<th class=\"font-primary font-weight-semi-bold text-dark pl-0\" scope=\"row\">DPI<\/th>\n<td class=\"pl-4\">1000<\/td>\n<\/tr>\n<tr>\n<th class=\"font-primary font-weight-semi-bold text-dark pl-0\" scope=\"row\">Compatibilidad<\/th>\n<td class=\"pl-4\">Windows, MacOS, Linux, Android 4.4 o superior<\/td>\n<\/tr>\n<\/tbody>\n<\/table>\n<\/div>\n<div class=\"col-md-6 pl-md-6\">\n<div class=\"d-flex flex-wrap\">\n<div class=\"icon-box icon-box-side icon-border mb-4 mr-5\">\n<div class=\"icon-box-icon mr-4\"><\/div>\n<div class=\"icon-box-content\">\n<h4 class=\"icon-box-title text-normal lh-1 pt-3 ls-s\">1 a\u00f1o de garant\u00eda<\/h4>\n<p class=\"icon-box-desc mb-0\">Garant\u00eda de calidad<\/p>\n<p>&nbsp;<\/p>\n<\/div>\n<p>&nbsp;<\/p>\n<\/div>\n<p>&nbsp;<\/p>\n<\/div>\n<p>&nbsp;<\/p>\n<\/div>\n<\/div>\n<\/div>\n<\/div>\n<\/div>\n<\/div>\n<div class=\" elementor-element elementor-element-5a055d3 elementor-widget elementor-widget-riode_widget_heading\" data-id=\"5a055d3\" data-element_type=\"widget\" data-widget_type=\"riode_widget_heading.default\">\n<div class=\"elementor-widget-container\">\n<div class=\"title-wrapper title-cross title-center\"><\/div>\n<\/div>\n<\/div>\n","protected":false},"excerpt":{"rendered":"<p>Caracter\u00edsticas El **Volkano Krypton Series Wired Keyboard &amp; Mouse Combo** combina un teclado resistente a derrames y un mouse \u00f3ptico ergon\u00f3mico, dise\u00f1ados para una experiencia de uso c\u00f3moda y eficiente. Este combo es ideal para usuarios de Windows, MacOS, Linux y Android, ofreciendo funcionalidad y compatibilidad universal. Teclado resistente a derrames Dise\u00f1o ergon\u00f3mico para un &hellip;<\/p>\n<p class=\"read-more\"> <a class=\" thunk-readmore button \" href=\"https:\/\/techno-rc.com.ar\/tienda\/producto\/volkano-krypton-combo-teclado-y-mouse-cableado\/\"> <span class=\"screen-reader-text\">Volkano Krypton Combo teclado y mouse cableado<\/span>Leer m\u00e1s<\/a><\/p>\n","protected":false},"featured_media":2936,"comment_status":"open","ping_status":"closed","template":"","meta":{"advanced_seo_description":"","jetpack_seo_html_title":"","jetpack_seo_noindex":false,"_joinchat":[]},"product_brand":[],"product_cat":[53,33,36],"product_tag":[],"class_list":{"0":"post-2935","1":"product","2":"type-product","3":"status-publish","4":"has-post-thumbnail","6":"product_cat-combo-teclado-y-mouse","7":"product_cat-insformatica","8":"product_cat-linea-volkano","9":"thunk-woo-product-list","10":"opn-qv-enable","11":"open-woo-hover-none","12":"open-single-product-tab-horizontal","13":"open-shadow-","14":"open-shadow-hover-","16":"first","17":"instock","18":"taxable","19":"shipping-taxable","20":"purchasable","21":"product-type-simple"},"jetpack_sharing_enabled":true,"_links":{"self":[{"href":"https:\/\/techno-rc.com.ar\/tienda\/wp-json\/wp\/v2\/product\/2935","targetHints":{"allow":["GET"]}}],"collection":[{"href":"https:\/\/techno-rc.com.ar\/tienda\/wp-json\/wp\/v2\/product"}],"about":[{"href":"https:\/\/techno-rc.com.ar\/tienda\/wp-json\/wp\/v2\/types\/product"}],"replies":[{"embeddable":true,"href":"https:\/\/techno-rc.com.ar\/tienda\/wp-json\/wp\/v2\/comments?post=2935"}],"wp:featuredmedia":[{"embeddable":true,"href":"https:\/\/techno-rc.com.ar\/tienda\/wp-json\/wp\/v2\/media\/2936"}],"wp:attachment":[{"href":"https:\/\/techno-rc.com.ar\/tienda\/wp-json\/wp\/v2\/media?parent=2935"}],"wp:term":[{"taxonomy":"product_brand","embeddable":true,"href":"https:\/\/techno-rc.com.ar\/tienda\/wp-json\/wp\/v2\/product_brand?post=2935"},{"taxonomy":"product_cat","embeddable":true,"href":"https:\/\/techno-rc.com.ar\/tienda\/wp-json\/wp\/v2\/product_cat?post=2935"},{"taxonomy":"product_tag","embeddable":true,"href":"https:\/\/techno-rc.com.ar\/tienda\/wp-json\/wp\/v2\/product_tag?post=2935"}],"curies":[{"name":"wp","href":"https:\/\/api.w.org\/{rel}","templated":true}]}}