{"id":3079,"date":"2025-04-29T12:55:37","date_gmt":"2025-04-29T15:55:37","guid":{"rendered":"https:\/\/techno-rc.com.ar\/tienda\/?post_type=product&#038;p=3079"},"modified":"2025-06-28T19:36:39","modified_gmt":"2025-06-28T22:36:39","slug":"strike-series-mfi-lightning-1-2m","status":"publish","type":"product","link":"https:\/\/techno-rc.com.ar\/tienda\/producto\/strike-series-mfi-lightning-1-2m\/","title":{"rendered":"Strike series MFI Lightning (1.2m)"},"content":{"rendered":"<div class=\"col-md-6\">\n<h5 class=\"mb-4\">Caracter\u00edsticas<\/h5>\n<p class=\"mb-2\">El Strike series MFI Lightning (1.2m) es un cable Lightning de alta calidad, certificado por Apple para garantizar la compatibilidad con todos los dispositivos iOS. Con una longitud de 1.2 metros, este cable reforzado es perfecto para la carga r\u00e1pida y la transferencia de datos en dispositivos Apple, como iPhone, iPad y iPod. Su construcci\u00f3n duradera asegura una larga vida \u00fatil y un rendimiento confiable.<\/p>\n<ul class=\"list-type-none list-type-check mt-0 mb-8\">\n<li>Longitud del cable: 1.2 metros \/ 4 pies<\/li>\n<li>Cable reforzado<\/li>\n<li>Carga y transferencia de datos<\/li>\n<li>Compatible con iPhone, iPad, iPod<\/li>\n<\/ul>\n<h5 class=\"mb-3\">Especificaciones<\/h5>\n<ul>\n<li style=\"list-style-type: none\">\n<ul>\n<li>\n<h5>Especificaciones<\/h5>\n<\/li>\n<\/ul>\n<\/li>\n<\/ul>\n<table class=\"table spec-table\">\n<tbody>\n<tr>\n<th>Longitud<\/th>\n<td>1.2 metros \/ 4 pies<\/td>\n<\/tr>\n<tr>\n<th>Reforzado<\/th>\n<td>Cable reforzado<\/td>\n<\/tr>\n<tr>\n<th>Funci\u00f3n<\/th>\n<td>Carga y transferencia de datos<\/td>\n<\/tr>\n<tr>\n<th>Compatibilidad<\/th>\n<td>iPhone, iPad, iPod<\/td>\n<\/tr>\n<\/tbody>\n<\/table>\n<\/div>\n<div class=\"col-md-6 pl-md-6\">\n<div class=\"d-flex flex-wrap\">\n<div class=\"icon-box icon-box-side icon-border mb-4 mr-5\">\n<div class=\"icon-box-icon mr-4\">\n<p>&nbsp;<\/p>\n<p>&nbsp;<\/p>\n<p>&nbsp;<\/p>\n<\/div>\n<div class=\"icon-box-content\">\n<h4 class=\"icon-box-title text-normal lh-1 pt-3 ls-s\">1 a\u00f1o de garantia<\/h4>\n<p class=\"icon-box-desc mb-0\">Garantia de verdad<\/p>\n<p>&nbsp;<\/p>\n<\/div>\n<p>&nbsp;<\/p>\n<\/div>\n<\/div>\n<\/div>\n","protected":false},"excerpt":{"rendered":"<p>Caracter\u00edsticas El Strike series MFI Lightning (1.2m) es un cable Lightning de alta calidad, certificado por Apple para garantizar la compatibilidad con todos los dispositivos iOS. Con una longitud de 1.2 metros, este cable reforzado es perfecto para la carga r\u00e1pida y la transferencia de datos en dispositivos Apple, como iPhone, iPad y iPod. Su &hellip;<\/p>\n<p class=\"read-more\"> <a class=\" thunk-readmore button \" href=\"https:\/\/techno-rc.com.ar\/tienda\/producto\/strike-series-mfi-lightning-1-2m\/\"> <span class=\"screen-reader-text\">Strike series MFI Lightning (1.2m)<\/span>Leer m\u00e1s<\/a><\/p>\n","protected":false},"featured_media":3080,"comment_status":"open","ping_status":"closed","template":"","meta":{"advanced_seo_description":"","jetpack_seo_html_title":"","jetpack_seo_noindex":false,"_joinchat":[]},"product_brand":[],"product_cat":[48,33,36],"product_tag":[],"class_list":{"0":"post-3079","1":"product","2":"type-product","3":"status-publish","4":"has-post-thumbnail","6":"product_cat-cables","7":"product_cat-insformatica","8":"product_cat-linea-volkano","9":"thunk-woo-product-list","10":"opn-qv-enable","11":"open-woo-hover-none","12":"open-single-product-tab-horizontal","13":"open-shadow-","14":"open-shadow-hover-","16":"first","17":"instock","18":"taxable","19":"shipping-taxable","20":"purchasable","21":"product-type-simple"},"jetpack_sharing_enabled":true,"_links":{"self":[{"href":"https:\/\/techno-rc.com.ar\/tienda\/wp-json\/wp\/v2\/product\/3079","targetHints":{"allow":["GET"]}}],"collection":[{"href":"https:\/\/techno-rc.com.ar\/tienda\/wp-json\/wp\/v2\/product"}],"about":[{"href":"https:\/\/techno-rc.com.ar\/tienda\/wp-json\/wp\/v2\/types\/product"}],"replies":[{"embeddable":true,"href":"https:\/\/techno-rc.com.ar\/tienda\/wp-json\/wp\/v2\/comments?post=3079"}],"wp:featuredmedia":[{"embeddable":true,"href":"https:\/\/techno-rc.com.ar\/tienda\/wp-json\/wp\/v2\/media\/3080"}],"wp:attachment":[{"href":"https:\/\/techno-rc.com.ar\/tienda\/wp-json\/wp\/v2\/media?parent=3079"}],"wp:term":[{"taxonomy":"product_brand","embeddable":true,"href":"https:\/\/techno-rc.com.ar\/tienda\/wp-json\/wp\/v2\/product_brand?post=3079"},{"taxonomy":"product_cat","embeddable":true,"href":"https:\/\/techno-rc.com.ar\/tienda\/wp-json\/wp\/v2\/product_cat?post=3079"},{"taxonomy":"product_tag","embeddable":true,"href":"https:\/\/techno-rc.com.ar\/tienda\/wp-json\/wp\/v2\/product_tag?post=3079"}],"curies":[{"name":"wp","href":"https:\/\/api.w.org\/{rel}","templated":true}]}}