{"id":3149,"date":"2025-04-29T10:33:08","date_gmt":"2025-04-29T13:33:08","guid":{"rendered":"https:\/\/techno-rc.com.ar\/tienda\/?post_type=product&#038;p=3149"},"modified":"2025-06-28T19:36:41","modified_gmt":"2025-06-28T22:36:41","slug":"mini-mamba-2-0-series-bluetooth-parlante-negro","status":"publish","type":"product","link":"https:\/\/techno-rc.com.ar\/tienda\/producto\/mini-mamba-2-0-series-bluetooth-parlante-negro\/","title":{"rendered":"Mini Mamba 2.0 Series Bluetooth Parlante- Negro"},"content":{"rendered":"<div class=\"col-md-6\">\n<h5 class=\"mb-4\">Caracter\u00edsticas<\/h5>\n<p class=\"mb-2\">El parlante Mini Mamba 2.0 ofrece hasta 7 horas de reproducci\u00f3n con tecnolog\u00eda Bluetooth V5.3 para una conexi\u00f3n estable. Incluye entradas USB y AUX y una correa de transporte para f\u00e1cil portabilidad. Su bater\u00eda de 1500 mAh se carga en 3 horas y es resistente al agua con clasificaci\u00f3n IPX5. Con una potencia de salida de 7 W RMS, este parlante proporciona un sonido claro y potente en cualquier lugar.<\/p>\n<ul class=\"list-type-none list-type-check mt-0 mb-8\">\n<li>Tecnolog\u00eda Bluetooth Inal\u00e1mbrica<\/li>\n<li>Entradas USB y AUX<\/li>\n<li>Hasta 7 Horas de Reproducci\u00f3n<\/li>\n<li>Correa de Transporte<\/li>\n<\/ul>\n<h5 class=\"mb-3\">Especificaciones<\/h5>\n<ul>\n<li style=\"list-style-type: none;\">\n<ul>\n<li>Bluetooth<\/li>\n<\/ul>\n<\/li>\n<\/ul>\n<table class=\"table\">\n<tbody>\n<tr>\n<th class=\"font-primary font-weight-semi-bold text-dark pl-0\" scope=\"row\">Versi\u00f3n<\/th>\n<td class=\"pl-4\">V5.3<\/td>\n<\/tr>\n<tr>\n<th class=\"font-primary font-weight-semi-bold text-dark pl-0\" scope=\"row\">Chipset<\/th>\n<td class=\"pl-4\">JL AC6965A<\/td>\n<\/tr>\n<tr>\n<th class=\"font-primary font-weight-semi-bold text-dark pl-0\" scope=\"row\">Perfiles<\/th>\n<td class=\"pl-4\">A2DP, AVRCP, HFP<\/td>\n<\/tr>\n<tr>\n<th class=\"font-primary font-weight-semi-bold text-dark pl-0\" scope=\"row\">Rango<\/th>\n<td class=\"pl-4\">10 m<\/td>\n<\/tr>\n<\/tbody>\n<\/table>\n<ul>\n<li style=\"list-style-type: none;\">\n<ul>\n<li>Bater\u00eda<\/li>\n<\/ul>\n<\/li>\n<\/ul>\n<table class=\"table\">\n<tbody>\n<tr>\n<th class=\"font-primary font-weight-semi-bold text-dark pl-0\" scope=\"row\">Tipo<\/th>\n<td class=\"pl-4\">Li-ion, 3.7 V, 1500 mAh<\/td>\n<\/tr>\n<tr>\n<th class=\"font-primary font-weight-semi-bold text-dark pl-0\" scope=\"row\">Tiempo de Carga<\/th>\n<td class=\"pl-4\">3 Horas (v\u00eda 5 V, 2 A)<\/td>\n<\/tr>\n<tr>\n<th class=\"font-primary font-weight-semi-bold text-dark pl-0\" scope=\"row\">Entrada de Carga<\/th>\n<td class=\"pl-4\">DC 5 V, 1 A<\/td>\n<\/tr>\n<tr>\n<th class=\"font-primary font-weight-semi-bold text-dark pl-0\" scope=\"row\">Tiempo de Reproducci\u00f3n<\/th>\n<td class=\"pl-4\">7 Horas a 50% volumen, 3 Horas a 100% volumen<\/td>\n<\/tr>\n<\/tbody>\n<\/table>\n<ul>\n<li style=\"list-style-type: none;\">\n<ul>\n<li>Otros<\/li>\n<\/ul>\n<\/li>\n<\/ul>\n<table class=\"table\">\n<tbody>\n<tr>\n<th class=\"font-primary font-weight-semi-bold text-dark pl-0\" scope=\"row\">Tama\u00f1o M\u00e1ximo de Unidad USB<\/th>\n<td class=\"pl-4\">32 GB (M\u00e1x)<\/td>\n<\/tr>\n<tr>\n<th class=\"font-primary font-weight-semi-bold text-dark pl-0\" scope=\"row\">Relaci\u00f3n Se\u00f1al-Ruido<\/th>\n<td class=\"pl-4\">\u226580 dB<\/td>\n<\/tr>\n<tr>\n<th class=\"font-primary font-weight-semi-bold text-dark pl-0\" scope=\"row\">Sensibilidad<\/th>\n<td class=\"pl-4\">88 dB<\/td>\n<\/tr>\n<tr>\n<th class=\"font-primary font-weight-semi-bold text-dark pl-0\" scope=\"row\">Potencia Total de Salida<\/th>\n<td class=\"pl-4\">7 W RMS<\/td>\n<\/tr>\n<tr>\n<th class=\"font-primary font-weight-semi-bold text-dark pl-0\" scope=\"row\">Resistencia al Agua + Clasificaci\u00f3n IPX<\/th>\n<td class=\"pl-4\">IPX5<\/td>\n<\/tr>\n<\/tbody>\n<\/table>\n<\/div>\n<div class=\"col-md-6 pl-md-6\">\n<div class=\"d-flex flex-wrap\">\n<div class=\"icon-box icon-box-side icon-border mb-4 mr-5\">\n<div class=\"icon-box-icon mr-4\">\n<p>&nbsp;<\/p>\n<p>&nbsp;<\/p>\n<p>&nbsp;<\/p>\n<\/div>\n<div class=\"icon-box-content\">\n<h4 class=\"icon-box-title text-normal lh-1 pt-3 ls-s\">1 a\u00f1o de garantia<\/h4>\n<p class=\"icon-box-desc mb-0\">Grantia de verdad<\/p>\n<p>&nbsp;<\/p>\n<\/div>\n<p>&nbsp;<\/p>\n<\/div>\n<\/div>\n<\/div>\n","protected":false},"excerpt":{"rendered":"<p>Caracter\u00edsticas El parlante Mini Mamba 2.0 ofrece hasta 7 horas de reproducci\u00f3n con tecnolog\u00eda Bluetooth V5.3 para una conexi\u00f3n estable. Incluye entradas USB y AUX y una correa de transporte para f\u00e1cil portabilidad. Su bater\u00eda de 1500 mAh se carga en 3 horas y es resistente al agua con clasificaci\u00f3n IPX5. Con una potencia de &hellip;<\/p>\n<p class=\"read-more\"> <a class=\" thunk-readmore button \" href=\"https:\/\/techno-rc.com.ar\/tienda\/producto\/mini-mamba-2-0-series-bluetooth-parlante-negro\/\"> <span class=\"screen-reader-text\">Mini Mamba 2.0 Series Bluetooth Parlante- Negro<\/span>Leer m\u00e1s<\/a><\/p>\n","protected":false},"featured_media":3150,"comment_status":"open","ping_status":"closed","template":"","meta":{"advanced_seo_description":"","jetpack_seo_html_title":"","jetpack_seo_noindex":false,"_joinchat":[]},"product_brand":[],"product_cat":[33,36,49],"product_tag":[],"class_list":{"0":"post-3149","1":"product","2":"type-product","3":"status-publish","4":"has-post-thumbnail","6":"product_cat-insformatica","7":"product_cat-linea-volkano","8":"product_cat-parlantes","9":"thunk-woo-product-list","10":"opn-qv-enable","11":"open-woo-hover-none","12":"open-single-product-tab-horizontal","13":"open-shadow-","14":"open-shadow-hover-","16":"first","17":"instock","18":"taxable","19":"shipping-taxable","20":"purchasable","21":"product-type-simple"},"jetpack_sharing_enabled":true,"_links":{"self":[{"href":"https:\/\/techno-rc.com.ar\/tienda\/wp-json\/wp\/v2\/product\/3149","targetHints":{"allow":["GET"]}}],"collection":[{"href":"https:\/\/techno-rc.com.ar\/tienda\/wp-json\/wp\/v2\/product"}],"about":[{"href":"https:\/\/techno-rc.com.ar\/tienda\/wp-json\/wp\/v2\/types\/product"}],"replies":[{"embeddable":true,"href":"https:\/\/techno-rc.com.ar\/tienda\/wp-json\/wp\/v2\/comments?post=3149"}],"wp:featuredmedia":[{"embeddable":true,"href":"https:\/\/techno-rc.com.ar\/tienda\/wp-json\/wp\/v2\/media\/3150"}],"wp:attachment":[{"href":"https:\/\/techno-rc.com.ar\/tienda\/wp-json\/wp\/v2\/media?parent=3149"}],"wp:term":[{"taxonomy":"product_brand","embeddable":true,"href":"https:\/\/techno-rc.com.ar\/tienda\/wp-json\/wp\/v2\/product_brand?post=3149"},{"taxonomy":"product_cat","embeddable":true,"href":"https:\/\/techno-rc.com.ar\/tienda\/wp-json\/wp\/v2\/product_cat?post=3149"},{"taxonomy":"product_tag","embeddable":true,"href":"https:\/\/techno-rc.com.ar\/tienda\/wp-json\/wp\/v2\/product_tag?post=3149"}],"curies":[{"name":"wp","href":"https:\/\/api.w.org\/{rel}","templated":true}]}}