{"id":3271,"date":"2025-04-28T13:06:13","date_gmt":"2025-04-28T16:06:13","guid":{"rendered":"https:\/\/techno-rc.com.ar\/tienda\/?post_type=product&#038;p=3271"},"modified":"2025-06-28T19:36:42","modified_gmt":"2025-06-28T22:36:42","slug":"x-python-series-bluetooth-parlante","status":"publish","type":"product","link":"https:\/\/techno-rc.com.ar\/tienda\/producto\/x-python-series-bluetooth-parlante\/","title":{"rendered":"X Python Series Bluetooth Parlante"},"content":{"rendered":"<div class=\"col-md-6\">\n<h5 class=\"mb-4\">Caracter\u00edsticas<\/h5>\n<p class=\"mb-2\">El X Python Series Bluetooth Parlante est\u00e1 dise\u00f1ado para ofrecer una experiencia de sonido inmersiva y vers\u00e1til. Con su resistencia al agua IPX6 y efectos de luces RGB, este parlante es perfecto para exteriores y fiestas. Su bater\u00eda de larga duraci\u00f3n, junto con la capacidad de reproducir m\u00fasica a trav\u00e9s de USB, AUX y Bluetooth, lo convierte en un compa\u00f1ero ideal para cualquier ocasi\u00f3n. Adem\u00e1s, incluye una correa ajustable para facilitar su transporte.<\/p>\n<ul class=\"list-type-none list-type-check mt-0 mb-8\">\n<li>Tecnolog\u00eda Bluetooth<\/li>\n<li>Entradas USB y AUX<\/li>\n<li>Funci\u00f3n de manos libres<\/li>\n<li>Asistente de voz<\/li>\n<li>Radio FM<\/li>\n<li>Efectos de luces RGB<\/li>\n<li>Hasta 6 horas de reproducci\u00f3n<\/li>\n<li>Correa ajustable para el hombro<\/li>\n<li>Resistencia al agua IPX6<\/li>\n<li>Pico de 20 W<\/li>\n<\/ul>\n<h5 class=\"mb-3\">Especificaciones<\/h5>\n<ul>\n<li style=\"list-style-type: none;\">\n<ul>\n<li>\n<h5>Bluetooth<\/h5>\n<\/li>\n<\/ul>\n<\/li>\n<\/ul>\n<table class=\"table spec-table\">\n<tbody>\n<tr>\n<th>Versi\u00f3n<\/th>\n<td>V5.0<\/td>\n<\/tr>\n<tr>\n<th>Chipset<\/th>\n<td>MVSILICON<\/td>\n<\/tr>\n<tr>\n<th>Perfiles<\/th>\n<td>A2DP \/ AVRCP \/ HFP<\/td>\n<\/tr>\n<tr>\n<th>Rango<\/th>\n<td>10 m \/ 33 ft<\/td>\n<\/tr>\n<\/tbody>\n<\/table>\n<ul>\n<li style=\"list-style-type: none;\">\n<ul>\n<li>\n<h5>Parlante<\/h5>\n<\/li>\n<\/ul>\n<\/li>\n<\/ul>\n<table class=\"table spec-table\">\n<tbody>\n<tr>\n<th>Driver<\/th>\n<td>2 x 3\u201d<\/td>\n<\/tr>\n<tr>\n<th>Impedancia<\/th>\n<td>4 \u03a9<\/td>\n<\/tr>\n<tr>\n<th>Sensibilidad<\/th>\n<td>86 dB<\/td>\n<\/tr>\n<tr>\n<th>Respuesta de Frecuencia<\/th>\n<td>100 Hz \u2013 20 kHz<\/td>\n<\/tr>\n<tr>\n<th>Relaci\u00f3n Se\u00f1al-Ruido<\/th>\n<td>\u2265 72 dB<\/td>\n<\/tr>\n<tr>\n<th>Potencia de Suministro<\/th>\n<td>5 V DC, 1 A<\/td>\n<\/tr>\n<tr>\n<th>Potencia RMS<\/th>\n<td>2 x 7 W RMS = 14 W RMS \/ 20 W Pico<\/td>\n<\/tr>\n<tr>\n<th>Tama\u00f1o del Producto<\/th>\n<td>283 (L) x 123 (W) x 126 (H) mm<\/td>\n<\/tr>\n<\/tbody>\n<\/table>\n<ul>\n<li style=\"list-style-type: none;\">\n<ul>\n<li>\n<h5>Bater\u00eda<\/h5>\n<\/li>\n<\/ul>\n<\/li>\n<\/ul>\n<table class=\"table spec-table\">\n<tbody>\n<tr>\n<th>Capacidad<\/th>\n<td>6000 mAh<\/td>\n<\/tr>\n<tr>\n<th>Tipo<\/th>\n<td>Litio-i\u00f3n<\/td>\n<\/tr>\n<tr>\n<th>Tiempo de Carga<\/th>\n<td>4 Horas<\/td>\n<\/tr>\n<tr>\n<th>Tiempo de Reproducci\u00f3n<\/th>\n<td>3 \u2013 6 Horas<\/td>\n<\/tr>\n<tr>\n<th>Tama\u00f1o M\u00e1ximo para USB<\/th>\n<td>128 GB<\/td>\n<\/tr>\n<\/tbody>\n<\/table>\n<\/div>\n<div class=\"col-md-6 pl-md-6\">\n<div class=\"d-flex flex-wrap\">\n<div class=\"icon-box icon-box-side icon-border mb-4 mr-5\">\n<div class=\"icon-box-icon mr-4\">\n<p>&nbsp;<\/p>\n<p>&nbsp;<\/p>\n<p>&nbsp;<\/p>\n<\/div>\n<div class=\"icon-box-content\">\n<h4 class=\"icon-box-title text-normal lh-1 pt-3 ls-s\">1 a\u00f1o de garantia<\/h4>\n<p class=\"icon-box-desc mb-0\">Garantia de verdad<\/p>\n<p>&nbsp;<\/p>\n<\/div>\n<p>&nbsp;<\/p>\n<\/div>\n<\/div>\n<\/div>\n","protected":false},"excerpt":{"rendered":"<p>Caracter\u00edsticas El X Python Series Bluetooth Parlante est\u00e1 dise\u00f1ado para ofrecer una experiencia de sonido inmersiva y vers\u00e1til. Con su resistencia al agua IPX6 y efectos de luces RGB, este parlante es perfecto para exteriores y fiestas. Su bater\u00eda de larga duraci\u00f3n, junto con la capacidad de reproducir m\u00fasica a trav\u00e9s de USB, AUX y &hellip;<\/p>\n<p class=\"read-more\"> <a class=\" thunk-readmore button \" href=\"https:\/\/techno-rc.com.ar\/tienda\/producto\/x-python-series-bluetooth-parlante\/\"> <span class=\"screen-reader-text\">X Python Series Bluetooth Parlante<\/span>Leer m\u00e1s<\/a><\/p>\n","protected":false},"featured_media":3272,"comment_status":"open","ping_status":"closed","template":"","meta":{"advanced_seo_description":"","jetpack_seo_html_title":"","jetpack_seo_noindex":false,"_joinchat":[]},"product_brand":[],"product_cat":[33,36,49],"product_tag":[],"class_list":{"0":"post-3271","1":"product","2":"type-product","3":"status-publish","4":"has-post-thumbnail","6":"product_cat-insformatica","7":"product_cat-linea-volkano","8":"product_cat-parlantes","9":"thunk-woo-product-list","10":"opn-qv-enable","11":"open-woo-hover-none","12":"open-single-product-tab-horizontal","13":"open-shadow-","14":"open-shadow-hover-","16":"first","17":"instock","18":"taxable","19":"shipping-taxable","20":"purchasable","21":"product-type-simple"},"jetpack_sharing_enabled":true,"_links":{"self":[{"href":"https:\/\/techno-rc.com.ar\/tienda\/wp-json\/wp\/v2\/product\/3271","targetHints":{"allow":["GET"]}}],"collection":[{"href":"https:\/\/techno-rc.com.ar\/tienda\/wp-json\/wp\/v2\/product"}],"about":[{"href":"https:\/\/techno-rc.com.ar\/tienda\/wp-json\/wp\/v2\/types\/product"}],"replies":[{"embeddable":true,"href":"https:\/\/techno-rc.com.ar\/tienda\/wp-json\/wp\/v2\/comments?post=3271"}],"wp:featuredmedia":[{"embeddable":true,"href":"https:\/\/techno-rc.com.ar\/tienda\/wp-json\/wp\/v2\/media\/3272"}],"wp:attachment":[{"href":"https:\/\/techno-rc.com.ar\/tienda\/wp-json\/wp\/v2\/media?parent=3271"}],"wp:term":[{"taxonomy":"product_brand","embeddable":true,"href":"https:\/\/techno-rc.com.ar\/tienda\/wp-json\/wp\/v2\/product_brand?post=3271"},{"taxonomy":"product_cat","embeddable":true,"href":"https:\/\/techno-rc.com.ar\/tienda\/wp-json\/wp\/v2\/product_cat?post=3271"},{"taxonomy":"product_tag","embeddable":true,"href":"https:\/\/techno-rc.com.ar\/tienda\/wp-json\/wp\/v2\/product_tag?post=3271"}],"curies":[{"name":"wp","href":"https:\/\/api.w.org\/{rel}","templated":true}]}}