{"id":3285,"date":"2025-04-28T12:58:55","date_gmt":"2025-04-28T15:58:55","guid":{"rendered":"https:\/\/techno-rc.com.ar\/tienda\/?post_type=product&#038;p=3285"},"modified":"2025-06-28T19:36:42","modified_gmt":"2025-06-28T22:36:42","slug":"x-vxs200-portable-bluetooth-parlante-negro","status":"publish","type":"product","link":"https:\/\/techno-rc.com.ar\/tienda\/producto\/x-vxs200-portable-bluetooth-parlante-negro\/","title":{"rendered":"X VXS200 Portable Bluetooth Parlante Negro"},"content":{"rendered":"<div class=\"col-md-6\">\n<h5 class=\"mb-4\">Caracter\u00edsticas<\/h5>\n<p class=\"mb-2\">El X VXS200 Portable Bluetooth Parlante Negro combina durabilidad y calidad de sonido en un dise\u00f1o compacto y port\u00e1til. Con una clasificaci\u00f3n de resistencia al agua IPX5, este altavoz es perfecto para aventuras al aire libre. Su funci\u00f3n de emparejamiento inal\u00e1mbrico verdadero (TWS) permite conectar dos altavoces para una experiencia est\u00e9reo envolvente. Equipado con Bluetooth 5.1, proporciona una conexi\u00f3n estable con un alcance de hasta 10 metros. La bater\u00eda recargable de 1800 mAh ofrece hasta 10 horas de reproducci\u00f3n a volumen medio, asegurando que la m\u00fasica nunca se detenga.<\/p>\n<ul class=\"list-type-none list-type-check mt-0 mb-8\">\n<li>Resistencia al agua IPX5.<\/li>\n<li>Emparejamiento inal\u00e1mbrico verdadero (TWS).<\/li>\n<li>Hasta 10 horas de tiempo de reproducci\u00f3n.<\/li>\n<\/ul>\n<h5 class=\"mb-3\">Especificaciones<\/h5>\n<ul>\n<li style=\"list-style-type: none;\">\n<ul>\n<li>Bluetooth<\/li>\n<\/ul>\n<\/li>\n<\/ul>\n<table class=\"table\">\n<tbody>\n<tr>\n<th class=\"font-primary font-weight-semi-bold text-dark pl-0\" scope=\"row\">Chipset<\/th>\n<td class=\"pl-4\">JL, AC6951C<\/td>\n<\/tr>\n<tr>\n<th class=\"font-primary font-weight-semi-bold text-dark pl-0\" scope=\"row\">Version<\/th>\n<td class=\"pl-4\">5.1<\/td>\n<\/tr>\n<tr>\n<th class=\"font-primary font-weight-semi-bold text-dark pl-0\" scope=\"row\">Profile<\/th>\n<td class=\"pl-4\">A2DP, AVRCP, HFP<\/td>\n<\/tr>\n<tr>\n<th class=\"font-primary font-weight-semi-bold text-dark pl-0\" scope=\"row\">Operating Distance<\/th>\n<td class=\"pl-4\">Up to 10m<\/td>\n<\/tr>\n<\/tbody>\n<\/table>\n<ul>\n<li style=\"list-style-type: none;\">\n<ul>\n<li>Battery<\/li>\n<\/ul>\n<\/li>\n<\/ul>\n<table class=\"table\">\n<tbody>\n<tr>\n<th class=\"font-primary font-weight-semi-bold text-dark pl-0\" scope=\"row\">Type<\/th>\n<td class=\"pl-4\">Rechargeable Li-Ion<\/td>\n<\/tr>\n<tr>\n<th class=\"font-primary font-weight-semi-bold text-dark pl-0\" scope=\"row\">Capacity<\/th>\n<td class=\"pl-4\">7.4 V, 1800 mAh<\/td>\n<\/tr>\n<tr>\n<th class=\"font-primary font-weight-semi-bold text-dark pl-0\" scope=\"row\">Charge Input<\/th>\n<td class=\"pl-4\">5 V DC, 1.8 A<\/td>\n<\/tr>\n<tr>\n<th class=\"font-primary font-weight-semi-bold text-dark pl-0\" scope=\"row\">Charge Time<\/th>\n<td class=\"pl-4\">3 Hours<\/td>\n<\/tr>\n<tr>\n<th class=\"font-primary font-weight-semi-bold text-dark pl-0\" scope=\"row\">Playback Time<\/th>\n<td class=\"pl-4\">10 Hours at 50% Volume, 2 Hours at 100% Volume<\/td>\n<\/tr>\n<\/tbody>\n<\/table>\n<ul>\n<li style=\"list-style-type: none;\">\n<ul>\n<li>Speaker<\/li>\n<\/ul>\n<\/li>\n<\/ul>\n<table class=\"table\">\n<tbody>\n<tr>\n<th class=\"font-primary font-weight-semi-bold text-dark pl-0\" scope=\"row\">Frequency Response<\/th>\n<td class=\"pl-4\">80 Hz \u2013 16 kHz<\/td>\n<\/tr>\n<tr>\n<th class=\"font-primary font-weight-semi-bold text-dark pl-0\" scope=\"row\">Driver Size<\/th>\n<td class=\"pl-4\">51 mm<\/td>\n<\/tr>\n<tr>\n<th class=\"font-primary font-weight-semi-bold text-dark pl-0\" scope=\"row\">Unit Size<\/th>\n<td class=\"pl-4\">2.5 in<\/td>\n<\/tr>\n<tr>\n<th class=\"font-primary font-weight-semi-bold text-dark pl-0\" scope=\"row\">Number of Speakers<\/th>\n<td class=\"pl-4\">2<\/td>\n<\/tr>\n<tr>\n<th class=\"font-primary font-weight-semi-bold text-dark pl-0\" scope=\"row\">Signal-to-Noise Ratio<\/th>\n<td class=\"pl-4\">80 dB<\/td>\n<\/tr>\n<tr>\n<th class=\"font-primary font-weight-semi-bold text-dark pl-0\" scope=\"row\">Nominal Power per Speaker<\/th>\n<td class=\"pl-4\">10 W RMS<\/td>\n<\/tr>\n<tr>\n<th class=\"font-primary font-weight-semi-bold text-dark pl-0\" scope=\"row\">Sensitivity<\/th>\n<td class=\"pl-4\">88 dB<\/td>\n<\/tr>\n<tr>\n<th class=\"font-primary font-weight-semi-bold text-dark pl-0\" scope=\"row\">Impedance<\/th>\n<td class=\"pl-4\">4\u03a9<\/td>\n<\/tr>\n<\/tbody>\n<\/table>\n<\/div>\n<div class=\"col-md-6 pl-md-6\">\n<div class=\"d-flex flex-wrap\">\n<div class=\"icon-box icon-box-side icon-border mb-4 mr-5\">\n<div class=\"icon-box-icon mr-4\">\n<p>&nbsp;<\/p>\n<p>&nbsp;<\/p>\n<p>&nbsp;<\/p>\n<\/div>\n<div class=\"icon-box-content\">\n<h4 class=\"icon-box-title text-normal lh-1 pt-3 ls-s\">1 a\u00f1o de garantia<\/h4>\n<p class=\"icon-box-desc mb-0\">Garantia de verdad<\/p>\n<p>&nbsp;<\/p>\n<\/div>\n<p>&nbsp;<\/p>\n<\/div>\n<\/div>\n<\/div>\n","protected":false},"excerpt":{"rendered":"<p>Caracter\u00edsticas El X VXS200 Portable Bluetooth Parlante Negro combina durabilidad y calidad de sonido en un dise\u00f1o compacto y port\u00e1til. Con una clasificaci\u00f3n de resistencia al agua IPX5, este altavoz es perfecto para aventuras al aire libre. Su funci\u00f3n de emparejamiento inal\u00e1mbrico verdadero (TWS) permite conectar dos altavoces para una experiencia est\u00e9reo envolvente. Equipado con &hellip;<\/p>\n<p class=\"read-more\"> <a class=\" thunk-readmore button \" href=\"https:\/\/techno-rc.com.ar\/tienda\/producto\/x-vxs200-portable-bluetooth-parlante-negro\/\"> <span class=\"screen-reader-text\">X VXS200 Portable Bluetooth Parlante Negro<\/span>Leer m\u00e1s<\/a><\/p>\n","protected":false},"featured_media":3286,"comment_status":"open","ping_status":"closed","template":"","meta":{"advanced_seo_description":"","jetpack_seo_html_title":"","jetpack_seo_noindex":false,"_joinchat":[]},"product_brand":[],"product_cat":[33,36,49],"product_tag":[],"class_list":{"0":"post-3285","1":"product","2":"type-product","3":"status-publish","4":"has-post-thumbnail","6":"product_cat-insformatica","7":"product_cat-linea-volkano","8":"product_cat-parlantes","9":"thunk-woo-product-list","10":"opn-qv-enable","11":"open-woo-hover-none","12":"open-single-product-tab-horizontal","13":"open-shadow-","14":"open-shadow-hover-","16":"first","17":"instock","18":"taxable","19":"shipping-taxable","20":"purchasable","21":"product-type-simple"},"jetpack_sharing_enabled":true,"_links":{"self":[{"href":"https:\/\/techno-rc.com.ar\/tienda\/wp-json\/wp\/v2\/product\/3285","targetHints":{"allow":["GET"]}}],"collection":[{"href":"https:\/\/techno-rc.com.ar\/tienda\/wp-json\/wp\/v2\/product"}],"about":[{"href":"https:\/\/techno-rc.com.ar\/tienda\/wp-json\/wp\/v2\/types\/product"}],"replies":[{"embeddable":true,"href":"https:\/\/techno-rc.com.ar\/tienda\/wp-json\/wp\/v2\/comments?post=3285"}],"wp:featuredmedia":[{"embeddable":true,"href":"https:\/\/techno-rc.com.ar\/tienda\/wp-json\/wp\/v2\/media\/3286"}],"wp:attachment":[{"href":"https:\/\/techno-rc.com.ar\/tienda\/wp-json\/wp\/v2\/media?parent=3285"}],"wp:term":[{"taxonomy":"product_brand","embeddable":true,"href":"https:\/\/techno-rc.com.ar\/tienda\/wp-json\/wp\/v2\/product_brand?post=3285"},{"taxonomy":"product_cat","embeddable":true,"href":"https:\/\/techno-rc.com.ar\/tienda\/wp-json\/wp\/v2\/product_cat?post=3285"},{"taxonomy":"product_tag","embeddable":true,"href":"https:\/\/techno-rc.com.ar\/tienda\/wp-json\/wp\/v2\/product_tag?post=3285"}],"curies":[{"name":"wp","href":"https:\/\/api.w.org\/{rel}","templated":true}]}}