{"id":3640,"date":"2025-04-29T16:01:54","date_gmt":"2025-04-29T19:01:54","guid":{"rendered":"https:\/\/techno-rc.com.ar\/tienda\/?post_type=product&#038;p=3640"},"modified":"2025-06-28T19:35:58","modified_gmt":"2025-06-28T22:35:58","slug":"falcon-series-headphones-c-microfono-blanco","status":"publish","type":"product","link":"https:\/\/techno-rc.com.ar\/tienda\/producto\/falcon-series-headphones-c-microfono-blanco\/","title":{"rendered":"Falcon series Headphones C\/microfono blanco."},"content":{"rendered":"<div class=\"col-md-6\">\n<h5 class=\"mb-4\">Caracter\u00edsticas<\/h5>\n<p class=\"mb-2\">Los Falcon Series Headphones con Micr\u00f3fono combinan un dise\u00f1o c\u00f3modo con un rendimiento de sonido superior. Con un marco plegable y copas suaves para los o\u00eddos, estos auriculares est\u00e1n dise\u00f1ados para ser transportados f\u00e1cilmente y usarse durante largas sesiones. Compatibles con la mayor\u00eda de los dispositivos AUX, ofrecen llamadas manos libres de alta calidad y un sonido claro y envolvente.<\/p>\n<ul>\n<li>\n<h5>Tama\u00f1o del Driver:<\/h5>\n<table class=\"table spec-table\">\n<tbody>\n<tr>\n<th>Tama\u00f1o<\/th>\n<td>40 mm<\/td>\n<\/tr>\n<\/tbody>\n<\/table>\n<\/li>\n<li>\n<h5>Respuesta de Frecuencia:<\/h5>\n<table class=\"table spec-table\">\n<tbody>\n<tr>\n<th>Rango<\/th>\n<td>20 Hz \u2013 20 kHz<\/td>\n<\/tr>\n<\/tbody>\n<\/table>\n<\/li>\n<li>\n<h5>Impedancia:<\/h5>\n<table class=\"table spec-table\">\n<tbody>\n<tr>\n<th>Impedancia<\/th>\n<td>32 \u03a9<\/td>\n<\/tr>\n<\/tbody>\n<\/table>\n<\/li>\n<li>\n<h5>Sensibilidad:<\/h5>\n<table class=\"table spec-table\">\n<tbody>\n<tr>\n<th>Nivel<\/th>\n<td>94 dB \u00b1 3 dB<\/td>\n<\/tr>\n<\/tbody>\n<\/table>\n<\/li>\n<li>\n<h5>Longitud del Cable:<\/h5>\n<table class=\"table spec-table\">\n<tbody>\n<tr>\n<th>Longitud<\/th>\n<td>1.2 m \/ 4 ft<\/td>\n<\/tr>\n<\/tbody>\n<\/table>\n<\/li>\n<\/ul>\n<\/div>\n<div class=\"col-md-6 pl-md-6\">\n<div class=\"d-flex flex-wrap\">\n<div class=\"icon-box icon-box-side icon-border mb-4 mr-5\">\n<div class=\"icon-box-icon mr-4\">\n<p>&nbsp;<\/p>\n<p>&nbsp;<\/p>\n<p>&nbsp;<\/p>\n<\/div>\n<div class=\"icon-box-content\">\n<h4 class=\"icon-box-title text-normal lh-1 pt-3 ls-s\">1 a\u00f1o de garantia<\/h4>\n<p class=\"icon-box-desc mb-0\">Garantia de verdad<\/p>\n<p>&nbsp;<\/p>\n<\/div>\n<p>&nbsp;<\/p>\n<\/div>\n<\/div>\n<\/div>\n","protected":false},"excerpt":{"rendered":"<p>Caracter\u00edsticas Los Falcon Series Headphones con Micr\u00f3fono combinan un dise\u00f1o c\u00f3modo con un rendimiento de sonido superior. Con un marco plegable y copas suaves para los o\u00eddos, estos auriculares est\u00e1n dise\u00f1ados para ser transportados f\u00e1cilmente y usarse durante largas sesiones. Compatibles con la mayor\u00eda de los dispositivos AUX, ofrecen llamadas manos libres de alta calidad [&hellip;]<\/p>\n","protected":false},"featured_media":3641,"comment_status":"open","ping_status":"closed","template":"","meta":{"advanced_seo_description":"","jetpack_seo_html_title":"","jetpack_seo_noindex":false,"_joinchat":[]},"product_brand":[],"product_cat":[38,36],"product_tag":[],"class_list":{"0":"post-3640","1":"product","2":"type-product","3":"status-publish","4":"has-post-thumbnail","6":"product_cat-auriculares","7":"product_cat-linea-volkano","9":"first","10":"instock","11":"taxable","12":"shipping-taxable","13":"purchasable","14":"product-type-simple"},"jetpack_sharing_enabled":true,"_links":{"self":[{"href":"https:\/\/techno-rc.com.ar\/tienda\/wp-json\/wp\/v2\/product\/3640","targetHints":{"allow":["GET"]}}],"collection":[{"href":"https:\/\/techno-rc.com.ar\/tienda\/wp-json\/wp\/v2\/product"}],"about":[{"href":"https:\/\/techno-rc.com.ar\/tienda\/wp-json\/wp\/v2\/types\/product"}],"replies":[{"embeddable":true,"href":"https:\/\/techno-rc.com.ar\/tienda\/wp-json\/wp\/v2\/comments?post=3640"}],"wp:featuredmedia":[{"embeddable":true,"href":"https:\/\/techno-rc.com.ar\/tienda\/wp-json\/wp\/v2\/media\/3641"}],"wp:attachment":[{"href":"https:\/\/techno-rc.com.ar\/tienda\/wp-json\/wp\/v2\/media?parent=3640"}],"wp:term":[{"taxonomy":"product_brand","embeddable":true,"href":"https:\/\/techno-rc.com.ar\/tienda\/wp-json\/wp\/v2\/product_brand?post=3640"},{"taxonomy":"product_cat","embeddable":true,"href":"https:\/\/techno-rc.com.ar\/tienda\/wp-json\/wp\/v2\/product_cat?post=3640"},{"taxonomy":"product_tag","embeddable":true,"href":"https:\/\/techno-rc.com.ar\/tienda\/wp-json\/wp\/v2\/product_tag?post=3640"}],"curies":[{"name":"wp","href":"https:\/\/api.w.org\/{rel}","templated":true}]}}