{"id":3718,"date":"2025-05-12T11:47:38","date_gmt":"2025-05-12T14:47:38","guid":{"rendered":"https:\/\/techno-rc.com.ar\/tienda\/?post_type=product&#038;p=3718"},"modified":"2025-06-28T19:35:09","modified_gmt":"2025-06-28T22:35:09","slug":"smart-tv-32-pulgadas-hd-32a42k-modo-futbol-hisense","status":"publish","type":"product","link":"https:\/\/techno-rc.com.ar\/tienda\/producto\/smart-tv-32-pulgadas-hd-32a42k-modo-futbol-hisense\/","title":{"rendered":"Smart Tv 32 Pulgadas HD 32A42k Modo Futbol HISENSE"},"content":{"rendered":"<h1>Smart Tv 32 Pulgadas HD 32A42k Modo Futbol HISENSE<\/h1>\n<div class=\"oe_structure\">\n<p data-oe-version=\"1.2\"><strong>Tecnolog\u00eda, innovaci\u00f3n y calidad para tu hogar.<\/strong><\/p>\n<p>El\u00a0<strong>Smart Tv 32 HD Modo Futbol Hisense\u00a0<\/strong>se adaptan a cualquier ambiente y a tus necesidades. La experiencia de visualizaci\u00f3n ser\u00e1 extraordinaria y emocionante gracias al Modo deporte. Adem\u00e1s, el rendimiento del color mejorado y la reproducci\u00f3n fiel elevan tu experiencia visual al siguiente nivel.<\/p>\n<p><strong>VIDAA<\/strong><\/p>\n<p>Acceso r\u00e1pido a las diferentes apps actuales: Netflix, Youtube, Flor, NBA, Disney. etc. Variedad de contenidos en un solo lugar, desde la comodidad de tu casa.<\/p>\n<p>Ficha T\u00e9cnica<\/p>\n<ul>\n<li>Tipo de ProductoTv<\/li>\n<li>MarcaHISENSE<\/li>\n<li>Modelo32A42HPI<\/li>\n<li>Garant\u00eda12 meses<\/li>\n<li>NetflixSi<\/li>\n<li>Conexi\u00f3n WiFiSi<\/li>\n<li>Tecnolog\u00eda de TVSmart TV<\/li>\n<li>TDANo<\/li>\n<li>SmartSi<\/li>\n<li>Respuesta8.5ms<\/li>\n<li>Pulgadas32&#8243;<\/li>\n<li>PantallaLED<\/li>\n<li>Contraste3000:1<\/li>\n<li>MedidasAncho: 717 mm &#8211; Alto: 469 mm &#8211; Profundidad: 160 mm<\/li>\n<li>Entrada VGASi<\/li>\n<li>Entradas HDMI2<\/li>\n<li>Entradas USB2<\/li>\n<li>Brillo180cd<\/li>\n<li>3DNo<\/li>\n<li>Resoluci\u00f3n tvHD<\/li>\n<li>Garantia12<\/li>\n<li>IVA21<\/li>\n<li>YoutubeSi<\/li>\n<\/ul>\n<\/div>\n","protected":false},"excerpt":{"rendered":"<p>Smart Tv 32 Pulgadas HD 32A42k Modo Futbol HISENSE Tecnolog\u00eda, innovaci\u00f3n y calidad para tu hogar. El\u00a0Smart Tv 32 HD Modo Futbol Hisense\u00a0se adaptan a cualquier ambiente y a tus necesidades. La experiencia de visualizaci\u00f3n ser\u00e1 extraordinaria y emocionante gracias al Modo deporte. Adem\u00e1s, el rendimiento del color mejorado y la reproducci\u00f3n fiel elevan tu [&hellip;]<\/p>\n","protected":false},"featured_media":3719,"comment_status":"open","ping_status":"closed","template":"","meta":{"advanced_seo_description":"","jetpack_seo_html_title":"","jetpack_seo_noindex":false,"_joinchat":[]},"product_brand":[],"product_cat":[55,113],"product_tag":[],"class_list":{"0":"post-3718","1":"product","2":"type-product","3":"status-publish","4":"has-post-thumbnail","6":"product_cat-electro-hogar","7":"product_cat-smart-tv","9":"first","10":"instock","11":"taxable","12":"shipping-taxable","13":"purchasable","14":"product-type-simple"},"jetpack_sharing_enabled":true,"_links":{"self":[{"href":"https:\/\/techno-rc.com.ar\/tienda\/wp-json\/wp\/v2\/product\/3718","targetHints":{"allow":["GET"]}}],"collection":[{"href":"https:\/\/techno-rc.com.ar\/tienda\/wp-json\/wp\/v2\/product"}],"about":[{"href":"https:\/\/techno-rc.com.ar\/tienda\/wp-json\/wp\/v2\/types\/product"}],"replies":[{"embeddable":true,"href":"https:\/\/techno-rc.com.ar\/tienda\/wp-json\/wp\/v2\/comments?post=3718"}],"wp:featuredmedia":[{"embeddable":true,"href":"https:\/\/techno-rc.com.ar\/tienda\/wp-json\/wp\/v2\/media\/3719"}],"wp:attachment":[{"href":"https:\/\/techno-rc.com.ar\/tienda\/wp-json\/wp\/v2\/media?parent=3718"}],"wp:term":[{"taxonomy":"product_brand","embeddable":true,"href":"https:\/\/techno-rc.com.ar\/tienda\/wp-json\/wp\/v2\/product_brand?post=3718"},{"taxonomy":"product_cat","embeddable":true,"href":"https:\/\/techno-rc.com.ar\/tienda\/wp-json\/wp\/v2\/product_cat?post=3718"},{"taxonomy":"product_tag","embeddable":true,"href":"https:\/\/techno-rc.com.ar\/tienda\/wp-json\/wp\/v2\/product_tag?post=3718"}],"curies":[{"name":"wp","href":"https:\/\/api.w.org\/{rel}","templated":true}]}}