{"id":3927,"date":"2025-05-29T13:05:47","date_gmt":"2025-05-29T16:05:47","guid":{"rendered":"https:\/\/techno-rc.com.ar\/tienda\/?post_type=product&#038;p=3927"},"modified":"2025-06-28T19:33:57","modified_gmt":"2025-06-28T22:33:57","slug":"notebook-lenovo-tb-16-abp-ryzen_5_7430u-8gb-512-ssd-free-dos-2y-premier-support21kk009dar","status":"publish","type":"product","link":"https:\/\/techno-rc.com.ar\/tienda\/producto\/notebook-lenovo-tb-16-abp-ryzen_5_7430u-8gb-512-ssd-free-dos-2y-premier-support21kk009dar\/","title":{"rendered":"NOTEBOOK LENOVO TB 16 ABP, RYZEN_5_7430U, 8GB, 512 SSD, FREE DOS, 2Y Premier Support(21KK009DAR)"},"content":{"rendered":"<table width=\"637\">\n<tbody>\n<tr>\n<td style=\"font-weight: 400\" width=\"637\">NOTEBOOK LENOVO TB 16 ABP, RYZEN_5_7430U, 8GB, 512 SSD, FREE DOS, 2Y Premier Support(21KK009DAR)<\/p>\n<table id=\"product-attribute-specs-table\" class=\"data table additional-attributes\">\n<caption class=\"table-caption\">M\u00e1s informaci\u00f3n<\/caption>\n<tbody>\n<tr>\n<th class=\"col label\" scope=\"row\">SKU<\/th>\n<td class=\"col data\" data-th=\"SKU\">72227<\/td>\n<\/tr>\n<tr>\n<th class=\"col label\" scope=\"row\">Altura<\/th>\n<td class=\"col data\" data-th=\"Altura\">1.75 cm<\/td>\n<\/tr>\n<tr>\n<th class=\"col label\" scope=\"row\">Ancho<\/th>\n<td class=\"col data\" data-th=\"Ancho\">35.6 cm<\/td>\n<\/tr>\n<tr>\n<th class=\"col label\" scope=\"row\">Cantidad de n\u00facleos<\/th>\n<td class=\"col data\" data-th=\"Cantidad de n\u00facleos\">6<\/td>\n<\/tr>\n<tr>\n<th class=\"col label\" scope=\"row\">Cantidad de parlantes<\/th>\n<td class=\"col data\" data-th=\"Cantidad de parlantes\">2<\/td>\n<\/tr>\n<tr>\n<th class=\"col label\" scope=\"row\">Cantidad de ranuras para la memoria RAM<\/th>\n<td class=\"col data\" data-th=\"Cantidad de ranuras para la memoria RAM\">2<\/td>\n<\/tr>\n<tr>\n<th class=\"col label\" scope=\"row\">Capacidad de disco SSD<\/th>\n<td class=\"col data\" data-th=\"Capacidad de disco SSD\">512 GB<\/td>\n<\/tr>\n<tr>\n<th class=\"col label\" scope=\"row\">C\u00f3digo universal de producto<\/th>\n<td class=\"col data\" data-th=\"C\u00f3digo universal de producto\">198154111106<\/td>\n<\/tr>\n<tr>\n<th class=\"col label\" scope=\"row\">Color<\/th>\n<td class=\"col data\" data-th=\"Color\">Arctic Grey<\/td>\n<\/tr>\n<tr>\n<th class=\"col label\" scope=\"row\">Con Bluetooth<\/th>\n<td class=\"col data\" data-th=\"Con Bluetooth\">S\u00ed<\/td>\n<\/tr>\n<tr>\n<th class=\"col label\" scope=\"row\">Con c\u00e1mara web<\/th>\n<td class=\"col data\" data-th=\"Con c\u00e1mara web\">S\u00ed<\/td>\n<\/tr>\n<tr>\n<th class=\"col label\" scope=\"row\">Con lector de huella digital<\/th>\n<td class=\"col data\" data-th=\"Con lector de huella digital\">S\u00ed<\/td>\n<\/tr>\n<tr>\n<th class=\"col label\" scope=\"row\">Con lector de tarjeta de memoria<\/th>\n<td class=\"col data\" data-th=\"Con lector de tarjeta de memoria\">S\u00ed<\/td>\n<\/tr>\n<tr>\n<th class=\"col label\" scope=\"row\">Con micr\u00f3fono<\/th>\n<td class=\"col data\" data-th=\"Con micr\u00f3fono\">S\u00ed<\/td>\n<\/tr>\n<tr>\n<th class=\"col label\" scope=\"row\">Con pantalla t\u00e1ctil<\/th>\n<td class=\"col data\" data-th=\"Con pantalla t\u00e1ctil\">No<\/td>\n<\/tr>\n<tr>\n<th class=\"col label\" scope=\"row\">Con salida para auriculares<\/th>\n<td class=\"col data\" data-th=\"Con salida para auriculares\">S\u00ed<\/td>\n<\/tr>\n<tr>\n<th class=\"col label\" scope=\"row\">Con Wi-Fi<\/th>\n<td class=\"col data\" data-th=\"Con Wi-Fi\">S\u00ed<\/td>\n<\/tr>\n<tr>\n<th class=\"col label\" scope=\"row\">Condici\u00f3n del \u00edtem<\/th>\n<td class=\"col data\" data-th=\"Condici\u00f3n del \u00edtem\">Nuevo<\/td>\n<\/tr>\n<tr>\n<th class=\"col label\" scope=\"row\">Edici\u00f3n del sistema operativo<\/th>\n<td class=\"col data\" data-th=\"Edici\u00f3n del sistema operativo\">Home<\/td>\n<\/tr>\n<tr>\n<th class=\"col label\" scope=\"row\">Frecuencia de actualizaci\u00f3n de la pantalla<\/th>\n<td class=\"col data\" data-th=\"Frecuencia de actualizaci\u00f3n de la pantalla\">60 Hz<\/td>\n<\/tr>\n<tr>\n<th class=\"col label\" scope=\"row\">Gama de colores<\/th>\n<td class=\"col data\" data-th=\"Gama de colores\">45% NTSC<\/td>\n<\/tr>\n<tr>\n<th class=\"col label\" scope=\"row\">Interfaz del SSD<\/th>\n<td class=\"col data\" data-th=\"Interfaz del SSD\">PCIe<\/td>\n<\/tr>\n<tr>\n<th class=\"col label\" scope=\"row\">L\u00ednea<\/th>\n<td class=\"col data\" data-th=\"L\u00ednea\">ThinkBook<\/td>\n<\/tr>\n<tr>\n<th class=\"col label\" scope=\"row\">L\u00ednea del procesador<\/th>\n<td class=\"col data\" data-th=\"L\u00ednea del procesador\">Ryzen 5<\/td>\n<\/tr>\n<tr>\n<th class=\"col label\" scope=\"row\">Marca del procesador<\/th>\n<td class=\"col data\" data-th=\"Marca del procesador\">AMD<\/td>\n<\/tr>\n<tr>\n<th class=\"col label\" scope=\"row\">Modelo<\/th>\n<td class=\"col data\" data-th=\"Modelo\">ThinkBook 16 G6 ABP<\/td>\n<\/tr>\n<tr>\n<th class=\"col label\" scope=\"row\">Modelo del procesador<\/th>\n<td class=\"col data\" data-th=\"Modelo del procesador\">7430u<\/td>\n<\/tr>\n<tr>\n<th class=\"col label\" scope=\"row\">Modelo detallado<\/th>\n<td class=\"col data\" data-th=\"Modelo detallado\">21KK009DAR<\/td>\n<\/tr>\n<tr>\n<th class=\"col label\" scope=\"row\">Modos de sonido<\/th>\n<td class=\"col data\" data-th=\"Modos de sonido\">Dolby Audio,Stereo<\/td>\n<\/tr>\n<tr>\n<th class=\"col label\" scope=\"row\">Nombre del sistema operativo<\/th>\n<td class=\"col data\" data-th=\"Nombre del sistema operativo\">Windows<\/td>\n<\/tr>\n<tr>\n<th class=\"col label\" scope=\"row\">Peso<\/th>\n<td class=\"col data\" data-th=\"Peso\">1.7 kg<\/td>\n<\/tr>\n<tr>\n<th class=\"col label\" scope=\"row\">Profundidad<\/th>\n<td class=\"col data\" data-th=\"Profundidad\">25.35 cm<\/td>\n<\/tr>\n<tr>\n<th class=\"col label\" scope=\"row\">Relaci\u00f3n de aspecto<\/th>\n<td class=\"col data\" data-th=\"Relaci\u00f3n de aspecto\">16:10<\/td>\n<\/tr>\n<tr>\n<th class=\"col label\" scope=\"row\">Resoluci\u00f3n de la pantalla<\/th>\n<td class=\"col data\" data-th=\"Resoluci\u00f3n de la pantalla\">1920 px x 1200 px<\/td>\n<\/tr>\n<tr>\n<th class=\"col label\" scope=\"row\">Resoluci\u00f3n de video de la webcam<\/th>\n<td class=\"col data\" data-th=\"Resoluci\u00f3n de video de la webcam\">1280 px x 720 px<\/td>\n<\/tr>\n<tr>\n<th class=\"col label\" scope=\"row\">Tama\u00f1o de la pantalla<\/th>\n<td class=\"col data\" data-th=\"Tama\u00f1o de la pantalla\">16 \u00ab<\/td>\n<\/tr>\n<tr>\n<th class=\"col label\" scope=\"row\">Tarjeta gr\u00e1fica<\/th>\n<td class=\"col data\" data-th=\"Tarjeta gr\u00e1fica\">AMD Radeon Graphics RX Vega 7<\/td>\n<\/tr>\n<tr>\n<th class=\"col label\" scope=\"row\">Tipo de bater\u00eda<\/th>\n<td class=\"col data\" data-th=\"Tipo de bater\u00eda\">Pol\u00edmero de litio<\/td>\n<\/tr>\n<tr>\n<th class=\"col label\" scope=\"row\">Tipo de memoria RAM<\/th>\n<td class=\"col data\" data-th=\"Tipo de memoria RAM\">DDR4<\/td>\n<\/tr>\n<tr>\n<th class=\"col label\" scope=\"row\">Tipo de resoluci\u00f3n de la pantalla<\/th>\n<td class=\"col data\" data-th=\"Tipo de resoluci\u00f3n de la pantalla \">WUXGA<\/td>\n<\/tr>\n<tr>\n<th class=\"col label\" scope=\"row\">Tipo de resoluci\u00f3n de video de la webcam<\/th>\n<td class=\"col data\" data-th=\"Tipo de resoluci\u00f3n de video de la webcam\">HD<\/td>\n<\/tr>\n<tr>\n<th class=\"col label\" scope=\"row\">Velocidad de la memoria RAM<\/th>\n<td class=\"col data\" data-th=\"Velocidad de la memoria RAM\">3.2 GHz<\/td>\n<\/tr>\n<tr>\n<th class=\"col label\" scope=\"row\">Velocidad m\u00e1xima del procesador<\/th>\n<td class=\"col data\" data-th=\"Velocidad m\u00e1xima del procesador\">4.3 GHz<\/td>\n<\/tr>\n<tr>\n<th class=\"col label\" scope=\"row\">Velocidad m\u00ednima del procesador<\/th>\n<td class=\"col data\" data-th=\"Velocidad m\u00ednima del procesador\">2.3 GHz<\/td>\n<\/tr>\n<tr>\n<th class=\"col label\" scope=\"row\">Versi\u00f3n del sistema operativo<\/th>\n<td class=\"col data\" data-th=\"Versi\u00f3n del sistema operativo\">11<\/td>\n<\/tr>\n<tr>\n<th class=\"col label\" scope=\"row\">Accesorios incluidos<\/th>\n<td class=\"col data\" data-th=\"Accesorios incluidos\">Cable,Adaptador<\/td>\n<\/tr>\n<tr>\n<th class=\"col label\" scope=\"row\">Con pad num\u00e9rico<\/th>\n<td class=\"col data\" data-th=\"Con pad num\u00e9rico\">S\u00ed<\/td>\n<\/tr>\n<tr>\n<th class=\"col label\" scope=\"row\">Con pantalla antirreflejo<\/th>\n<td class=\"col data\" data-th=\"Con pantalla antirreflejo\">S\u00ed<\/td>\n<\/tr>\n<tr>\n<th class=\"col label\" scope=\"row\">Con teclado retroiluminado<\/th>\n<td class=\"col data\" data-th=\"Con teclado retroiluminado\">No<\/td>\n<\/tr>\n<tr>\n<th class=\"col label\" scope=\"row\">Idioma del teclado<\/th>\n<td class=\"col data\" data-th=\"Idioma del teclado\">Espa\u00f1ol<\/td>\n<\/tr>\n<tr>\n<th class=\"col label\" scope=\"row\">Modelo alfanum\u00e9rico<\/th>\n<td class=\"col data\" data-th=\"Modelo alfanum\u00e9rico\">21KK009DAR<\/td>\n<\/tr>\n<tr>\n<th class=\"col label\" scope=\"row\">Tipo de panel<\/th>\n<td class=\"col data\" data-th=\"Tipo de panel\">IPS<\/td>\n<\/tr>\n<tr>\n<th class=\"col label\" scope=\"row\">Tipo de pantalla<\/th>\n<td class=\"col data\" data-th=\"Tipo de pantalla\">LED<\/td>\n<\/tr>\n<tr>\n<th class=\"col label\" scope=\"row\">Resoluci\u00f3n de la imagen fija de la webcam<\/th>\n<td class=\"col data\" data-th=\"Resoluci\u00f3n de la imagen fija de la webcam\">1 Mpx<\/td>\n<\/tr>\n<tr>\n<th class=\"col label\" scope=\"row\">Capacidad de la bater\u00eda<\/th>\n<td class=\"col data\" data-th=\"Capacidad de la bater\u00eda\">3.91 Ah<\/td>\n<\/tr>\n<tr>\n<th class=\"col label\" scope=\"row\">Capacidad m\u00e1xima soportada de la memoria RAM<\/th>\n<td class=\"col data\" data-th=\"Capacidad m\u00e1xima soportada de la memoria RAM\">64 GB<\/td>\n<\/tr>\n<tr>\n<th class=\"col label\" scope=\"row\">Impuesto interno<\/th>\n<td class=\"col data\" data-th=\"Impuesto interno\">0 %<\/td>\n<\/tr>\n<tr>\n<th class=\"col label\" scope=\"row\">IVA<\/th>\n<td class=\"col data\" data-th=\"IVA\">10.5 %<\/td>\n<\/tr>\n<tr>\n<th class=\"col label\" scope=\"row\">Tipos de puertos de video<\/th>\n<td class=\"col data\" data-th=\"Tipos de puertos de video\">HDMI,USB-C 3.2 Gen2 (Diaplay Port Alt Mode)<\/td>\n<\/tr>\n<tr>\n<th class=\"col label\" scope=\"row\">Capacidad total del m\u00f3dulo de memoria RAM<\/th>\n<td class=\"col data\" data-th=\"Capacidad total del m\u00f3dulo de memoria RAM\">16 GB<\/td>\n<\/tr>\n<tr>\n<th class=\"col label\" scope=\"row\">Capacidad Optane Intel<\/th>\n<td class=\"col data\" data-th=\"Capacidad Optane Intel\">0 MB<\/td>\n<\/tr>\n<tr>\n<th class=\"col label\" scope=\"row\">Tipo de producto<\/th>\n<td class=\"col data\" data-th=\"Tipo de producto\">Notebook<\/td>\n<\/tr>\n<tr>\n<th class=\"col label\" scope=\"row\">Conectividad<\/th>\n<td class=\"col data\" data-th=\"Conectividad\">2 USB-C\u00ae 3.2 gen 2,2 USB-A 3.2 gen1,HDMI,Puerto Ethernet<\/td>\n<\/tr>\n<\/tbody>\n<\/table>\n<\/td>\n<\/tr>\n<\/tbody>\n<\/table>\n","protected":false},"excerpt":{"rendered":"<p>NOTEBOOK LENOVO TB 16 ABP, RYZEN_5_7430U, 8GB, 512 SSD, FREE DOS, 2Y Premier Support(21KK009DAR) M\u00e1s informaci\u00f3n SKU 72227 Altura 1.75 cm Ancho 35.6 cm Cantidad de n\u00facleos 6 Cantidad de parlantes 2 Cantidad de ranuras para la memoria RAM 2 Capacidad de disco SSD 512 GB C\u00f3digo universal de producto 198154111106 Color Arctic Grey Con &hellip;<\/p>\n<p class=\"read-more\"> <a class=\" thunk-readmore button \" href=\"https:\/\/techno-rc.com.ar\/tienda\/producto\/notebook-lenovo-tb-16-abp-ryzen_5_7430u-8gb-512-ssd-free-dos-2y-premier-support21kk009dar\/\"> <span class=\"screen-reader-text\">NOTEBOOK LENOVO TB 16 ABP, RYZEN_5_7430U, 8GB, 512 SSD, FREE DOS, 2Y Premier Support(21KK009DAR)<\/span>Leer m\u00e1s<\/a><\/p>\n","protected":false},"featured_media":3926,"comment_status":"open","ping_status":"closed","template":"","meta":{"advanced_seo_description":"","jetpack_seo_html_title":"","jetpack_seo_noindex":false,"_joinchat":[]},"product_brand":[],"product_cat":[33,129],"product_tag":[],"class_list":{"0":"post-3927","1":"product","2":"type-product","3":"status-publish","4":"has-post-thumbnail","6":"product_cat-insformatica","7":"product_cat-notebooks","8":"thunk-woo-product-list","9":"opn-qv-enable","10":"open-woo-hover-none","11":"open-single-product-tab-horizontal","12":"open-shadow-","13":"open-shadow-hover-","15":"first","16":"instock","17":"taxable","18":"shipping-taxable","19":"purchasable","20":"product-type-simple"},"jetpack_sharing_enabled":true,"_links":{"self":[{"href":"https:\/\/techno-rc.com.ar\/tienda\/wp-json\/wp\/v2\/product\/3927","targetHints":{"allow":["GET"]}}],"collection":[{"href":"https:\/\/techno-rc.com.ar\/tienda\/wp-json\/wp\/v2\/product"}],"about":[{"href":"https:\/\/techno-rc.com.ar\/tienda\/wp-json\/wp\/v2\/types\/product"}],"replies":[{"embeddable":true,"href":"https:\/\/techno-rc.com.ar\/tienda\/wp-json\/wp\/v2\/comments?post=3927"}],"wp:featuredmedia":[{"embeddable":true,"href":"https:\/\/techno-rc.com.ar\/tienda\/wp-json\/wp\/v2\/media\/3926"}],"wp:attachment":[{"href":"https:\/\/techno-rc.com.ar\/tienda\/wp-json\/wp\/v2\/media?parent=3927"}],"wp:term":[{"taxonomy":"product_brand","embeddable":true,"href":"https:\/\/techno-rc.com.ar\/tienda\/wp-json\/wp\/v2\/product_brand?post=3927"},{"taxonomy":"product_cat","embeddable":true,"href":"https:\/\/techno-rc.com.ar\/tienda\/wp-json\/wp\/v2\/product_cat?post=3927"},{"taxonomy":"product_tag","embeddable":true,"href":"https:\/\/techno-rc.com.ar\/tienda\/wp-json\/wp\/v2\/product_tag?post=3927"}],"curies":[{"name":"wp","href":"https:\/\/api.w.org\/{rel}","templated":true}]}}