{"id":3978,"date":"2025-05-30T11:02:18","date_gmt":"2025-05-30T14:02:18","guid":{"rendered":"https:\/\/techno-rc.com.ar\/tienda\/?post_type=product&#038;p=3978"},"modified":"2025-06-28T19:32:44","modified_gmt":"2025-06-28T22:32:44","slug":"silla-gamer-thunderx3-tc3-azure-blue-by-aerocool","status":"publish","type":"product","link":"https:\/\/techno-rc.com.ar\/tienda\/producto\/silla-gamer-thunderx3-tc3-azure-blue-by-aerocool\/","title":{"rendered":"SILLA GAMER THUNDERX3 TC3 AZURE BLUE (BY AEROCOOL)"},"content":{"rendered":"<table width=\"637\">\n<tbody>\n<tr>\n<td style=\"font-weight: 400\" width=\"637\">SILLA GAMER THUNDERX3 TC3 AZURE BLUE (BY AEROCOOL)<\/p>\n<p>La TC3 se dise\u00f1\u00f3 con una atenci\u00f3n impecable a los detalles y la precisi\u00f3n para ofrecer una silla de juego que cumpla con nuestros est\u00e1ndares inmensamente altos de calidad, est\u00e9tica y comodidad. Con un dise\u00f1o interno elegante y hermoso, las cubiertas laterales, los reposabrazos y las ruedas de las sillas para juegos TC vienen con un logotipo ThunderX3 grabado que agrega un aire de elegancia y sofisticaci\u00f3n, puedes expresarte y lucir tu propia apariencia \u00fanica. Construida con un dise\u00f1o ergon\u00f3mico y cojines ajustables para la cabeza y el respaldo, esta silla para juegos te mantiene c\u00f3modo y relajado en todo momento. Con espuma de alta densidad que se ajusta a la forma de su propio cuerpo y brinda soporte para todo el cuerpo, sentir\u00e1 la comodidad como ning\u00fan otro mientras luce el aspecto de un verdadero jugador. AIR Tech combina un dise\u00f1o estenopeico con espumas y materiales no tejidos de primera calidad para aumentar la circulaci\u00f3n del aire y la transpirabilidad, manteni\u00e9ndote c\u00f3modo y fresco incluso despu\u00e9s de largas sesiones de juego. Con una combinaci\u00f3n de dise\u00f1o \u00fanico y materiales de alta calidad, que incluyen AIR Tech, cuero sint\u00e9tico premium con patr\u00f3n estilo fibra de carbono y espuma de alta densidad, la serie TC brinda la m\u00e1xima comodidad y durabilidad al tiempo que brinda una apariencia elegante pero futurista a su juego. configuraci\u00f3n. &#8211; Dise\u00f1o interno con el logotipo ThunderX3 grabado en las cubiertas laterales, los reposabrazos y las ruedas &#8211; AIR Tech para m\u00e1xima transpirabilidad &#8211; Cuero sint\u00e9tico premium con patr\u00f3n estilo fibra de carbono &#8211; Espuma de alta densidad para comodidad durante todo el d\u00eda. &#8211; Reposabrazos bidireccionales ajustables &#8211; Cojines de cabeza y respaldo ajustables &#8211; El elevador de gas hidr\u00e1ulico de clase 4 admite hasta 150 kg &#8211; Respaldo reclinable ajustable 12 meses<\/p>\n<table id=\"product-attribute-specs-table\" class=\"data table additional-attributes\">\n<caption class=\"table-caption\">M\u00e1s informaci\u00f3n<\/caption>\n<tbody>\n<tr>\n<th class=\"col label\" scope=\"row\">SKU<\/th>\n<td class=\"col data\" data-th=\"SKU\">48749<\/td>\n<\/tr>\n<tr>\n<th class=\"col label\" scope=\"row\">Altura de la silla<\/th>\n<td class=\"col data\" data-th=\"Altura de la silla\">1.32 m<\/td>\n<\/tr>\n<tr>\n<th class=\"col label\" scope=\"row\">Altura del respaldo<\/th>\n<td class=\"col data\" data-th=\"Altura del respaldo\">81 cm<\/td>\n<\/tr>\n<tr>\n<th class=\"col label\" scope=\"row\">Altura m\u00e1xima de la silla<\/th>\n<td class=\"col data\" data-th=\"Altura m\u00e1xima de la silla\">133 cm<\/td>\n<\/tr>\n<tr>\n<th class=\"col label\" scope=\"row\">Altura m\u00e1xima del piso al asiento<\/th>\n<td class=\"col data\" data-th=\"Altura m\u00e1xima del piso al asiento\">57 cm<\/td>\n<\/tr>\n<tr>\n<th class=\"col label\" scope=\"row\">Altura m\u00ednima de la silla<\/th>\n<td class=\"col data\" data-th=\"Altura m\u00ednima de la silla\">1.23 m<\/td>\n<\/tr>\n<tr>\n<th class=\"col label\" scope=\"row\">Altura m\u00ednima del piso al asiento<\/th>\n<td class=\"col data\" data-th=\"Altura m\u00ednima del piso al asiento\">47 cm<\/td>\n<\/tr>\n<tr>\n<th class=\"col label\" scope=\"row\">Ancho de la silla<\/th>\n<td class=\"col data\" data-th=\"Ancho de la silla\">66 cm<\/td>\n<\/tr>\n<tr>\n<th class=\"col label\" scope=\"row\">Ancho del asiento<\/th>\n<td class=\"col data\" data-th=\"Ancho del asiento\">52 cm<\/td>\n<\/tr>\n<tr>\n<th class=\"col label\" scope=\"row\">Ancho del respaldo<\/th>\n<td class=\"col data\" data-th=\"Ancho del respaldo\">55 cm<\/td>\n<\/tr>\n<tr>\n<th class=\"col label\" scope=\"row\">C\u00f3digo universal de producto<\/th>\n<td class=\"col data\" data-th=\"C\u00f3digo universal de producto\">4710562756449<\/td>\n<\/tr>\n<tr>\n<th class=\"col label\" scope=\"row\">Color<\/th>\n<td class=\"col data\" data-th=\"Color\">Azure blue<\/td>\n<\/tr>\n<tr>\n<th class=\"col label\" scope=\"row\">Color principal<\/th>\n<td class=\"col data\" data-th=\"Color principal\">Azul<\/td>\n<\/tr>\n<tr>\n<th class=\"col label\" scope=\"row\">Con altura ajustable<\/th>\n<td class=\"col data\" data-th=\"Con altura ajustable\">S\u00ed<\/td>\n<\/tr>\n<tr>\n<th class=\"col label\" scope=\"row\">Con apoya pies<\/th>\n<td class=\"col data\" data-th=\"Con apoya pies\">No<\/td>\n<\/tr>\n<tr>\n<th class=\"col label\" scope=\"row\">Con apoyabrazos<\/th>\n<td class=\"col data\" data-th=\"Con apoyabrazos\">S\u00ed<\/td>\n<\/tr>\n<tr>\n<th class=\"col label\" scope=\"row\">Con apoyabrazos ajustable<\/th>\n<td class=\"col data\" data-th=\"Con apoyabrazos ajustable\">S\u00ed<\/td>\n<\/tr>\n<tr>\n<th class=\"col label\" scope=\"row\">Con apoyacabezas<\/th>\n<td class=\"col data\" data-th=\"Con apoyacabezas\">S\u00ed<\/td>\n<\/tr>\n<tr>\n<th class=\"col label\" scope=\"row\">Con aro para pies<\/th>\n<td class=\"col data\" data-th=\"Con aro para pies\">No<\/td>\n<\/tr>\n<tr>\n<th class=\"col label\" scope=\"row\">Con luces<\/th>\n<td class=\"col data\" data-th=\"Con luces\">No<\/td>\n<\/tr>\n<tr>\n<th class=\"col label\" scope=\"row\">Con respaldo reclinable<\/th>\n<td class=\"col data\" data-th=\"Con respaldo reclinable\">S\u00ed<\/td>\n<\/tr>\n<tr>\n<th class=\"col label\" scope=\"row\">Con ruedas<\/th>\n<td class=\"col data\" data-th=\"Con ruedas\">S\u00ed<\/td>\n<\/tr>\n<tr>\n<th class=\"col label\" scope=\"row\">Condici\u00f3n del \u00edtem<\/th>\n<td class=\"col data\" data-th=\"Condici\u00f3n del \u00edtem\">Nuevo<\/td>\n<\/tr>\n<tr>\n<th class=\"col label\" scope=\"row\">Es ergon\u00f3mica<\/th>\n<td class=\"col data\" data-th=\"Es ergon\u00f3mica\">S\u00ed<\/td>\n<\/tr>\n<tr>\n<th class=\"col label\" scope=\"row\">Es gamer<\/th>\n<td class=\"col data\" data-th=\"Es gamer\">S\u00ed<\/td>\n<\/tr>\n<tr>\n<th class=\"col label\" scope=\"row\">Es giratoria<\/th>\n<td class=\"col data\" data-th=\"Es giratoria\">S\u00ed<\/td>\n<\/tr>\n<tr>\n<th class=\"col label\" scope=\"row\">Formato de venta<\/th>\n<td class=\"col data\" data-th=\"Formato de venta\">Unidad<\/td>\n<\/tr>\n<tr>\n<th class=\"col label\" scope=\"row\">Impuesto interno<\/th>\n<td class=\"col data\" data-th=\"Impuesto interno\">0 %<\/td>\n<\/tr>\n<tr>\n<th class=\"col label\" scope=\"row\">Incluye manual de ensamblado<\/th>\n<td class=\"col data\" data-th=\"Incluye manual de ensamblado\">No<\/td>\n<\/tr>\n<tr>\n<th class=\"col label\" scope=\"row\">IVA<\/th>\n<td class=\"col data\" data-th=\"IVA\">21 %<\/td>\n<\/tr>\n<tr>\n<th class=\"col label\" scope=\"row\">Material del tapizado<\/th>\n<td class=\"col data\" data-th=\"Material del tapizado\">Cuero sint\u00e9tico<\/td>\n<\/tr>\n<tr>\n<th class=\"col label\" scope=\"row\">Materiales de la estructura<\/th>\n<td class=\"col data\" data-th=\"Materiales de la estructura\">Acero,Nailon<\/td>\n<\/tr>\n<tr>\n<th class=\"col label\" scope=\"row\">Materiales del aro para pies<\/th>\n<td class=\"col data\" data-th=\"Materiales del aro para pies\">Nylon<\/td>\n<\/tr>\n<tr>\n<th class=\"col label\" scope=\"row\">Materiales del relleno<\/th>\n<td class=\"col data\" data-th=\"Materiales del relleno\">Espuma<\/td>\n<\/tr>\n<tr>\n<th class=\"col label\" scope=\"row\">Modelo<\/th>\n<td class=\"col data\" data-th=\"Modelo\">TC3<\/td>\n<\/tr>\n<tr>\n<th class=\"col label\" scope=\"row\">Modelo detallado<\/th>\n<td class=\"col data\" data-th=\"Modelo detallado\">TC3<\/td>\n<\/tr>\n<tr>\n<th class=\"col label\" scope=\"row\">Peso de la silla<\/th>\n<td class=\"col data\" data-th=\"Peso de la silla\">20 kg<\/td>\n<\/tr>\n<tr>\n<th class=\"col label\" scope=\"row\">Peso m\u00e1ximo soportado<\/th>\n<td class=\"col data\" data-th=\"Peso m\u00e1ximo soportado\">120 kg<\/td>\n<\/tr>\n<tr>\n<th class=\"col label\" scope=\"row\">Profundidad de la silla<\/th>\n<td class=\"col data\" data-th=\"Profundidad de la silla\">70 cm<\/td>\n<\/tr>\n<tr>\n<th class=\"col label\" scope=\"row\">Profundidad del asiento<\/th>\n<td class=\"col data\" data-th=\"Profundidad del asiento\">52 cm<\/td>\n<\/tr>\n<tr>\n<th class=\"col label\" scope=\"row\">Requiere ensamblado<\/th>\n<td class=\"col data\" data-th=\"Requiere ensamblado\">S\u00ed<\/td>\n<\/tr>\n<tr>\n<th class=\"col label\" scope=\"row\">Tipo de silla de oficina<\/th>\n<td class=\"col data\" data-th=\"Tipo de silla de oficina\">Gamer<\/td>\n<\/tr>\n<tr>\n<th class=\"col label\" scope=\"row\">Tipo de soporte lumbar<\/th>\n<td class=\"col data\" data-th=\"Tipo de soporte lumbar\">Regulable<\/td>\n<\/tr>\n<tr>\n<th class=\"col label\" scope=\"row\">Tipos de mecanismos de reclinaci\u00f3n<\/th>\n<td class=\"col data\" data-th=\"Tipos de mecanismos de reclinaci\u00f3n\">Basculante,Respaldo reclinable<\/td>\n<\/tr>\n<tr>\n<th class=\"col label\" scope=\"row\">Unidades por pack<\/th>\n<td class=\"col data\" data-th=\"Unidades por pack\">1<\/td>\n<\/tr>\n<\/tbody>\n<\/table>\n<\/td>\n<\/tr>\n<\/tbody>\n<\/table>\n","protected":false},"excerpt":{"rendered":"<p>SILLA GAMER THUNDERX3 TC3 AZURE BLUE (BY AEROCOOL) La TC3 se dise\u00f1\u00f3 con una atenci\u00f3n impecable a los detalles y la precisi\u00f3n para ofrecer una silla de juego que cumpla con nuestros est\u00e1ndares inmensamente altos de calidad, est\u00e9tica y comodidad. Con un dise\u00f1o interno elegante y hermoso, las cubiertas laterales, los reposabrazos y las ruedas &hellip;<\/p>\n<p class=\"read-more\"> <a class=\" thunk-readmore button \" href=\"https:\/\/techno-rc.com.ar\/tienda\/producto\/silla-gamer-thunderx3-tc3-azure-blue-by-aerocool\/\"> <span class=\"screen-reader-text\">SILLA GAMER THUNDERX3 TC3 AZURE BLUE (BY AEROCOOL)<\/span>Leer m\u00e1s<\/a><\/p>\n","protected":false},"featured_media":3979,"comment_status":"closed","ping_status":"closed","template":"","meta":{"advanced_seo_description":"","jetpack_seo_html_title":"","jetpack_seo_noindex":false,"_joinchat":[]},"product_brand":[],"product_cat":[37,33,135],"product_tag":[],"class_list":{"0":"post-3978","1":"product","2":"type-product","3":"status-publish","4":"has-post-thumbnail","6":"product_cat-gaming","7":"product_cat-insformatica","8":"product_cat-silla-gamer","9":"thunk-woo-product-list","10":"opn-qv-enable","11":"open-woo-hover-none","12":"open-single-product-tab-horizontal","13":"open-shadow-","14":"open-shadow-hover-","16":"first","17":"instock","18":"taxable","19":"shipping-taxable","20":"purchasable","21":"product-type-simple"},"jetpack_sharing_enabled":true,"_links":{"self":[{"href":"https:\/\/techno-rc.com.ar\/tienda\/wp-json\/wp\/v2\/product\/3978","targetHints":{"allow":["GET"]}}],"collection":[{"href":"https:\/\/techno-rc.com.ar\/tienda\/wp-json\/wp\/v2\/product"}],"about":[{"href":"https:\/\/techno-rc.com.ar\/tienda\/wp-json\/wp\/v2\/types\/product"}],"replies":[{"embeddable":true,"href":"https:\/\/techno-rc.com.ar\/tienda\/wp-json\/wp\/v2\/comments?post=3978"}],"wp:featuredmedia":[{"embeddable":true,"href":"https:\/\/techno-rc.com.ar\/tienda\/wp-json\/wp\/v2\/media\/3979"}],"wp:attachment":[{"href":"https:\/\/techno-rc.com.ar\/tienda\/wp-json\/wp\/v2\/media?parent=3978"}],"wp:term":[{"taxonomy":"product_brand","embeddable":true,"href":"https:\/\/techno-rc.com.ar\/tienda\/wp-json\/wp\/v2\/product_brand?post=3978"},{"taxonomy":"product_cat","embeddable":true,"href":"https:\/\/techno-rc.com.ar\/tienda\/wp-json\/wp\/v2\/product_cat?post=3978"},{"taxonomy":"product_tag","embeddable":true,"href":"https:\/\/techno-rc.com.ar\/tienda\/wp-json\/wp\/v2\/product_tag?post=3978"}],"curies":[{"name":"wp","href":"https:\/\/api.w.org\/{rel}","templated":true}]}}