{"id":4062,"date":"2025-06-02T12:33:24","date_gmt":"2025-06-02T15:33:24","guid":{"rendered":"https:\/\/techno-rc.com.ar\/tienda\/?post_type=product&#038;p=4062"},"modified":"2025-06-28T19:32:39","modified_gmt":"2025-06-28T22:32:39","slug":"disco-ssd-adata-legend-710-2tb-m2-nvme-box-aleg-710-2tcs","status":"publish","type":"product","link":"https:\/\/techno-rc.com.ar\/tienda\/producto\/disco-ssd-adata-legend-710-2tb-m2-nvme-box-aleg-710-2tcs\/","title":{"rendered":"DISCO SSD ADATA LEGEND 710 2TB M2 NVME BOX (ALEG-710-2TCS)"},"content":{"rendered":"<table width=\"637\">\n<tbody>\n<tr>\n<td style=\"font-weight: 400\" width=\"637\">DISCO SSD ADATA LEGEND 710 2TB M2 NVME BOX (ALEG-710-2TCS)<\/p>\n<div class=\"product info detailed\">\n<div id=\"product-tabs-683dc3a4a1a44\" class=\"product data items mage-tabs-disabled\" role=\"tablist\">\n<div id=\"description\" class=\"data item content\" role=\"tabpanel\" aria-labelledby=\"tab-label-description\" data-role=\"content\" aria-hidden=\"false\">\n<div class=\"panel-toggle-wrap\">\n<div class=\"content-outer\">\n<div class=\"content-inner\">\n<div class=\"product attribute description\">\n<div class=\"value\">Adata, empresa taiwanesa de renombre internacional se encarga de producir dispositivos de almacenamiento con un alto est\u00e1ndar de calidad. Estos te permiten resguardar tus archivos de manera segura. El ALEG-710-2TCS est\u00e1 adaptado para que puedas acceder de forma r\u00e1pida a tus documentos digitales gracias a su tecnolog\u00eda en estado s\u00f3lido. M\u00e1s velocidad a tu alcance Este disco transfiere datos a trav\u00e9s de una interfaz Pci express 3.0, lo que te brindar\u00e1 trasmitir una mayor cantidad de informaci\u00f3n. Descripci\u00f3n Capacidad 2TB Interfaz PCIe Gen3 x4 Excelente rendimiento de lectura\/escritura Disipador que mantiene las cosas un 15 % m\u00e1s fr\u00edas Gran opci\u00f3n de actualizaci\u00f3n para creadores Capacidad para soportar NVMe 1.4 LDPC y cifrado AES de 256 bits Capacidad para soportar la tecnolog\u00eda Host Memory Buffer (HMB) Caracter\u00edsticas generales Marca Adata Modelo ALEG-710-2TCS Color Azul marino Peso y dimensiones Ancho 22 mm Altura 3,13 mm Peso 9 g Otros Con disipador de calor S\u00ed Almacenamiento Capacidad 2 TB Tecnolog\u00eda de almacenamiento SSD Especificaciones Interfaces Pci express 3.0 Aplicaciones PC Ubicaci\u00f3n del disco r\u00edgido y SSD Interno Tipo de disco r\u00edgido y SSD externo De escritorio Factor de forma del disco r\u00edgido y SSD M.2 Temperatura de funcionamiento 0 &#8211; 70\u00b0C (TT)<\/div>\n<\/div>\n<\/div>\n<\/div>\n<\/div>\n<\/div>\n<\/div>\n<\/div>\n<div class=\"iframe-brand-product\"><\/div>\n<div><\/div>\n<\/td>\n<\/tr>\n<\/tbody>\n<\/table>\n","protected":false},"excerpt":{"rendered":"<p>DISCO SSD ADATA LEGEND 710 2TB M2 NVME BOX (ALEG-710-2TCS) Adata, empresa taiwanesa de renombre internacional se encarga de producir dispositivos de almacenamiento con un alto est\u00e1ndar de calidad. Estos te permiten resguardar tus archivos de manera segura. El ALEG-710-2TCS est\u00e1 adaptado para que puedas acceder de forma r\u00e1pida a tus documentos digitales gracias a &hellip;<\/p>\n<p class=\"read-more\"> <a class=\" thunk-readmore button \" href=\"https:\/\/techno-rc.com.ar\/tienda\/producto\/disco-ssd-adata-legend-710-2tb-m2-nvme-box-aleg-710-2tcs\/\"> <span class=\"screen-reader-text\">DISCO SSD ADATA LEGEND 710 2TB M2 NVME BOX (ALEG-710-2TCS)<\/span>Leer m\u00e1s<\/a><\/p>\n","protected":false},"featured_media":4063,"comment_status":"closed","ping_status":"closed","template":"","meta":{"advanced_seo_description":"","jetpack_seo_html_title":"","jetpack_seo_noindex":false,"_joinchat":[]},"product_brand":[],"product_cat":[136,33],"product_tag":[],"class_list":{"0":"post-4062","1":"product","2":"type-product","3":"status-publish","4":"has-post-thumbnail","6":"product_cat-disco-ssd","7":"product_cat-insformatica","8":"thunk-woo-product-list","9":"opn-qv-enable","10":"open-woo-hover-none","11":"open-single-product-tab-horizontal","12":"open-shadow-","13":"open-shadow-hover-","15":"first","16":"instock","17":"taxable","18":"shipping-taxable","19":"purchasable","20":"product-type-simple"},"jetpack_sharing_enabled":true,"_links":{"self":[{"href":"https:\/\/techno-rc.com.ar\/tienda\/wp-json\/wp\/v2\/product\/4062","targetHints":{"allow":["GET"]}}],"collection":[{"href":"https:\/\/techno-rc.com.ar\/tienda\/wp-json\/wp\/v2\/product"}],"about":[{"href":"https:\/\/techno-rc.com.ar\/tienda\/wp-json\/wp\/v2\/types\/product"}],"replies":[{"embeddable":true,"href":"https:\/\/techno-rc.com.ar\/tienda\/wp-json\/wp\/v2\/comments?post=4062"}],"wp:featuredmedia":[{"embeddable":true,"href":"https:\/\/techno-rc.com.ar\/tienda\/wp-json\/wp\/v2\/media\/4063"}],"wp:attachment":[{"href":"https:\/\/techno-rc.com.ar\/tienda\/wp-json\/wp\/v2\/media?parent=4062"}],"wp:term":[{"taxonomy":"product_brand","embeddable":true,"href":"https:\/\/techno-rc.com.ar\/tienda\/wp-json\/wp\/v2\/product_brand?post=4062"},{"taxonomy":"product_cat","embeddable":true,"href":"https:\/\/techno-rc.com.ar\/tienda\/wp-json\/wp\/v2\/product_cat?post=4062"},{"taxonomy":"product_tag","embeddable":true,"href":"https:\/\/techno-rc.com.ar\/tienda\/wp-json\/wp\/v2\/product_tag?post=4062"}],"curies":[{"name":"wp","href":"https:\/\/api.w.org\/{rel}","templated":true}]}}