{"id":4100,"date":"2025-06-02T15:58:22","date_gmt":"2025-06-02T18:58:22","guid":{"rendered":"https:\/\/techno-rc.com.ar\/tienda\/?post_type=product&#038;p=4100"},"modified":"2025-06-28T19:32:36","modified_gmt":"2025-06-28T22:32:36","slug":"teclado-gamer-hyperx-alloy-origins-core-red-4p5p3aaaba","status":"publish","type":"product","link":"https:\/\/techno-rc.com.ar\/tienda\/producto\/teclado-gamer-hyperx-alloy-origins-core-red-4p5p3aaaba\/","title":{"rendered":"TECLADO GAMER HYPERX ALLOY ORIGINS CORE RED (4P5P3AA#ABA)"},"content":{"rendered":"<table width=\"637\">\n<tbody>\n<tr>\n<td style=\"font-weight: 400\" width=\"637\">TECLADO GAMER HYPERX ALLOY ORIGINS CORE RED (4P5P3AA#ABA)<\/p>\n<p>El HyperX Alloy Origins Core es un teclado ultra compacto, resistente y sin teclas con interruptores mec\u00e1nicos HyperX personalizados dise\u00f1ados para brindar a los jugadores la mejor combinaci\u00f3n de estilo, rendimiento y confiabilidad. Estos interruptores de llave tienen LED expuestos para una iluminaci\u00f3n sorprendente con una fuerza de actuaci\u00f3n y una distancia de recorrido elegantemente equilibradas para una capacidad de respuesta y precisi\u00f3n. Alloy Origins Core est\u00e1 construido con un cuerpo de aluminio completo para que se mantenga r\u00edgido y estable cuando se pulsan las teclas, y tambi\u00e9n cuenta con pies de teclado que le permiten elegir entre tres niveles de inclinaci\u00f3n diferentes. Su dise\u00f1o compacto TKL libera espacio para el movimiento del mouse en configuraciones de escritorio donde el espacio es escaso, y tambi\u00e9n cuenta con un cable USB-C desmontable para una portabilidad suprema. Personaliza tu iluminaci\u00f3n, crea macros y ajusta el modo de juego con el software HyperX NGENUITY. este poderoso, DESCRIPCI\u00d3N TECLADO Tecla Tecla HyperX Tipo Mec\u00e1nico Retroiluminaci\u00f3n RGB (16 777 216 colores) Efectos de iluminaci\u00f3n Por iluminaci\u00f3n RGB de tecla y cinco niveles de brillo Memoria integrada 3 perfiles Tipo de conexi\u00f3n Extra\u00edble (USB tipo C) Anti-ghosting 100% anti-ghosting Pulsado simult\u00e1neo Modo N-key Indicador LED S\u00ed Control de los medios S\u00ed Modo de juego S\u00ed Compatibilidad con el sistema operativo Windows\u00ae 10, 8.1, 8, 7 TECLAS Tecla HyperX Roja, HyperX Aqua, HyperX Blue Estilo de funcionamiento Lineal, T\u00e1ctil, Clic Fuerza aplicada 45 g Distancia de recorrido de las teclas 1,8 mm Recorrido total 3,8 mm Vida \u00fatil (pulsaciones) 80 millones CABLE Tipo Extra\u00edble, trenzado Longitud 1,8 m DIMENSIONES Anchura 360,0 mm Profundidad 132,5 mm Altura 34,5 mm Peso (teclado y cable) 900 g<\/p>\n<table id=\"product-attribute-specs-table\" class=\"data table additional-attributes\">\n<caption class=\"table-caption\">M\u00e1s informaci\u00f3n<\/caption>\n<tbody>\n<tr>\n<th class=\"col label\" scope=\"row\">SKU<\/th>\n<td class=\"col data\" data-th=\"SKU\">58786<\/td>\n<\/tr>\n<tr>\n<th class=\"col label\" scope=\"row\">Altura del teclado<\/th>\n<td class=\"col data\" data-th=\"Altura del teclado\">17.531 cm<\/td>\n<\/tr>\n<tr>\n<th class=\"col label\" scope=\"row\">Ancho del teclado<\/th>\n<td class=\"col data\" data-th=\"Ancho del teclado\">44.32 cm<\/td>\n<\/tr>\n<tr>\n<th class=\"col label\" scope=\"row\">Arquitectura<\/th>\n<td class=\"col data\" data-th=\"Arquitectura\">Mec\u00e1nico<\/td>\n<\/tr>\n<tr>\n<th class=\"col label\" scope=\"row\">Cantidad de teclas<\/th>\n<td class=\"col data\" data-th=\"Cantidad de teclas\">105<\/td>\n<\/tr>\n<tr>\n<th class=\"col label\" scope=\"row\">Cantidad de teclas de acceso r\u00e1pido<\/th>\n<td class=\"col data\" data-th=\"Cantidad de teclas de acceso r\u00e1pido\">3<\/td>\n<\/tr>\n<tr>\n<th class=\"col label\" scope=\"row\">C\u00f3digo universal de producto<\/th>\n<td class=\"col data\" data-th=\"C\u00f3digo universal de producto\">196188049273<\/td>\n<\/tr>\n<tr>\n<th class=\"col label\" scope=\"row\">Color del teclado<\/th>\n<td class=\"col data\" data-th=\"Color del teclado\">Negro<\/td>\n<\/tr>\n<tr>\n<th class=\"col label\" scope=\"row\">Con Bluetooth<\/th>\n<td class=\"col data\" data-th=\"Con Bluetooth\">No<\/td>\n<\/tr>\n<tr>\n<th class=\"col label\" scope=\"row\">Con cable removible<\/th>\n<td class=\"col data\" data-th=\"Con cable removible\">S\u00ed<\/td>\n<\/tr>\n<tr>\n<th class=\"col label\" scope=\"row\">Con interfaz USB<\/th>\n<td class=\"col data\" data-th=\"Con interfaz USB\">S\u00ed<\/td>\n<\/tr>\n<tr>\n<th class=\"col label\" scope=\"row\">Con pad num\u00e9rico<\/th>\n<td class=\"col data\" data-th=\"Con pad num\u00e9rico\">No<\/td>\n<\/tr>\n<tr>\n<th class=\"col label\" scope=\"row\">Con pantalla<\/th>\n<td class=\"col data\" data-th=\"Con pantalla\">No<\/td>\n<\/tr>\n<tr>\n<th class=\"col label\" scope=\"row\">Con recepci\u00f3n inal\u00e1mbrica<\/th>\n<td class=\"col data\" data-th=\"Con recepci\u00f3n inal\u00e1mbrica\">No<\/td>\n<\/tr>\n<tr>\n<th class=\"col label\" scope=\"row\">Con reposa mu\u00f1eca<\/th>\n<td class=\"col data\" data-th=\"Con reposa mu\u00f1eca\">No<\/td>\n<\/tr>\n<tr>\n<th class=\"col label\" scope=\"row\">Con retroiluminaci\u00f3n<\/th>\n<td class=\"col data\" data-th=\"Con retroiluminaci\u00f3n\">S\u00ed<\/td>\n<\/tr>\n<tr>\n<th class=\"col label\" scope=\"row\">Con teclas anti-ghost<\/th>\n<td class=\"col data\" data-th=\"Con teclas anti-ghost\">S\u00ed<\/td>\n<\/tr>\n<tr>\n<th class=\"col label\" scope=\"row\">Con teclas de acceso r\u00e1pido<\/th>\n<td class=\"col data\" data-th=\"Con teclas de acceso r\u00e1pido\">S\u00ed<\/td>\n<\/tr>\n<tr>\n<th class=\"col label\" scope=\"row\">Con touchpad<\/th>\n<td class=\"col data\" data-th=\"Con touchpad\">No<\/td>\n<\/tr>\n<tr>\n<th class=\"col label\" scope=\"row\">Con trackball<\/th>\n<td class=\"col data\" data-th=\"Con trackball\">No<\/td>\n<\/tr>\n<tr>\n<th class=\"col label\" scope=\"row\">Condici\u00f3n del \u00edtem<\/th>\n<td class=\"col data\" data-th=\"Condici\u00f3n del \u00edtem\">Nuevo<\/td>\n<\/tr>\n<tr>\n<th class=\"col label\" scope=\"row\">Consolas de juegos compatibles<\/th>\n<td class=\"col data\" data-th=\"Consolas de juegos compatibles\">PS5,PS4,Xbox Series XIS,Xbox One<\/td>\n<\/tr>\n<tr>\n<th class=\"col label\" scope=\"row\">Es compacto<\/th>\n<td class=\"col data\" data-th=\"Es compacto\">S\u00ed<\/td>\n<\/tr>\n<tr>\n<th class=\"col label\" scope=\"row\">Es ergon\u00f3mica<\/th>\n<td class=\"col data\" data-th=\"Es ergon\u00f3mica\">No<\/td>\n<\/tr>\n<tr>\n<th class=\"col label\" scope=\"row\">Es flexible<\/th>\n<td class=\"col data\" data-th=\"Es flexible\">No<\/td>\n<\/tr>\n<tr>\n<th class=\"col label\" scope=\"row\">Es gamer<\/th>\n<td class=\"col data\" data-th=\"Es gamer\">S\u00ed<\/td>\n<\/tr>\n<tr>\n<th class=\"col label\" scope=\"row\">Es para una mano<\/th>\n<td class=\"col data\" data-th=\"Es para una mano\">No<\/td>\n<\/tr>\n<tr>\n<th class=\"col label\" scope=\"row\">Es resistente a salpicaduras<\/th>\n<td class=\"col data\" data-th=\"Es resistente a salpicaduras\">S\u00ed<\/td>\n<\/tr>\n<tr>\n<th class=\"col label\" scope=\"row\">Es teclado num\u00e9rico<\/th>\n<td class=\"col data\" data-th=\"Es teclado num\u00e9rico\">No<\/td>\n<\/tr>\n<tr>\n<th class=\"col label\" scope=\"row\">Fabricante<\/th>\n<td class=\"col data\" data-th=\"Fabricante\">HyperX<\/td>\n<\/tr>\n<tr>\n<th class=\"col label\" scope=\"row\">Forma de las teclas<\/th>\n<td class=\"col data\" data-th=\"Forma de las teclas\">Cil\u00edndrica<\/td>\n<\/tr>\n<tr>\n<th class=\"col label\" scope=\"row\">Idioma<\/th>\n<td class=\"col data\" data-th=\"Idioma\">Ingl\u00e9s US<\/td>\n<\/tr>\n<tr>\n<th class=\"col label\" scope=\"row\">Incluye pilas<\/th>\n<td class=\"col data\" data-th=\"Incluye pilas\">No<\/td>\n<\/tr>\n<tr>\n<th class=\"col label\" scope=\"row\">Largo del cable<\/th>\n<td class=\"col data\" data-th=\"Largo del cable\">1.8 m<\/td>\n<\/tr>\n<tr>\n<th class=\"col label\" scope=\"row\">Layout<\/th>\n<td class=\"col data\" data-th=\"Layout\">QWERTY<\/td>\n<\/tr>\n<tr>\n<th class=\"col label\" scope=\"row\">L\u00ednea<\/th>\n<td class=\"col data\" data-th=\"L\u00ednea\">Alloy<\/td>\n<\/tr>\n<tr>\n<th class=\"col label\" scope=\"row\">Modelo<\/th>\n<td class=\"col data\" data-th=\"Modelo\">Origins Core<\/td>\n<\/tr>\n<tr>\n<th class=\"col label\" scope=\"row\">Modelo alfanum\u00e9rico<\/th>\n<td class=\"col data\" data-th=\"Modelo alfanum\u00e9rico\">4P5P3A2<\/td>\n<\/tr>\n<tr>\n<th class=\"col label\" scope=\"row\">Modelo detallado<\/th>\n<td class=\"col data\" data-th=\"Modelo detallado\">HX-KB7RDX-US<\/td>\n<\/tr>\n<tr>\n<th class=\"col label\" scope=\"row\">MPN<\/th>\n<td class=\"col data\" data-th=\"MPN\">4P5P3AAABA<\/td>\n<\/tr>\n<tr>\n<th class=\"col label\" scope=\"row\">Peso del teclado<\/th>\n<td class=\"col data\" data-th=\"Peso del teclado\">900 g<\/td>\n<\/tr>\n<tr>\n<th class=\"col label\" scope=\"row\">Profundidad del teclado<\/th>\n<td class=\"col data\" data-th=\"Profundidad del teclado\">3.568 cm<\/td>\n<\/tr>\n<tr>\n<th class=\"col label\" scope=\"row\">Tipo de conector<\/th>\n<td class=\"col data\" data-th=\"Tipo de conector\">USB-C<\/td>\n<\/tr>\n<tr>\n<th class=\"col label\" scope=\"row\">Color de la retroiluminaci\u00f3n<\/th>\n<td class=\"col data\" data-th=\"Color de la retroiluminaci\u00f3n\">RGB<\/td>\n<\/tr>\n<tr>\n<th class=\"col label\" scope=\"row\">Tipo de switch<\/th>\n<td class=\"col data\" data-th=\"Tipo de switch\">HyperX Red<\/td>\n<\/tr>\n<tr>\n<th class=\"col label\" scope=\"row\">Impuesto interno<\/th>\n<td class=\"col data\" data-th=\"Impuesto interno\">0 %<\/td>\n<\/tr>\n<tr>\n<th class=\"col label\" scope=\"row\">IVA<\/th>\n<td class=\"col data\" data-th=\"IVA\">21 %<\/td>\n<\/tr>\n<\/tbody>\n<\/table>\n<\/td>\n<\/tr>\n<\/tbody>\n<\/table>\n","protected":false},"excerpt":{"rendered":"<p>TECLADO GAMER HYPERX ALLOY ORIGINS CORE RED (4P5P3AA#ABA) El HyperX Alloy Origins Core es un teclado ultra compacto, resistente y sin teclas con interruptores mec\u00e1nicos HyperX personalizados dise\u00f1ados para brindar a los jugadores la mejor combinaci\u00f3n de estilo, rendimiento y confiabilidad. Estos interruptores de llave tienen LED expuestos para una iluminaci\u00f3n sorprendente con una fuerza &hellip;<\/p>\n<p class=\"read-more\"> <a class=\" thunk-readmore button \" href=\"https:\/\/techno-rc.com.ar\/tienda\/producto\/teclado-gamer-hyperx-alloy-origins-core-red-4p5p3aaaba\/\"> <span class=\"screen-reader-text\">TECLADO GAMER HYPERX ALLOY ORIGINS CORE RED (4P5P3AA#ABA)<\/span>Leer m\u00e1s<\/a><\/p>\n","protected":false},"featured_media":4105,"comment_status":"closed","ping_status":"closed","template":"","meta":{"advanced_seo_description":"","jetpack_seo_html_title":"","jetpack_seo_noindex":false,"_joinchat":[]},"product_brand":[],"product_cat":[33,141],"product_tag":[],"class_list":{"0":"post-4100","1":"product","2":"type-product","3":"status-publish","4":"has-post-thumbnail","6":"product_cat-insformatica","7":"product_cat-teclado-gamer","8":"thunk-woo-product-list","9":"opn-qv-enable","10":"open-woo-hover-none","11":"open-single-product-tab-horizontal","12":"open-shadow-","13":"open-shadow-hover-","15":"first","16":"instock","17":"taxable","18":"shipping-taxable","19":"purchasable","20":"product-type-simple"},"jetpack_sharing_enabled":true,"_links":{"self":[{"href":"https:\/\/techno-rc.com.ar\/tienda\/wp-json\/wp\/v2\/product\/4100","targetHints":{"allow":["GET"]}}],"collection":[{"href":"https:\/\/techno-rc.com.ar\/tienda\/wp-json\/wp\/v2\/product"}],"about":[{"href":"https:\/\/techno-rc.com.ar\/tienda\/wp-json\/wp\/v2\/types\/product"}],"replies":[{"embeddable":true,"href":"https:\/\/techno-rc.com.ar\/tienda\/wp-json\/wp\/v2\/comments?post=4100"}],"wp:featuredmedia":[{"embeddable":true,"href":"https:\/\/techno-rc.com.ar\/tienda\/wp-json\/wp\/v2\/media\/4105"}],"wp:attachment":[{"href":"https:\/\/techno-rc.com.ar\/tienda\/wp-json\/wp\/v2\/media?parent=4100"}],"wp:term":[{"taxonomy":"product_brand","embeddable":true,"href":"https:\/\/techno-rc.com.ar\/tienda\/wp-json\/wp\/v2\/product_brand?post=4100"},{"taxonomy":"product_cat","embeddable":true,"href":"https:\/\/techno-rc.com.ar\/tienda\/wp-json\/wp\/v2\/product_cat?post=4100"},{"taxonomy":"product_tag","embeddable":true,"href":"https:\/\/techno-rc.com.ar\/tienda\/wp-json\/wp\/v2\/product_tag?post=4100"}],"curies":[{"name":"wp","href":"https:\/\/api.w.org\/{rel}","templated":true}]}}