{"id":4592,"date":"2025-08-04T10:35:28","date_gmt":"2025-08-04T13:35:28","guid":{"rendered":"https:\/\/techno-rc.com.ar\/tienda\/?post_type=product&#038;p=4592"},"modified":"2025-08-04T11:44:18","modified_gmt":"2025-08-04T14:44:18","slug":"impresora-todo-en-uno-hp-smart-tank-580-multifuncion-wi-fi","status":"publish","type":"product","link":"https:\/\/techno-rc.com.ar\/tienda\/producto\/impresora-todo-en-uno-hp-smart-tank-580-multifuncion-wi-fi\/","title":{"rendered":"Impresora Todo En Uno Hp Smart Tank 580 Multifuncion Wi-fi"},"content":{"rendered":"<h1 class=\"ui-pdp-title\">Impresora Todo En Uno Hp Smart Tank 580 Multifuncion Wi-fi<\/h1>\n<p>Intuitivamente inteligente. Ligera de precio.<br \/>\nDisfrute de confiabilidad diaria con la impresora HP Smart Tank 580 Todo-en-Uno que ofrece la calidad HP que usted espera y ahorros sorprendentes.<\/p>\n<p>Especificaciones<br \/>\n&#8211; Velocidad de impresi\u00f3n: Negro: Hasta 12 cpm; Color: Hasta 5 cpm<br \/>\n&#8211; Resoluci\u00f3n de impresi\u00f3n: Negro (\u00f3ptimo): Hasta 1200 x 1200 ppp de reproducci\u00f3n; Color (\u00f3ptimo): Impresi\u00f3n en color de hasta 4800 x 1200 ppp optimizados (cuando se imprime desde una computadora y hay 1200 ppp de entrada)<br \/>\n&#8211; Resoluci\u00f3n de escaneo: Hardware: hasta 1200 x 1200 ppp; \u00d3ptico: hasta 1200 ppp<br \/>\n&#8211; Resoluci\u00f3n de copia: Negro (texto y gr\u00e1ficos): hasta 1,200 ppp; Color (texto y gr\u00e1ficos): hasta 1200 x 1200 ppp con velocidad reducida<br \/>\n&#8211; Conectividad est\u00e1ndar: 1 Hi-Speed USB 2.0 (dispositivo); 1 Wi-Fi 802.11b\/g\/n; 1 Wi-Fi Direct<br \/>\n&#8211; Capacidad de impresi\u00f3n m\u00f3vil: Aplicaci\u00f3n HP Smart; Apple AirPrint; Servicios de impresi\u00f3n Mopria;<br \/>\n&#8211; Complemento de servicio de impresi\u00f3n HP (impresi\u00f3n Android); Impresi\u00f3n Wi-Fi Direct<br \/>\n&#8211; Ciclo de trabajo: Mensual (carta): hasta 3000 p\u00e1ginas<br \/>\n&#8211; Pantalla: Pantalla LCD de 33 segmentos + \u00edcono de 1,2&#8243;<br \/>\n&#8211; Manejo del papel: Bandeja de entrada de 100 hojas;<br \/>\n&#8211; Bandeja salida de 30 hojas<\/p>\n<p>Valor del dep\u00f3sito inteligente<br \/>\n&#8211; Hasta 12.000 p\u00e1ginas en negro o 6000 p\u00e1ginas en color de tinta le permiten seguir imprimiendo a una fracci\u00f3n del costo<br \/>\n&#8211; Ahorre energ\u00eda con la tecnolog\u00eda HP Auto-On\/Auto-Off<br \/>\n&#8211; Los sensores de tinta permiten evitar los costosos reemplazos de los cabezales de impresi\u00f3n<\/p>\n<p>Disponibilidad inmediata<br \/>\n&#8211; Mant\u00e9ngase conectado y siga imprimiendo con el Wi-Fi con reparaci\u00f3n autom\u00e1tica<br \/>\n&#8211; Impresi\u00f3n m\u00f3vil sencilla con la aplicaci\u00f3n HP Smart Fax m\u00f3vil con la aplicaci\u00f3n HP Smart<\/p>\n<p>Convenientemente intuitiva<br \/>\n&#8211; F\u00e1cil configuraci\u00f3n guiada por dispositivo m\u00f3vil<br \/>\n&#8211; Imprima m\u00e1s a un costo por p\u00e1gina muy bajo: hasta 12.000 p\u00e1ginas en negro o 6000 p\u00e1ginas en color de tinta incluidas en la caja<br \/>\n&#8211; Botellas reciclables codificadas por color y sin complicaciones para una f\u00e1cil recarga.<\/p>\n<p>Contenido De La Caja<br \/>\nImpresora Todo-en-Uno HP Smart Tank 580; Botella de tinta original HP GT53XL, negro (135 ml); Botella de tinta original HP GT52, cian (50 ml); Botella de tinta original HP GT52, magenta (50 ml); Botella de tinta original HP GT52, amarillo (50 ml); Cabezal de impresi\u00f3n HP Smart Tank; Gu\u00eda de instalaci\u00f3n; Gu\u00eda de referencia; Volante de advertencia sobre tintas; Volante reglamentario; Volante de garant\u00eda, Cable de alimentaci\u00f3n; Incluye 1 botella adicional de tinta original GT53XL negra de 135 ml.<\/p>\n<p>Cartuchos de reemplazo: Botella de tinta original HP GT53 de90 ml, negro, 1VV22AL; botella de tinta original HP GT52, cian M0H54AL; Botelladetintaoriginal HP GT52, magenta, M0H55AL; Botella de tinta original HP GT52, amarillo, M0H56AL; Paquete de 3 botellas de tinta original HP GT52, cian\/magenta\/amarillo, X4E44AL.<\/p>\n<p>Especificaciones T\u00e9cnicas:<\/p>\n<p>Segmento<br \/>\nHogar<\/p>\n<p>Manejo de Medios de Impresi\u00f3n<\/p>\n<p>Manejo de impresiones terminadas<br \/>\nAlimentador de hojas<\/p>\n<p>Capacidad de entrada de sobre<br \/>\nHasta 10 sobres<\/p>\n<p>Capacidad de salida<br \/>\nHasta 30 hojas<\/p>\n<p>Capacidad de salida m\u00e1xima (hojas)<br \/>\nHasta 30 hojas<\/p>\n<p>Entrada de manejo de papel, est\u00e1ndar<br \/>\nBandeja de entrada 100 hojas<\/p>\n<p>Capacidad de entrada<br \/>\nHasta 100 hojas<\/p>\n<p>Salida de manejo de papel, est\u00e1ndar<br \/>\nBandeja de salida de 30 hojas<\/p>\n<p>Capacidad de salida est\u00e1ndar (sobres)<br \/>\nHasta 10 sobres<\/p>\n<p>Capacidad de entrada m\u00e1xima (hojas)<br \/>\nHasta 100 hojas<\/p>\n<p>Capacidad de entrada est\u00e1ndar (sobres)<br \/>\nHasta 10<\/p>\n<p>Capacidad de entrada m\u00e1xima (tarjetas)<br \/>\nHasta 30 tarjetas<\/p>\n<p>Capacidad de entrada m\u00e1xima (fotograf\u00edas de 10 x 15 cm)<br \/>\nHasta 30 hojas<\/p>\n<p>Capacidad de salida est\u00e1ndar (legal)<br \/>\nUp to 30 sheets<\/p>\n<p>Capacidad de entrada m\u00e1xima (papel fotogr\u00e1fico)<br \/>\nHasta 30 hojas<\/p>\n<p>Capacidad de entrada m\u00e1xima (fotograf\u00edas de 4&#215;6 pulg.)<br \/>\nHasta 30 hojas<\/p>\n<p>Capacidad de entrada est\u00e1ndar (legal)<br \/>\nUp to 100 sheets<\/p>\n<p>Capacidad de entrada de papel de serie (tarjetas)<br \/>\nHasta 30 tarjetas<\/p>\n<p>Capacidad de entrada m\u00e1xima (etiquetas)<br \/>\nHasta 10 hojas<\/p>\n<p>Capacidad de salida m\u00e1xima (papel fotogr\u00e1fico)<br \/>\nHasta 30hojas<\/p>\n<p>Capacidad de salida m\u00e1xima (tarjetas)<br \/>\nHasta 30 tarjetas<\/p>\n<p>Capacidad de salida est\u00e1ndar (tarjetas)<br \/>\nHasta 30 tarjetas<\/p>\n<p>Capacidad de salida est\u00e1ndar (etiquetas)<br \/>\nHasta 10 hojas<\/p>\n<p>Capacidad de salida m\u00e1xima (etiquetas)<br \/>\nHasta 30 hojas<\/p>\n<p>Capacidad de salida m\u00e1xima (sobres)<br \/>\nHasta 10 sobres<\/p>\n<p>Especificaciones de la pantalla<\/p>\n<p>Monitor<br \/>\n1.2-inch iCON LCD Display<\/p>\n<p>Cartuchos y Cabezales de Impresi\u00f3n<\/p>\n<p>N\u00famero de cartuchos de impresi\u00f3n<br \/>\n4 (cada 1 botella negra, juego de 3 botellas de color)<\/p>\n<p>Tipos de tinta<br \/>\nBasado en pigmento (negro); Basado en tinta (color)<\/p>\n<p>Cabezales de impresi\u00f3n<br \/>\n2 (1 negro, 1 tricolor)<\/p>\n<p>Color(es) de consumibles de impresi\u00f3n<br \/>\nNegro; Cian; Magenta; Amarillo<\/p>\n<p>Inyectores del cabezal de impresi\u00f3n<br \/>\n704 (negro), 588 (tricolor)<\/p>\n<p>Cartuchos de reemplazo<br \/>\nBotella de tinta original HP GT53 de 90 ml, negro, 1VV22AL; botella de tinta original HP GT52, cian, M0H54AL; Botella de tinta original HP GT52 de 70 ml, magenta, M0H55AL; Botella de tinta original HP GT52 de 70 ml, amarill, M0H56AL; Paquete de 3 botellas de tinta original HP GT52, cian\/magenta\/amarilla, X4E44AL<\/p>\n<p>Colores de impresi\u00f3n, m\u00e1ximo<br \/>\n4<\/p>\n<p>Bateria y Alimentaci\u00f3n<\/p>\n<p>Alimentaci\u00f3n<br \/>\nVoltaje de entrada 100 a 240 VCA (+\/- 10%), 50\/60 Hz (+\/- 3 Hz). Alto voltaje: Voltaje de entrada 200 a 240 VCA (+\/- 10%), 50\/60 Hz (+\/- 3 Hz)<\/p>\n<p>Consumo de energ\u00eda<br \/>\n0,109vatios (apagado manual), 3,023vatios (lista), 1,096vatios (suspensi\u00f3n)<\/p>\n<p>Tipo de fuente de alimentaci\u00f3n<br \/>\nInterno integrado<\/p>\n<p>Especificaciones del Transmisor Digital<\/p>\n<p>Funciones est\u00e1ndar de env\u00edo digital<br \/>\nEscaneo a archivo (desde el software); HP Smart Tasks<\/p>\n<p>Formatos de archivo, admitidos<br \/>\nJPG; PDF<\/p>\n<p>Capacidad de Env\u00edo a e-mail<br \/>\nNo<\/p>\n<p>Tiempo de Impresi\u00f3n<\/p>\n<p>Salida de primera p\u00e1gina impresa en negro (A4, preparada)<br \/>\n14 segundos<\/p>\n<p>Salida de primera p\u00e1gina impresa color (A4, preparada)<br \/>\nVelocidad m\u00e1xima de 21 segundos<\/p>\n<p>Especificaciones de la Impresora<\/p>\n<p>Compatibilidad con impresi\u00f3n directa y dispositivos de almacenamiento<br \/>\nImpresi\u00f3n inal\u00e1mbrica directa<\/p>\n<p>Ciclo de trabajo (mensual, carta)<br \/>\nUp to 3,000 pages<\/p>\n<p>Alimentador de sobres<br \/>\nNo<\/p>\n<p>Funciones<br \/>\nImpresi\u00f3n, copia , escaneado<\/p>\n<p>Lenguajes de impresi\u00f3n<br \/>\nHP PCL 3 GUI; HP PCLm (aplicaciones HP\/UPD); URF (AirPrint)<\/p>\n<p>Bandejas para papel, m\u00e1ximo<br \/>\n1<\/p>\n<p>Ciclo de trabajo (mensual, A4)<br \/>\nHasta 3000 p\u00e1ginas<\/p>\n<p>Bandejas para papel, est\u00e1ndar<br \/>\n1<\/p>\n<p>Volumen de p\u00e1ginas mensuales recomendado<br \/>\n400 a 800<\/p>\n<p>Tecnolog\u00eda de impresi\u00f3n<br \/>\nInyecci\u00f3n t\u00e9rmica de tinta HP<\/p>\n<p>Impresi\u00f3n a doble cara<br \/>\nManual (soporte para controlador suministrado)<\/p>\n<p>Fuentes y tipos de caracteres<br \/>\nNinguno\/a<\/p>\n<p>Sensor de papel autom\u00e1tico<br \/>\nNo<\/p>\n<p>Administraci\u00f3n de impresoras<br \/>\nNo<\/p>\n<p>Colores de impresi\u00f3n<br \/>\nS\u00ed<\/p>\n<p>Principales caracter\u00edsticas<br \/>\nConexi\u00f3n inal\u00e1mbrica; Dep\u00f3sito de impresora de gran volumen; Imprima desde su tel\u00e9fono o tablet; Escanear a PDF<\/p>\n<p>Cantidad de usuarios y volumen de impresi\u00f3n<br \/>\nPara equipos de hasta 3 usuarios; Imprime hasta 800 p\u00e1ginas por mes<\/p>\n<p>Impresi\u00f3n sin bordes<br \/>\nS\u00ed (hasta 8,5 x 11 pulgadas, 210 x 297 mm)<\/p>\n<p>Controladores de impresora incluidos<br \/>\nHP PCL 3 GUI<\/p>\n<p>Soporte de hojas de prueba fotogr\u00e1ficas<br \/>\nNo<\/p>\n<p>Precisi\u00f3n en la alineaci\u00f3n vertical<br \/>\n+\/- 0.02 mm<\/p>\n<p>Certificaci\u00f3n y Conformidad<\/p>\n<p>Certificaci\u00f3n ENERGY STAR\u00ae<br \/>\nNo<\/p>\n<p>Compatibilidad electromagn\u00e9tica<br \/>\nEN 55032:2015+A11:2020 Clase B; EN 55024:2010 +A1:2015; EN 55035:2017+A11:2020; EN IEC 61000-3-2:2019; EN 61000-3-2:2014; EN 61000-3-3:2013 +A1:2019;EN 301 489-1 V2.2.3;EN 301 489-17 V3.2.4<\/p>\n<p>Seguridad<br \/>\nConformidad con IEC 60950-1 y IEC62368-1; Conformidad con EU RED y EN 60950-1 y EN 62368-1; Seguridad de Singapur; CCC &#8211; China; BSMI de Taiw\u00e1n<\/p>\n<p>Cumplimiento de est\u00e1ndares de telecomunicaciones (capacidad de fax)<br \/>\nEN 300 328 V2.2.2; EN 301 893 V2.1.1;EN 300 440 V2.1.1<\/p>\n<p>Ambiental<br \/>\n45 % de pl\u00e1sticos reciclados posconsumo; Registro EPEAT\u00ae<\/p>\n<p>Contenido de la Caja<\/p>\n<p>Contenido de la caja<br \/>\nImpresora Todo-en-Uno HP Smart Tank 580; Botella de tinta original HP GT53XL, negro (135 ml); Botella de tinta original HP GT52, cian (50 ml); Botella de tinta original HP GT52, magenta (50 ml); Botella de tinta original HP GT52, amarillo (50 ml); Cabezal de impresi\u00f3n HP Smart Tank; Gu\u00eda de instalaci\u00f3n; Gu\u00eda de referencia; Volante de advertencia sobre tintas; Volante reglamentario; Volante de garant\u00eda, Cable de alimentaci\u00f3n; Incluye 1 botella adicional de tinta original GT53XL negra de 135 ml.<\/p>\n<p>Cable incluido<br \/>\nNo, por favor compre el cable USB aparte<\/p>\n<p>Ambiental<\/p>\n<p>Humedad durante almacenamiento<br \/>\n5 a 90% de HR (sin condensaci\u00f3n)<\/p>\n<p>Intervalo de humedad en funcionamiento<br \/>\n15 a 80 % de HR (sin condensaci\u00f3n)<\/p>\n<p>Temperatura de almacenamiento: l\u00edmites<br \/>\n-40 a 60 \u00b0C<\/p>\n<p>Margen de temperaturas operativas<br \/>\n5 a 40 \u00b0C<\/p>\n<p>Emisiones de presi\u00f3n ac\u00fastica<br \/>\n56,8 dBA<\/p>\n<p>Emisiones de potencia ac\u00fastica<br \/>\n6,4 B(A)<\/p>\n<p>Margen de temperaturas operativas recomendado<br \/>\n15 a 30 \u00b0C<\/p>\n<p>Memoria<\/p>\n<p>Ranuras de memoria<br \/>\nNo<\/p>\n<p>Memoria, est\u00e1ndar<br \/>\n64 MB de DDR1 integrada<\/p>\n<p>Memoria, m\u00e1xima<br \/>\n64 MB<\/p>\n<p>Dimensiones<\/p>\n<p>Dimensiones m\u00ednimas (anch. x prof. x alt.)<br \/>\n434,66 x 361,53 x 157,26 mm<\/p>\n<p>Dimensiones del embalaje (An x F x Al)<br \/>\n495x198x478 mm<\/p>\n<p>Dimensiones m\u00e1ximas (An x F x Al)<br \/>\n434,66 x 580,65x 259,37 mm<\/p>\n<p>Dimensiones con bandejas elevadas (Ancho x Fondo x Alto)<br \/>\n434,66 x 361,53 x 157,26 mm<\/p>\n<p>Pesos<\/p>\n<p>Peso<br \/>\n5,03 kg<\/p>\n<p>Peso del embalaje<br \/>\nDe 7,2 kg a 7,6 kg seg\u00fan la cantidad de botellas incluidas<\/p>\n<p>Peso del embalaje<br \/>\n15.89 lb to 16.73 lb depending on number of bottle\/s included<\/p>\n<p>Conectividad y Comunicaciones<\/p>\n<p>Conectividad, est\u00e1ndar<br \/>\n1 Hi-Speed USB 2.0 (dispositivo); 1 Bluetooth de bajo consumo de energ\u00eda; 1 Wi-Fi 802.11b\/g\/n; 1 Wi-Fi Direct<\/p>\n<p>Capacidades de red<br \/>\nS\u00ed (a trav\u00e9s de WiFi)<\/p>\n<p>Capacidad inal\u00e1mbrica<br \/>\nS\u00ed, Wi-Fi 2.4G, Wi-Fi Direct y Bluetooth de bajo consumo incorporados<\/p>\n<p>Capacidad de impresi\u00f3n m\u00f3vil<br \/>\nAplicaci\u00f3n HP Smart; Apple AirPrint; Servicios de impresi\u00f3n Mopria; Complemento de servicio de impresi\u00f3n HP (impresi\u00f3n Android); Impresi\u00f3n Wi-Fi Direct<\/p>\n<p>Plug and play<br \/>\nAuto Wireless Connect<\/p>\n<p>Geograf\u00eda<\/p>\n<p>Pa\u00eds de origen<br \/>\nFabricado en China<\/p>\n<p>Componentes del Sistema<\/p>\n<p>Panel de control<br \/>\nEncendido\/apagado, cancelar, reanudar, copia en color, copia en negro, copia de identificaci\u00f3n, WI-FI y bot\u00f3n de informaci\u00f3n<\/p>\n<p>Procesador<\/p>\n<p>Velocidad del procesador<br \/>\n980 MHz<\/p>\n<p>Resoluci\u00f3n de Esc\u00e1ner<\/p>\n<p>Resoluci\u00f3n de escaneo, hardware<br \/>\nHasta 1200 x 1200 dpi<\/p>\n<p>Resoluci\u00f3n de escaneado mejorada<br \/>\nhasta 1200 ppp<\/p>\n<p>Resoluci\u00f3n de escaneo, \u00f3ptica<br \/>\nhasta 1200 ppp<\/p>\n<p>Exenci\u00f3n de responsabilidad de resoluci\u00f3n de escaneado mejorada<br \/>\nhasta 1200 ppp<\/p>\n<p>Medios de Impresi\u00f3n Compatibles<\/p>\n<p>Tama\u00f1os de soportes de impresi\u00f3n admitidos<br \/>\nA4; B5; A6; Sobre DL, legal<\/p>\n<p>Tama\u00f1os de soporte est\u00e1ndar (doble cara)<br \/>\nA4; B5<\/p>\n<p>Peso de soporte, admitido<br \/>\nPapel normal: 60 a 90g\/m\u00b2; Sobres: 75 a 90g\/m\u00b2; Tarjetas: hasta 200g\/m\u00b2; Papel fotogr\u00e1fico: hasta 300g\/m\u00b2<\/p>\n<p>Tipos de soportes<br \/>\nPapel com\u00fan, Papeles para folletos mate, Papeles para folletos con brillo, Papeles fotogr\u00e1ficos, Sobres, Otros papeles especiales de inyecci\u00f3n de tinta<\/p>\n<p>Tama\u00f1os de soportes, personalizado<br \/>\n88,9 x 127 a 215,9 x 355,6 mm<\/p>\n<p>Peso de soporte, recomendado<br \/>\n75 g\/m\u00b2<\/p>\n<p>Tama\u00f1os de soporte admitidos, clave<br \/>\n10 x 15 cm; A4; Sobres<\/p>\n<p>Requisitos del Sistema<\/p>\n<p>Requisitos m\u00ednimos del sistema para Macintosh<br \/>\nApple\u00ae macOS v10.15 Catalina, macOS v11 Big Sur, macOS v12 Monterey; Disco duro de 2 GB; Se requiere acceso a Internet<\/p>\n<p>Requisitos m\u00ednimos del sistema<br \/>\nMicrosoft\u00ae Windows\u00ae 11, 10, 7 SP1: 32 bits o 64 bits, conexi\u00f3n a Internet, Microsoft\u00ae Internet Explorer o Edge.<\/p>\n<p>Software y Aplicaciones<\/p>\n<p>Compatible con Mac<br \/>\nS\u00ed<\/p>\n<p>Software incluido<br \/>\nSoftware de impresoras HP<\/p>\n<p>Sistemas Operativos Soportados<\/p>\n<p>Sistemas operativos compatibles<br \/>\nWindows 11; Windows 10; Windows 7; Android; iOS; macOS 12 Monterey; macOS 11 Big Sur; macOS 10.15 Catalina<\/p>\n<p>Sistema operativo (tipo de compatibilidad)<br \/>\nMicrosoft Windows 11, 10, 7 SP1: 32 bits o 64 bits; macOS v10.15 Catalina, macOS v11 Big Sur, macOS v12 Monterey; Android; iOS;<\/p>\n<p>Velocidad de Impresi\u00f3n<\/p>\n<p>Velocidad de impresi\u00f3n en negro (normal, A4)<br \/>\nHasta 12 ppm<\/p>\n<p>Velocidad de impresi\u00f3n en negro (borrador, A4)<br \/>\nHasta 22 ppm<\/p>\n<p>Velocidad de impresi\u00f3n en color (normal, A4)<br \/>\nHasta 5 ppm<\/p>\n<p>Velocidad de impresi\u00f3n<br \/>\nVelocidad de impresi\u00f3n de hasta 12ppm (negro) y 5ppm (color)<\/p>\n<p>Velocidad de impresi\u00f3n en color (normal, fotograf\u00edas de 4&#215;6 pulg.)<br \/>\nAs fast as 76 sec<\/p>\n<p>Velocidad de impresi\u00f3n en color (borrador, A4)<br \/>\nHasta 16 ppm<\/p>\n<p>Velocidad de impresi\u00f3n monocrom\u00e1tica (ISO)<br \/>\nHasta 12 ppm<\/p>\n<p>Velocidad de impresi\u00f3n color (ISO)<br \/>\nHasta 5 ppm<\/p>\n<p>Velocidad de impresi\u00f3n en color (normal, fotograf\u00edas de 10&#215;15 cm)<br \/>\n76 segundos<\/p>\n<p>Resoluci\u00f3n de Impresi\u00f3n<\/p>\n<p>Calidad de impresi\u00f3n en negro (\u00f3ptima)<br \/>\nHasta 1200 x 1200 ppp de reproducci\u00f3n<\/p>\n<p>Calidad de impresi\u00f3n en color (\u00f3ptima)<br \/>\nHasta 4800 x 1200 dpi color optimizados (cuando se imprime desde una computadora y 1200 dpi de entrada)<\/p>\n<p>Especificaciones de Rack y Potencia<\/p>\n<p>N\u00famero de usuarios<br \/>\n1-3 usuarios<\/p>\n<p>Area de Impresi\u00f3n<\/p>\n<p>\u00c1rea de impresi\u00f3n m\u00e1xima<br \/>\n216 x 355 mm<\/p>\n<p>Margen derecho (A4)<br \/>\n3 mm<\/p>\n<p>Margen superior (A4)<br \/>\n3 mm<\/p>\n<p>Margen inferior (A4)<br \/>\n3 mm<\/p>\n<p>Margen izquierdo (A4)<br \/>\n3 mm<\/p>\n<p>Especificaciones del Esc\u00e1ner<\/p>\n<p>Formato del archivo de digitalizaci\u00f3n<br \/>\nJPEG; PDF<\/p>\n<p>Escaneado color<br \/>\nS\u00ed<\/p>\n<p>Tipo de esc\u00e1ner<br \/>\nEsc\u00e1ner plano<\/p>\n<p>Tama\u00f1o de escaneo, m\u00e1ximo<br \/>\n216 x 297 mm<\/p>\n<p>Niveles de escala de grises<br \/>\n256<\/p>\n<p>Modos de entrada de digitalizaci\u00f3n<br \/>\nCopia; Software HP; EWS<\/p>\n<p>Profundidad en bits<br \/>\n24 bits<\/p>\n<p>Versi\u00f3n Twain<br \/>\nVersi\u00f3n 2.4<\/p>\n<p>Tecnolog\u00eda de escaneado<br \/>\n(CIS) Sensor de imagen de contacto<\/p>\n<p>Gama de escala o ampliaci\u00f3n de im\u00e1genes<br \/>\n25 al 150 %<\/p>\n<p>Opciones de escaneo (ADF)<br \/>\nNo corresponde<\/p>\n<p>Especificaciones de Copiadora<\/p>\n<p>Copias, m\u00e1ximo<br \/>\nHasta 99 copias<\/p>\n<p>Configuraci\u00f3n de reducci\u00f3n\/ampliaci\u00f3n de copias<br \/>\nA trav\u00e9s de la aplicaci\u00f3n HP Smart<\/p>\n<p>Configuraciones de copia<br \/>\nCantidad de copias, Cambiar de tama\u00f1o, Calidad, M\u00e1s claro\/m\u00e1s oscuro, Tama\u00f1o de papel, Tipo de papel, Copia de ID, Mejora<\/p>\n<p>Capacidad de copiado color<br \/>\nS\u00ed<\/p>\n<p>Compatibilidad<\/p>\n<p>Accesorios compatibles<br \/>\nNinguno\/a<\/p>\n<p>Consumibles para pedido<br \/>\nNorteam\u00e9rica: Botella de tinta original HP GT53 de 90 ml, negro, 1VV22AA; botella de tinta original HP GT53XL de 135 ml, negro, 1VV21AA; botella de tinta original HP GT52, cian, M0H54AA; Botella de tinta original HP GT52, magenta, M0H55AA; Botella de tinta original HP GT52, amarillo, M0H56AA; Europa, Medio Oriente y \u00c1frica: Botella de tinta original HP GT53XL de 135 ml, negro 1VV21AE; botella de tinta original HP GT52, cian M0H54AE; Botella de tinta original HP GT52, magenta, M0H55AE; Botella de tinta original HP GT52, amarillo, M0H56AE; Asia Pac\u00edfico: Botella de tinta original HP GT53 de 90 ml, negro, 1VV22AA; botella de tinta original HP GT53XL de 135 ml, negro, 1VV21AA; botella de tinta original HP GT52, cian, M0H54AA; Botella de tinta original HP GT52, magenta, M0H55AA; Botella de tinta original HP GT52, amarillo, M0H56AA; Am\u00e9rica Latina: Botella de tinta original HP GT53 de 90 ml, negro 1VV22AL; botella de tinta original HP GT52, cian M0H54AL; Botella de tinta original HP GT52, magenta, M0H55AL; Botella de tinta original HP GT52, amarillo, M0H56AL; Paquete de 3 botellas de tinta original HP GT52, cian\/magenta\/amarillo X4E44AL.<\/p>\n<p>Nombres de productos<\/p>\n<p>Nombre de sub-marca<br \/>\nSmart Tank<\/p>\n<p>Caracter\u00edsticas Avanzadas<\/p>\n<p>Tecnolog\u00eda de recurso de ahorro de energ\u00eda<br \/>\nTecnolog\u00eda HP Auto-Off<\/p>\n<p>Velocidad de Copia<\/p>\n<p>Velocidad de copiado color (ISO)<br \/>\nHasta 2 cpm<\/p>\n<p>Velocidad de copiado en negro (ISO)<br \/>\nHasta 10 cpm<\/p>\n<p>Especificaciones de la C\u00e1mara<\/p>\n<p>Formato del archivo de salida<br \/>\nJPEG<\/p>\n<p>Soporte de Impresi\u00f3n de Video action<br \/>\nNo<\/p>\n<p>Compatible con PictBridge<br \/>\nNo<\/p>\n<p>Descripci\u00f3n de PictBridge<br \/>\nNo<\/p>\n","protected":false},"excerpt":{"rendered":"<p>Impresora Todo En Uno Hp Smart Tank 580 Multifuncion Wi-fi Intuitivamente inteligente. Ligera de precio. Disfrute de confiabilidad diaria con la impresora HP Smart Tank 580 Todo-en-Uno que ofrece la calidad HP que usted espera y ahorros sorprendentes. Especificaciones &#8211; Velocidad de impresi\u00f3n: Negro: Hasta 12 cpm; Color: Hasta 5 cpm &#8211; Resoluci\u00f3n de impresi\u00f3n: &hellip;<\/p>\n<p class=\"read-more\"> <a class=\" thunk-readmore button \" href=\"https:\/\/techno-rc.com.ar\/tienda\/producto\/impresora-todo-en-uno-hp-smart-tank-580-multifuncion-wi-fi\/\"> <span class=\"screen-reader-text\">Impresora Todo En Uno Hp Smart Tank 580 Multifuncion Wi-fi<\/span>Leer m\u00e1s<\/a><\/p>\n","protected":false},"featured_media":4594,"comment_status":"open","ping_status":"closed","template":"","meta":{"advanced_seo_description":"","jetpack_seo_html_title":"","jetpack_seo_noindex":false,"_joinchat":[]},"product_brand":[144],"product_cat":[33,22],"product_tag":[],"class_list":{"0":"post-4592","1":"product","2":"type-product","3":"status-publish","4":"has-post-thumbnail","6":"product_brand-hp","7":"product_cat-insformatica","8":"product_cat-multifunciones-color","9":"thunk-woo-product-list","10":"opn-qv-enable","11":"open-woo-hover-none","12":"open-single-product-tab-horizontal","13":"open-shadow-","14":"open-shadow-hover-","16":"first","17":"instock","18":"taxable","19":"shipping-taxable","20":"purchasable","21":"product-type-simple"},"jetpack_sharing_enabled":true,"_links":{"self":[{"href":"https:\/\/techno-rc.com.ar\/tienda\/wp-json\/wp\/v2\/product\/4592","targetHints":{"allow":["GET"]}}],"collection":[{"href":"https:\/\/techno-rc.com.ar\/tienda\/wp-json\/wp\/v2\/product"}],"about":[{"href":"https:\/\/techno-rc.com.ar\/tienda\/wp-json\/wp\/v2\/types\/product"}],"replies":[{"embeddable":true,"href":"https:\/\/techno-rc.com.ar\/tienda\/wp-json\/wp\/v2\/comments?post=4592"}],"wp:featuredmedia":[{"embeddable":true,"href":"https:\/\/techno-rc.com.ar\/tienda\/wp-json\/wp\/v2\/media\/4594"}],"wp:attachment":[{"href":"https:\/\/techno-rc.com.ar\/tienda\/wp-json\/wp\/v2\/media?parent=4592"}],"wp:term":[{"taxonomy":"product_brand","embeddable":true,"href":"https:\/\/techno-rc.com.ar\/tienda\/wp-json\/wp\/v2\/product_brand?post=4592"},{"taxonomy":"product_cat","embeddable":true,"href":"https:\/\/techno-rc.com.ar\/tienda\/wp-json\/wp\/v2\/product_cat?post=4592"},{"taxonomy":"product_tag","embeddable":true,"href":"https:\/\/techno-rc.com.ar\/tienda\/wp-json\/wp\/v2\/product_tag?post=4592"}],"curies":[{"name":"wp","href":"https:\/\/api.w.org\/{rel}","templated":true}]}}